{"id":7877,"date":"2015-11-29T14:25:52","date_gmt":"2015-11-29T14:25:52","guid":{"rendered":"https:\/\/gracious-dewdney.138-201-221-2.plesk.page\/?page_id=7877"},"modified":"2026-02-13T00:02:37","modified_gmt":"2026-02-12T23:02:37","slug":"ludwigsburg","status":"publish","type":"page","link":"https:\/\/stuttgarti-katolikusok.de\/index.php\/ludwigsburg\/","title":{"rendered":"Ludwigsburg-Hoheneck"},"content":{"rendered":"<div class=\"wpb-content-wrapper\">[vc_row][vc_column]<div class=\"alert alert-info\">Szentmis\u00e9k a 2026-os esztend\u0151ben:<br \/>\n&#8211; 2026. janu\u00e1r 18-\u00e1n, vas\u00e1rnap, 9.30 \u00f3rakor.<br \/>\n&#8211; 2026. febru\u00e1r 15-\u00e9n, vas\u00e1rnap, 9.30 \u00f3rakor.<br \/>\n&#8211; 2026. m\u00e1rcius 15-\u00e9n, vas\u00e1rnap, 9.30 \u00f3rakor.<br \/>\n&#8211; 2026. \u00e1prilis 19-\u00e9n, vas\u00e1rnap, 9.30 \u00f3rakor.<br \/>\n&#8211; 2026. m\u00e1jus 17-\u00e9n, vas\u00e1rnap, 9.30 \u00f3rakor.<br \/>\n&#8211; 2026. j\u00fanius 21-\u00e9n, vas\u00e1rnap, 9.30 \u00f3rakor. Egyben a k\u00f6z\u00f6ss\u00e9g b\u00facs\u00fa\u00fcnnep\u00e9t is \u00fclj\u00fck.<br \/>\n&#8211; 2026. okt\u00f3ber 18-\u00e1n, vas\u00e1rnap, 9.30 \u00f3rakor.<br \/>\n&#8211; 2026. november 15-\u00e9n, vas\u00e1rnap, 9.30 \u00f3rakor.<br \/>\nMindenkit szeretettel v\u00e1runk!<\/div>[\/vc_column][\/vc_row][vc_row][vc_column width=&#8221;1\/2&#8243;]<article class=\"icon-box6\" ><i class=\"fa-institution\" style=\"\"><\/i><h4>A szentmise helye<\/h4><p>71642 Ludwigsburg-Hoheneck , Park Str. 30<br \/>\nSt. Josef Kirche<\/p><\/article>[\/vc_column][vc_column width=&#8221;1\/2&#8243;]<article class=\"icon-box6\" ><i class=\"fa-clock-o\" style=\"\"><\/i><h4>A szentmise ideje<\/h4><p>A h\u00f3nap III. vas\u00e1rnapj\u00e1n, 9.30 \u00f3rakor. Ellenben nem minden h\u00f3napban!!!<br \/>\nH\u00f3napr\u00f3l h\u00f3napra v\u00e1ltozik!!!<\/p><\/article>[\/vc_column][\/vc_row][vc_row][vc_column width=&#8221;1\/2&#8243;][vc_column_text]<strong>Templomb\u00facs\u00fa: <\/strong>Szent L\u00e1szl\u00f3 &#8211; j\u00fanius 27<\/p>\n<p><strong>Leg\u00e1tusok: <\/strong>Geiger Erika,\u00a0Fischer J\u00f3zsef &amp; Zsuzsanna<\/p>\n<p><strong>Sekresty\u00e9s:\u00a0<\/strong>Schwester Edit<\/p>\n<p><strong>Orgonista:\u00a0<\/strong><\/p>\n<p><strong>Felolvas\u00f3k: <\/strong>Geiger Erika, Geiger Georg<\/p>\n<p><strong>Ministr\u00e1nsok:<\/strong>[\/vc_column_text][\/vc_column][vc_column width=&#8221;1\/2&#8243;][vc_single_image image=&#8221;8302&#8243; img_size=&#8221;full&#8221; css_animation=&#8221;appear&#8221;][\/vc_column][\/vc_row][vc_row][vc_column][vc_column_text]\t\n\t<!-- Start Google Routeplanner Plugin Output -->\n<script type=\"text\/javascript\">var destination_4 = 'Ludwigsburg-Hoheneck 30 Parkstrasse 71642';\nvar map_width_4 = 500;\nvar map_width_unit_4 = 'px';\nvar map_height_4 = 400;\nvar map_height_unit_4 = 'px';\nvar zoom_4 = 8;\nvar map_type_4 = 'ROADMAP';\nvar zoom_control_4 = 'DEFAULT';\nvar pan_control_4 = 'true';\nvar type_control_4 = 'DEFAULT';\nvar autofill_4 = 0;\n<\/script><script type=\"text\/javascript\" src=\"https:\/\/maps.google.com\/maps\/api\/js?key=AIzaSyBmVkXxjKe2a8kb5bMMLBl9SFVrvttFrU8&amp;language=hu\"><\/script>\n<script type=\"text\/javascript\" src=\"https:\/\/stuttgarti-katolikusok.de\/wp-content\/plugins\/google-routeplaner\/google-routeplaner-main-js.php?plan_id=4\"><\/script>\n<form action=\"#\" onsubmit=\"calcRoute4(); return false\">\n\t <div id=\"map_controls4\" class=\"google_map_controls\"><label for=\"fromAddress4\">Indul\u00e1s helye<\/label> <input type=\"text\" size=\"25\" id=\"fromAddress4\" name=\"from\" value=\"\"\/><input name=\"calc\" type=\"submit\" value=\"\u00datvonal mutat\u00e1sa\" \/><\/div>\n\t <div id=\"map_canvas4\" class=\"google_map_canvas\" style=\"overflow: hidden; width: 500px; height: 400px;\"><\/div>\n\t <div id=\"map_directions4\" class=\"google_map_directions\"><\/div>\n\t<\/form>\n<script type=\"text\/javascript\" src=\"https:\/\/stuttgarti-katolikusok.de\/wp-content\/plugins\/google-routeplaner\/google-routeplaner-js.php?plan_id=4&autofill=0\"><\/script>\n<!-- End Google Routeplanner Plugin Output --><p>\n[\/vc_column_text][\/vc_column][\/vc_row]\n<\/div>","protected":false},"excerpt":{"rendered":"<p>[vc_row][vc_column][\/vc_column][\/vc_row][vc_row][vc_column width=&#8221;1\/2&#8243;][\/vc_column][vc_column width=&#8221;1\/2&#8243;][\/vc_column][\/vc_row][vc_row][vc_column width=&#8221;1\/2&#8243;][vc_column_text]Templomb\u00facs\u00fa: Szent L\u00e1szl\u00f3 &#8211; j\u00fanius 27 Leg\u00e1tusok: Geiger Erika,\u00a0Fischer J\u00f3zsef &amp; Zsuzsanna Sekresty\u00e9s:\u00a0Schwester Edit Orgonista:\u00a0 Felolvas\u00f3k: Geiger Erika, Geiger Georg Ministr\u00e1nsok:[\/vc_column_text][\/vc_column][vc_column width=&#8221;1\/2&#8243;][vc_single_image image=&#8221;8302&#8243; img_size=&#8221;full&#8221; css_animation=&#8221;appear&#8221;][\/vc_column][\/vc_row][vc_row][vc_column][vc_column_text] Indul\u00e1s helye [\/vc_column_text][\/vc_column][\/vc_row]<\/p>\n","protected":false},"author":7,"featured_media":0,"parent":0,"menu_order":0,"comment_status":"closed","ping_status":"closed","template":"","meta":{"footnotes":""},"class_list":["post-7877","page","type-page","status-publish","hentry"],"yoast_head":"<!-- This site is optimized with the Yoast SEO plugin v27.3 - https:\/\/yoast.com\/product\/yoast-seo-wordpress\/ -->\n<title>Ludwigsburg-Hoheneck - Stuttgarti Katolikusok<\/title>\n<meta name=\"robots\" content=\"index, follow, max-snippet:-1, max-image-preview:large, max-video-preview:-1\" \/>\n<link rel=\"canonical\" href=\"https:\/\/stuttgarti-katolikusok.de\/index.php\/ludwigsburg\/\" \/>\n<meta property=\"og:locale\" content=\"hu_HU\" \/>\n<meta property=\"og:type\" content=\"article\" \/>\n<meta property=\"og:title\" content=\"Ludwigsburg-Hoheneck - Stuttgarti Katolikusok\" \/>\n<meta property=\"og:description\" content=\"[vc_row][vc_column][\/vc_column][\/vc_row][vc_row][vc_column width=&#8221;1\/2&#8243;][\/vc_column][vc_column width=&#8221;1\/2&#8243;][\/vc_column][\/vc_row][vc_row][vc_column width=&#8221;1\/2&#8243;][vc_column_text]Templomb\u00facs\u00fa: Szent L\u00e1szl\u00f3 &#8211; j\u00fanius 27 Leg\u00e1tusok: Geiger Erika,\u00a0Fischer J\u00f3zsef &amp; Zsuzsanna Sekresty\u00e9s:\u00a0Schwester Edit Orgonista:\u00a0 Felolvas\u00f3k: Geiger Erika, Geiger Georg Ministr\u00e1nsok:[\/vc_column_text][\/vc_column][vc_column width=&#8221;1\/2&#8243;][vc_single_image image=&#8221;8302&#8243; img_size=&#8221;full&#8221; css_animation=&#8221;appear&#8221;][\/vc_column][\/vc_row][vc_row][vc_column][vc_column_text] Indul\u00e1s helye [\/vc_column_text][\/vc_column][\/vc_row]\" \/>\n<meta property=\"og:url\" content=\"https:\/\/stuttgarti-katolikusok.de\/index.php\/ludwigsburg\/\" \/>\n<meta property=\"og:site_name\" content=\"Stuttgarti Katolikusok\" \/>\n<meta property=\"article:modified_time\" content=\"2026-02-12T23:02:37+00:00\" \/>\n<meta name=\"twitter:card\" content=\"summary_large_image\" \/>\n<meta name=\"twitter:label1\" content=\"Becs\u00fclt olvas\u00e1si id\u0151\" \/>\n\t<meta name=\"twitter:data1\" content=\"1 perc\" \/>\n<script type=\"application\/ld+json\" class=\"yoast-schema-graph\">{\"@context\":\"https:\\\/\\\/schema.org\",\"@graph\":[{\"@type\":\"WebPage\",\"@id\":\"https:\\\/\\\/stuttgarti-katolikusok.de\\\/index.php\\\/ludwigsburg\\\/\",\"url\":\"https:\\\/\\\/stuttgarti-katolikusok.de\\\/index.php\\\/ludwigsburg\\\/\",\"name\":\"Ludwigsburg-Hoheneck - Stuttgarti Katolikusok\",\"isPartOf\":{\"@id\":\"https:\\\/\\\/stuttgarti-katolikusok.de\\\/#website\"},\"datePublished\":\"2015-11-29T14:25:52+00:00\",\"dateModified\":\"2026-02-12T23:02:37+00:00\",\"breadcrumb\":{\"@id\":\"https:\\\/\\\/stuttgarti-katolikusok.de\\\/index.php\\\/ludwigsburg\\\/#breadcrumb\"},\"inLanguage\":\"hu\",\"potentialAction\":[{\"@type\":\"ReadAction\",\"target\":[\"https:\\\/\\\/stuttgarti-katolikusok.de\\\/index.php\\\/ludwigsburg\\\/\"]}]},{\"@type\":\"BreadcrumbList\",\"@id\":\"https:\\\/\\\/stuttgarti-katolikusok.de\\\/index.php\\\/ludwigsburg\\\/#breadcrumb\",\"itemListElement\":[{\"@type\":\"ListItem\",\"position\":1,\"name\":\"Kezd\u0151lap\",\"item\":\"https:\\\/\\\/stuttgarti-katolikusok.de\\\/\"},{\"@type\":\"ListItem\",\"position\":2,\"name\":\"Ludwigsburg-Hoheneck\"}]},{\"@type\":\"WebSite\",\"@id\":\"https:\\\/\\\/stuttgarti-katolikusok.de\\\/#website\",\"url\":\"https:\\\/\\\/stuttgarti-katolikusok.de\\\/\",\"name\":\"Stuttgarti Katolikusok\",\"description\":\"\",\"potentialAction\":[{\"@type\":\"SearchAction\",\"target\":{\"@type\":\"EntryPoint\",\"urlTemplate\":\"https:\\\/\\\/stuttgarti-katolikusok.de\\\/?s={search_term_string}\"},\"query-input\":{\"@type\":\"PropertyValueSpecification\",\"valueRequired\":true,\"valueName\":\"search_term_string\"}}],\"inLanguage\":\"hu\"}]}<\/script>\n<!-- \/ Yoast SEO plugin. -->","yoast_head_json":{"title":"Ludwigsburg-Hoheneck - Stuttgarti Katolikusok","robots":{"index":"index","follow":"follow","max-snippet":"max-snippet:-1","max-image-preview":"max-image-preview:large","max-video-preview":"max-video-preview:-1"},"canonical":"https:\/\/stuttgarti-katolikusok.de\/index.php\/ludwigsburg\/","og_locale":"hu_HU","og_type":"article","og_title":"Ludwigsburg-Hoheneck - Stuttgarti Katolikusok","og_description":"[vc_row][vc_column][\/vc_column][\/vc_row][vc_row][vc_column width=&#8221;1\/2&#8243;][\/vc_column][vc_column width=&#8221;1\/2&#8243;][\/vc_column][\/vc_row][vc_row][vc_column width=&#8221;1\/2&#8243;][vc_column_text]Templomb\u00facs\u00fa: Szent L\u00e1szl\u00f3 &#8211; j\u00fanius 27 Leg\u00e1tusok: Geiger Erika,\u00a0Fischer J\u00f3zsef &amp; Zsuzsanna Sekresty\u00e9s:\u00a0Schwester Edit Orgonista:\u00a0 Felolvas\u00f3k: Geiger Erika, Geiger Georg Ministr\u00e1nsok:[\/vc_column_text][\/vc_column][vc_column width=&#8221;1\/2&#8243;][vc_single_image image=&#8221;8302&#8243; img_size=&#8221;full&#8221; css_animation=&#8221;appear&#8221;][\/vc_column][\/vc_row][vc_row][vc_column][vc_column_text] Indul\u00e1s helye [\/vc_column_text][\/vc_column][\/vc_row]","og_url":"https:\/\/stuttgarti-katolikusok.de\/index.php\/ludwigsburg\/","og_site_name":"Stuttgarti Katolikusok","article_modified_time":"2026-02-12T23:02:37+00:00","twitter_card":"summary_large_image","twitter_misc":{"Becs\u00fclt olvas\u00e1si id\u0151":"1 perc"},"schema":{"@context":"https:\/\/schema.org","@graph":[{"@type":"WebPage","@id":"https:\/\/stuttgarti-katolikusok.de\/index.php\/ludwigsburg\/","url":"https:\/\/stuttgarti-katolikusok.de\/index.php\/ludwigsburg\/","name":"Ludwigsburg-Hoheneck - Stuttgarti Katolikusok","isPartOf":{"@id":"https:\/\/stuttgarti-katolikusok.de\/#website"},"datePublished":"2015-11-29T14:25:52+00:00","dateModified":"2026-02-12T23:02:37+00:00","breadcrumb":{"@id":"https:\/\/stuttgarti-katolikusok.de\/index.php\/ludwigsburg\/#breadcrumb"},"inLanguage":"hu","potentialAction":[{"@type":"ReadAction","target":["https:\/\/stuttgarti-katolikusok.de\/index.php\/ludwigsburg\/"]}]},{"@type":"BreadcrumbList","@id":"https:\/\/stuttgarti-katolikusok.de\/index.php\/ludwigsburg\/#breadcrumb","itemListElement":[{"@type":"ListItem","position":1,"name":"Kezd\u0151lap","item":"https:\/\/stuttgarti-katolikusok.de\/"},{"@type":"ListItem","position":2,"name":"Ludwigsburg-Hoheneck"}]},{"@type":"WebSite","@id":"https:\/\/stuttgarti-katolikusok.de\/#website","url":"https:\/\/stuttgarti-katolikusok.de\/","name":"Stuttgarti Katolikusok","description":"","potentialAction":[{"@type":"SearchAction","target":{"@type":"EntryPoint","urlTemplate":"https:\/\/stuttgarti-katolikusok.de\/?s={search_term_string}"},"query-input":{"@type":"PropertyValueSpecification","valueRequired":true,"valueName":"search_term_string"}}],"inLanguage":"hu"}]}},"_links":{"self":[{"href":"https:\/\/stuttgarti-katolikusok.de\/index.php\/wp-json\/wp\/v2\/pages\/7877","targetHints":{"allow":["GET"]}}],"collection":[{"href":"https:\/\/stuttgarti-katolikusok.de\/index.php\/wp-json\/wp\/v2\/pages"}],"about":[{"href":"https:\/\/stuttgarti-katolikusok.de\/index.php\/wp-json\/wp\/v2\/types\/page"}],"author":[{"embeddable":true,"href":"https:\/\/stuttgarti-katolikusok.de\/index.php\/wp-json\/wp\/v2\/users\/7"}],"replies":[{"embeddable":true,"href":"https:\/\/stuttgarti-katolikusok.de\/index.php\/wp-json\/wp\/v2\/comments?post=7877"}],"version-history":[{"count":105,"href":"https:\/\/stuttgarti-katolikusok.de\/index.php\/wp-json\/wp\/v2\/pages\/7877\/revisions"}],"predecessor-version":[{"id":32627,"href":"https:\/\/stuttgarti-katolikusok.de\/index.php\/wp-json\/wp\/v2\/pages\/7877\/revisions\/32627"}],"wp:attachment":[{"href":"https:\/\/stuttgarti-katolikusok.de\/index.php\/wp-json\/wp\/v2\/media?parent=7877"}],"curies":[{"name":"wp","href":"https:\/\/api.w.org\/{rel}","templated":true}]}}