{"id":7852,"date":"2015-11-29T13:52:31","date_gmt":"2015-11-29T13:52:31","guid":{"rendered":"https:\/\/gracious-dewdney.138-201-221-2.plesk.page\/?page_id=7852"},"modified":"2026-02-11T13:15:17","modified_gmt":"2026-02-11T12:15:17","slug":"balingen-frommen","status":"publish","type":"page","link":"https:\/\/stuttgarti-katolikusok.de\/index.php\/balingen-frommen\/","title":{"rendered":"Balingen-Frommern"},"content":{"rendered":"<div class=\"wpb-content-wrapper\">[vc_row][vc_column]<div class=\"alert alert-info\">Szentmis\u00e9k a 2026-os esztend\u0151ben:<br \/>\n&#8211; 2026. janu\u00e1r 3-\u00e1n, szombaton, 16.00 \u00f3rakor.<br \/>\n&#8211; 2026. febru\u00e1r 7-\u00e9n, szombaton, Magyar Szent P\u00e1l b\u00facs\u00fa\u00fcnnep\u00fcnk, 16.00 \u00f3rakor.<br \/>\n&#8211; 2026. \u00e1prilis 6-\u00e1n, H\u00fasv\u00e9th\u00e9tf\u0151, 16.00 \u00f3rakor.<br \/>\n&#8211; 2026. m\u00e1jus 2-\u00e1n, szombaton, 16.00 \u00f3rakor.<br \/>\n&#8211; 2026. j\u00fanius 6-\u00e1n, szombaton, 16.00 \u00f3rakor.<br \/>\n&#8211; 2026. szeptember 5-\u00e9n, 16.00 \u00f3rakor.<br \/>\n&#8211; 2026. okt\u00f3ber 31-\u00e9n, szombaton, 16.00 \u00f3rakor.<br \/>\n&#8211; 2026. december 5-\u00e9n, szombaton, 16.00 \u00f3rakor.<br \/>\nMindenkit szeretettel v\u00e1runk!<\/div>[\/vc_column][\/vc_row][vc_row][vc_column width=&#8221;1\/2&#8243;]<article class=\"icon-box6\" ><i class=\"fa-institution\" style=\"\"><\/i><h4>A szentmise helye<\/h4><p>72336 Balingen-Frommern, St. Paulus Str. 2<br \/>\nSankt Paulus Kirche<\/p><\/article>[\/vc_column][vc_column width=&#8221;1\/2&#8243;]<article class=\"icon-box6\" ><i class=\"fa-clock-o\" style=\"\"><\/i><h4>A szentmise ideje<\/h4><p>A h\u00f3nap I. szombatj\u00e1n, 16.00 \u00f3rakor<\/p><\/article>[\/vc_column][\/vc_row][vc_row][vc_column width=&#8221;1\/2&#8243;][vc_column_text]<strong>Templomb\u00facs\u00fa:<\/strong> Magyar Boldog P\u00e1l &#8211; febru\u00e1r 10<\/p>\n<p><strong>Leg\u00e1tusok:\u00a0<\/strong>B\u00f6hm Norbert \u00e9s T\u00edmea, Hermann Erwin \u00e9s Annam\u00e1ria<\/p>\n<p><strong>Sekresty\u00e9s:<\/strong> B\u00f6hm Norbert<\/p>\n<p><strong>Orgonista:<\/strong>\u00a0B\u00f6hm T\u00edmea<\/p>\n<p><strong>Felolvas\u00f3k:\u00a0<\/strong>B\u00f6hm T\u00edmea,\u00a0Hermann Annam\u00e1ria[\/vc_column_text][\/vc_column][vc_column width=&#8221;1\/2&#8243;][vc_single_image image=&#8221;11138&#8243; img_size=&#8221;full&#8221; css_animation=&#8221;appear&#8221;][\/vc_column][\/vc_row][vc_row][vc_column]<div class=\"max-title1\"><h2>\u00datvonal<\/h2><\/div>[vc_column_text]\t\n\t<!-- Start Google Routeplanner Plugin Output -->\n<script type=\"text\/javascript\">var destination_1 = 'St.-Paulus-Stra\u00dfe 2\/1, 72336 Balingen, Germany';\nvar map_width_1 = 100;\nvar map_width_unit_1 = '%';\nvar map_height_unit_1 = 'px';\nvar zoom_1 = 8;\nvar map_type_1 = 'ROADMAP';\nvar zoom_control_1 = 'DEFAULT';\nvar pan_control_1 = 'true';\nvar type_control_1 = 'DEFAULT';\nvar autofill_1 = 0;\nvar language_1 = 'hu';\n<\/script><script type=\"text\/javascript\" src=\"https:\/\/maps.google.com\/maps\/api\/js?key=AIzaSyBmVkXxjKe2a8kb5bMMLBl9SFVrvttFrU8&amp;language=hu\"><\/script>\n<script type=\"text\/javascript\" src=\"https:\/\/stuttgarti-katolikusok.de\/wp-content\/plugins\/google-routeplaner\/google-routeplaner-main-js.php?plan_id=1\"><\/script>\n<form action=\"#\" onsubmit=\"calcRoute1(); return false\">\n\t <div id=\"map_controls1\" class=\"google_map_controls\"><label for=\"fromAddress1\">Indul\u00e1s helye<\/label> <input type=\"text\" size=\"25\" id=\"fromAddress1\" name=\"from\" value=\"\"\/><input name=\"calc\" type=\"submit\" value=\"\u00datvonal mutat\u00e1sa\" \/><\/div>\n\t <div id=\"map_canvas1\" class=\"google_map_canvas\" style=\"overflow: hidden; width: 100%; height: px;\"><\/div>\n\t <div id=\"map_directions1\" class=\"google_map_directions\"><\/div>\n\t<\/form>\n<script type=\"text\/javascript\" src=\"https:\/\/stuttgarti-katolikusok.de\/wp-content\/plugins\/google-routeplaner\/google-routeplaner-js.php?plan_id=1&autofill=0\"><\/script>\n<!-- End Google Routeplanner Plugin Output --><p>\n[\/vc_column_text][\/vc_column][\/vc_row]\n<\/div>","protected":false},"excerpt":{"rendered":"<p>[vc_row][vc_column][\/vc_column][\/vc_row][vc_row][vc_column width=&#8221;1\/2&#8243;][\/vc_column][vc_column width=&#8221;1\/2&#8243;][\/vc_column][\/vc_row][vc_row][vc_column width=&#8221;1\/2&#8243;][vc_column_text]Templomb\u00facs\u00fa: Magyar Boldog P\u00e1l &#8211; febru\u00e1r 10 Leg\u00e1tusok:\u00a0B\u00f6hm Norbert \u00e9s T\u00edmea, Hermann Erwin \u00e9s Annam\u00e1ria Sekresty\u00e9s: B\u00f6hm Norbert Orgonista:\u00a0B\u00f6hm T\u00edmea Felolvas\u00f3k:\u00a0B\u00f6hm T\u00edmea,\u00a0Hermann Annam\u00e1ria[\/vc_column_text][\/vc_column][vc_column width=&#8221;1\/2&#8243;][vc_single_image image=&#8221;11138&#8243; img_size=&#8221;full&#8221; css_animation=&#8221;appear&#8221;][\/vc_column][\/vc_row][vc_row][vc_column][vc_column_text] Indul\u00e1s helye [\/vc_column_text][\/vc_column][\/vc_row]<\/p>\n","protected":false},"author":7,"featured_media":0,"parent":0,"menu_order":0,"comment_status":"closed","ping_status":"closed","template":"","meta":{"footnotes":""},"class_list":["post-7852","page","type-page","status-publish","hentry"],"yoast_head":"<!-- This site is optimized with the Yoast SEO plugin v27.3 - https:\/\/yoast.com\/product\/yoast-seo-wordpress\/ -->\n<title>Balingen-Frommern - Stuttgarti Katolikusok<\/title>\n<meta name=\"robots\" content=\"index, follow, max-snippet:-1, max-image-preview:large, max-video-preview:-1\" \/>\n<link rel=\"canonical\" href=\"https:\/\/stuttgarti-katolikusok.de\/index.php\/balingen-frommen\/\" \/>\n<meta property=\"og:locale\" content=\"hu_HU\" \/>\n<meta property=\"og:type\" content=\"article\" \/>\n<meta property=\"og:title\" content=\"Balingen-Frommern - Stuttgarti Katolikusok\" \/>\n<meta property=\"og:description\" content=\"[vc_row][vc_column][\/vc_column][\/vc_row][vc_row][vc_column width=&#8221;1\/2&#8243;][\/vc_column][vc_column width=&#8221;1\/2&#8243;][\/vc_column][\/vc_row][vc_row][vc_column width=&#8221;1\/2&#8243;][vc_column_text]Templomb\u00facs\u00fa: Magyar Boldog P\u00e1l &#8211; febru\u00e1r 10 Leg\u00e1tusok:\u00a0B\u00f6hm Norbert \u00e9s T\u00edmea, Hermann Erwin \u00e9s Annam\u00e1ria Sekresty\u00e9s: B\u00f6hm Norbert Orgonista:\u00a0B\u00f6hm T\u00edmea Felolvas\u00f3k:\u00a0B\u00f6hm T\u00edmea,\u00a0Hermann Annam\u00e1ria[\/vc_column_text][\/vc_column][vc_column width=&#8221;1\/2&#8243;][vc_single_image image=&#8221;11138&#8243; img_size=&#8221;full&#8221; css_animation=&#8221;appear&#8221;][\/vc_column][\/vc_row][vc_row][vc_column][vc_column_text] Indul\u00e1s helye [\/vc_column_text][\/vc_column][\/vc_row]\" \/>\n<meta property=\"og:url\" content=\"https:\/\/stuttgarti-katolikusok.de\/index.php\/balingen-frommen\/\" \/>\n<meta property=\"og:site_name\" content=\"Stuttgarti Katolikusok\" \/>\n<meta property=\"article:modified_time\" content=\"2026-02-11T12:15:17+00:00\" \/>\n<meta name=\"twitter:card\" content=\"summary_large_image\" \/>\n<meta name=\"twitter:label1\" content=\"Becs\u00fclt olvas\u00e1si id\u0151\" \/>\n\t<meta name=\"twitter:data1\" content=\"1 perc\" \/>\n<script type=\"application\/ld+json\" class=\"yoast-schema-graph\">{\"@context\":\"https:\\\/\\\/schema.org\",\"@graph\":[{\"@type\":\"WebPage\",\"@id\":\"https:\\\/\\\/stuttgarti-katolikusok.de\\\/index.php\\\/balingen-frommen\\\/\",\"url\":\"https:\\\/\\\/stuttgarti-katolikusok.de\\\/index.php\\\/balingen-frommen\\\/\",\"name\":\"Balingen-Frommern - Stuttgarti Katolikusok\",\"isPartOf\":{\"@id\":\"https:\\\/\\\/stuttgarti-katolikusok.de\\\/#website\"},\"datePublished\":\"2015-11-29T13:52:31+00:00\",\"dateModified\":\"2026-02-11T12:15:17+00:00\",\"breadcrumb\":{\"@id\":\"https:\\\/\\\/stuttgarti-katolikusok.de\\\/index.php\\\/balingen-frommen\\\/#breadcrumb\"},\"inLanguage\":\"hu\",\"potentialAction\":[{\"@type\":\"ReadAction\",\"target\":[\"https:\\\/\\\/stuttgarti-katolikusok.de\\\/index.php\\\/balingen-frommen\\\/\"]}]},{\"@type\":\"BreadcrumbList\",\"@id\":\"https:\\\/\\\/stuttgarti-katolikusok.de\\\/index.php\\\/balingen-frommen\\\/#breadcrumb\",\"itemListElement\":[{\"@type\":\"ListItem\",\"position\":1,\"name\":\"Kezd\u0151lap\",\"item\":\"https:\\\/\\\/stuttgarti-katolikusok.de\\\/\"},{\"@type\":\"ListItem\",\"position\":2,\"name\":\"Balingen-Frommern\"}]},{\"@type\":\"WebSite\",\"@id\":\"https:\\\/\\\/stuttgarti-katolikusok.de\\\/#website\",\"url\":\"https:\\\/\\\/stuttgarti-katolikusok.de\\\/\",\"name\":\"Stuttgarti Katolikusok\",\"description\":\"\",\"potentialAction\":[{\"@type\":\"SearchAction\",\"target\":{\"@type\":\"EntryPoint\",\"urlTemplate\":\"https:\\\/\\\/stuttgarti-katolikusok.de\\\/?s={search_term_string}\"},\"query-input\":{\"@type\":\"PropertyValueSpecification\",\"valueRequired\":true,\"valueName\":\"search_term_string\"}}],\"inLanguage\":\"hu\"}]}<\/script>\n<!-- \/ Yoast SEO plugin. -->","yoast_head_json":{"title":"Balingen-Frommern - Stuttgarti Katolikusok","robots":{"index":"index","follow":"follow","max-snippet":"max-snippet:-1","max-image-preview":"max-image-preview:large","max-video-preview":"max-video-preview:-1"},"canonical":"https:\/\/stuttgarti-katolikusok.de\/index.php\/balingen-frommen\/","og_locale":"hu_HU","og_type":"article","og_title":"Balingen-Frommern - Stuttgarti Katolikusok","og_description":"[vc_row][vc_column][\/vc_column][\/vc_row][vc_row][vc_column width=&#8221;1\/2&#8243;][\/vc_column][vc_column width=&#8221;1\/2&#8243;][\/vc_column][\/vc_row][vc_row][vc_column width=&#8221;1\/2&#8243;][vc_column_text]Templomb\u00facs\u00fa: Magyar Boldog P\u00e1l &#8211; febru\u00e1r 10 Leg\u00e1tusok:\u00a0B\u00f6hm Norbert \u00e9s T\u00edmea, Hermann Erwin \u00e9s Annam\u00e1ria Sekresty\u00e9s: B\u00f6hm Norbert Orgonista:\u00a0B\u00f6hm T\u00edmea Felolvas\u00f3k:\u00a0B\u00f6hm T\u00edmea,\u00a0Hermann Annam\u00e1ria[\/vc_column_text][\/vc_column][vc_column width=&#8221;1\/2&#8243;][vc_single_image image=&#8221;11138&#8243; img_size=&#8221;full&#8221; css_animation=&#8221;appear&#8221;][\/vc_column][\/vc_row][vc_row][vc_column][vc_column_text] Indul\u00e1s helye [\/vc_column_text][\/vc_column][\/vc_row]","og_url":"https:\/\/stuttgarti-katolikusok.de\/index.php\/balingen-frommen\/","og_site_name":"Stuttgarti Katolikusok","article_modified_time":"2026-02-11T12:15:17+00:00","twitter_card":"summary_large_image","twitter_misc":{"Becs\u00fclt olvas\u00e1si id\u0151":"1 perc"},"schema":{"@context":"https:\/\/schema.org","@graph":[{"@type":"WebPage","@id":"https:\/\/stuttgarti-katolikusok.de\/index.php\/balingen-frommen\/","url":"https:\/\/stuttgarti-katolikusok.de\/index.php\/balingen-frommen\/","name":"Balingen-Frommern - Stuttgarti Katolikusok","isPartOf":{"@id":"https:\/\/stuttgarti-katolikusok.de\/#website"},"datePublished":"2015-11-29T13:52:31+00:00","dateModified":"2026-02-11T12:15:17+00:00","breadcrumb":{"@id":"https:\/\/stuttgarti-katolikusok.de\/index.php\/balingen-frommen\/#breadcrumb"},"inLanguage":"hu","potentialAction":[{"@type":"ReadAction","target":["https:\/\/stuttgarti-katolikusok.de\/index.php\/balingen-frommen\/"]}]},{"@type":"BreadcrumbList","@id":"https:\/\/stuttgarti-katolikusok.de\/index.php\/balingen-frommen\/#breadcrumb","itemListElement":[{"@type":"ListItem","position":1,"name":"Kezd\u0151lap","item":"https:\/\/stuttgarti-katolikusok.de\/"},{"@type":"ListItem","position":2,"name":"Balingen-Frommern"}]},{"@type":"WebSite","@id":"https:\/\/stuttgarti-katolikusok.de\/#website","url":"https:\/\/stuttgarti-katolikusok.de\/","name":"Stuttgarti Katolikusok","description":"","potentialAction":[{"@type":"SearchAction","target":{"@type":"EntryPoint","urlTemplate":"https:\/\/stuttgarti-katolikusok.de\/?s={search_term_string}"},"query-input":{"@type":"PropertyValueSpecification","valueRequired":true,"valueName":"search_term_string"}}],"inLanguage":"hu"}]}},"_links":{"self":[{"href":"https:\/\/stuttgarti-katolikusok.de\/index.php\/wp-json\/wp\/v2\/pages\/7852","targetHints":{"allow":["GET"]}}],"collection":[{"href":"https:\/\/stuttgarti-katolikusok.de\/index.php\/wp-json\/wp\/v2\/pages"}],"about":[{"href":"https:\/\/stuttgarti-katolikusok.de\/index.php\/wp-json\/wp\/v2\/types\/page"}],"author":[{"embeddable":true,"href":"https:\/\/stuttgarti-katolikusok.de\/index.php\/wp-json\/wp\/v2\/users\/7"}],"replies":[{"embeddable":true,"href":"https:\/\/stuttgarti-katolikusok.de\/index.php\/wp-json\/wp\/v2\/comments?post=7852"}],"version-history":[{"count":128,"href":"https:\/\/stuttgarti-katolikusok.de\/index.php\/wp-json\/wp\/v2\/pages\/7852\/revisions"}],"predecessor-version":[{"id":32619,"href":"https:\/\/stuttgarti-katolikusok.de\/index.php\/wp-json\/wp\/v2\/pages\/7852\/revisions\/32619"}],"wp:attachment":[{"href":"https:\/\/stuttgarti-katolikusok.de\/index.php\/wp-json\/wp\/v2\/media?parent=7852"}],"curies":[{"name":"wp","href":"https:\/\/api.w.org\/{rel}","templated":true}]}}