{"version":"1.0","provider_name":"Stuttgarti Katolikusok","provider_url":"https:\/\/stuttgarti-katolikusok.de","title":"Vissza az id\u0151ben - Schultheis \u00c9va \u00edr\u00e1sa - Stuttgarti Katolikusok","type":"rich","width":600,"height":338,"html":"<blockquote class=\"wp-embedded-content\" data-secret=\"MIQvgRfgC5\"><a href=\"https:\/\/stuttgarti-katolikusok.de\/index.php\/vissza-az-idoben-schultheis-eva-irasa\/\">Vissza az id\u0151ben &#8211; Schultheis \u00c9va \u00edr\u00e1sa<\/a><\/blockquote><iframe sandbox=\"allow-scripts\" security=\"restricted\" src=\"https:\/\/stuttgarti-katolikusok.de\/index.php\/vissza-az-idoben-schultheis-eva-irasa\/embed\/#?secret=MIQvgRfgC5\" width=\"600\" height=\"338\" title=\"&#8220;Vissza az id\u0151ben &#8211; Schultheis \u00c9va \u00edr\u00e1sa&#8221; &#8212; Stuttgarti Katolikusok\" data-secret=\"MIQvgRfgC5\" frameborder=\"0\" marginwidth=\"0\" marginheight=\"0\" scrolling=\"no\" class=\"wp-embedded-content\"><\/iframe><script type=\"text\/javascript\">\n\/* <![CDATA[ *\/\n\/*! This file is auto-generated *\/\n!function(d,l){\"use strict\";l.querySelector&&d.addEventListener&&\"undefined\"!=typeof URL&&(d.wp=d.wp||{},d.wp.receiveEmbedMessage||(d.wp.receiveEmbedMessage=function(e){var t=e.data;if((t||t.secret||t.message||t.value)&&!\/[^a-zA-Z0-9]\/.test(t.secret)){for(var s,r,n,a=l.querySelectorAll('iframe[data-secret=\"'+t.secret+'\"]'),o=l.querySelectorAll('blockquote[data-secret=\"'+t.secret+'\"]'),c=new RegExp(\"^https?:$\",\"i\"),i=0;i<o.length;i++)o[i].style.display=\"none\";for(i=0;i<a.length;i++)s=a[i],e.source===s.contentWindow&&(s.removeAttribute(\"style\"),\"height\"===t.message?(1e3<(r=parseInt(t.value,10))?r=1e3:~~r<200&&(r=200),s.height=r):\"link\"===t.message&&(r=new URL(s.getAttribute(\"src\")),n=new URL(t.value),c.test(n.protocol))&&n.host===r.host&&l.activeElement===s&&(d.top.location.href=t.value))}},d.addEventListener(\"message\",d.wp.receiveEmbedMessage,!1),l.addEventListener(\"DOMContentLoaded\",function(){for(var e,t,s=l.querySelectorAll(\"iframe.wp-embedded-content\"),r=0;r<s.length;r++)(t=(e=s[r]).getAttribute(\"data-secret\"))||(t=Math.random().toString(36).substring(2,12),e.src+=\"#?secret=\"+t,e.setAttribute(\"data-secret\",t)),e.contentWindow.postMessage({message:\"ready\",secret:t},\"*\")},!1)))}(window,document);\n\/\/# sourceURL=https:\/\/stuttgarti-katolikusok.de\/wp-includes\/js\/wp-embed.min.js\n\/* ]]> *\/\n<\/script>\n","thumbnail_url":"https:\/\/stuttgarti-katolikusok.de\/wp-content\/uploads\/2016\/07\/lorsch-speyer.jpg","thumbnail_width":800,"thumbnail_height":450,"description":"Utaz\u00e1sunk utols\u00f3 perceit \u00edzlelgetj\u00fck, maradt m\u00e9g szabad f\u00e9l\u00f3r\u00e1nk a busz indul\u00e1sa el\u0151tt.\u00a0 Az es\u0151 elered, semmi gond, ma m\u00e1r t\u00f6bbsz\u00f6r is nekikeseredett, rohanunk tov\u00e1bb, versenyt futunk az id\u0151vel \u00e9s az egyre keservesebb ny\u00e1ri z\u00e1por v\u00edzt\u00f3cs\u00e1i f\u00f6l\u00f6tt. Itt-ott ismer\u0151s arcok t\u0171nnek fel, fagylaltoz\u00f3k, b\u00e1rok terasz\u00e1n v\u00e1rakoz\u00f3 kir\u00e1ndul\u00f3t\u00e1rsak, akiket a vihar tr\u00e9f\u00e1lt meg. Gyors fejbiccent\u00e9s s m\u00e1ris futunk tov\u00e1bb, k\u00f6zben kikandik\u00e1lunk az eserny\u0151 al\u00f3l, n\u00e9hol elkattan a f\u00e9nyk\u00e9pez\u0151g\u00e9p, megd\u00f6rren az \u00e9g, felcsillan egy vill\u00e1mfolt, \u00e9s a Diadalmak \u00fatj\u00e1n, barokk \u00e1rk\u00e1dok perem\u00e9n t\u00falcsordulnak egy kisv\u00e1ros sz\u00ednei, belemos\u00f3dnak az es\u0151 \u00e1ztatta t\u00e1jba, \u00e9rzelmeink nemk\u00fcl\u00f6nben, szentiment\u00e1lis fogadkoz\u00e1saink, hogy ide vissza t\u00e9r\u00fcnk m\u00e9g.\u00a0 P\u00e1r perccel k\u00e9s\u0151bb, m\u00e1r a v\u00edzt\u0151l \u00e1t\u00e1zott cip\u0151k \u00e9s nadr\u00e1gsz\u00e1rak sz\u00e1rogat\u00e1sa k\u00f6zben, Ildik\u00f3 gondoskod\u00e1s\u00e1nak k\u00f6sz\u00f6nhet\u0151en, a meg\u00e9rdemelt uzsonna \u00e9s pezsg\u0151 kortyolgat\u00e1sakor, lassacsk\u00e1n letisztul a szombati nap k\u00e9pe, egym\u00e1s szav\u00e1ba v\u00e1gunk, azon morfond\u00edrozunk, hogyan lehetne egy h\u00e9tv\u00e9g\u00e9t elt\u00f6lteni a t\u00e9rs\u00e9gben. \u00a0 Ford\u00edtott sorrendben pergetj\u00fck az esem\u00e9nyeket. Term\u00e9szetesen r\u00f6gt\u00f6n a legutols\u00f3 \u00e9lm\u00e9ny Speyer hat\u00e1sa a legnagyobb. Visszan\u00e9zegetem az \u00e1ltalam k\u00e9sz\u00edtett k\u00e9peket. A vihar el\u0151tti csendben a d\u00f3m \u00f3ri\u00e1si tornyai sz\u00fcrk\u00e9s f\u00e9nyben ragyognak. Ott van az a bizonyos t\u00f6r\u00e9svonal is, amely az omin\u00f3zus v\u00e1rospuszt\u00edt\u00f3 katasztr\u00f3fa ut\u00e1n szinte kett\u00e9 szak\u00edtotta a templomot. L\u00e9nyegret\u00f6r\u0151en tan\u00faskodik a r\u00e9gi \u00e9s az \u00faj \u00e9p\u00fcletr\u00e9szek tagadhatatlan azonoss\u00e1g\u00e1r\u00f3l, a r\u00e9gm\u00falt \u00e9s a k\u00f6zelm\u00falt \u00f6sszefon\u00f3d\u00e1s\u00e1r\u00f3l. M\u00e9reteiben m\u00e9g ma is l\u00e9legzetel\u00e1ll\u00edt\u00f3 a bels\u0151 t\u00e9rhat\u00e1s. A sz\u00e9d\u00edt\u0151 magass\u00e1g ink\u00e1bb g\u00f3tikus katedr\u00e1lisokra eml\u00e9keztetett. Val\u00f3s\u00e1gos csoda, ahogyan a kora k\u00f6z\u00e9pkor \u00e9p\u00edt\u00e9szei megalkott\u00e1k ezt a grandi\u00f3zus boltozatos technik\u00e1t, amely a z\u00f6m\u00f6k falat \u00e1rk\u00e1dokkal, pill\u00e9rekkel, f\u00e9loszlopokkal hull\u00e1moss\u00e1 \u00e9s roppantul teherb\u00edr\u00f3v\u00e1 var\u00e1zsolja. Kamer\u00e1m felv\u00e9telein j\u00f3l kivehet\u0151k az it\u00e1liai romanik\u00e1ra olyannyira jellemz\u0151 \u00edvsoros fr\u00edzek, liz\u00e9n\u00e1k, a szent\u00e9lyhez odasimul\u00f3, t\u00f6bbszintes harangtornyok. S\u0151t a f\u00e9lhom\u00e1lyban k\u00e9sz\u00fclt fot\u00f3k, a kripta \u00e9s az altemplom var\u00e1zslatos hangulata is, az oszloperd\u0151 \u00e1ltal felszabott t\u00e9r, melynek apszis\u00e1ban d\u00edszk\u00e9nt egyetlen kereszt k\u00f6rvonalaz\u00f3dik. \u00a0 A d\u00f3m jelenl\u00e9te szinte elfeledtet minden esetleges sz\u00e1nd\u00e9kot, m\u00e1s l\u00e1tnival\u00f3k ir\u00e1nti \u00e9rdekl\u0151d\u00e9st. Pedig itt van ez a... R\u00e9szletek"}

Vissza az időben - Schultheis Éva írása - Stuttgarti Katolikusok

<blockquote class="wp-embedded-content" data-secret="MIQvgRfgC5"><a href="https://stuttgarti-katolikusok.de/index.php/vissza-az-idoben-schultheis-eva-irasa/">Vissza az időben &#8211; Schultheis Éva írása</a></blockquote><iframe sandbox="allow-scripts" security="restricted" src="https://stuttgarti-katolikusok.de/index.php/vissza-az-idoben-schultheis-eva-irasa/embed/#?secret=MIQvgRfgC5" width="600" height="338" title="&#8220;Vissza az időben &#8211; Schultheis Éva írása&#8221; &#8212; Stuttgarti Katolikusok" data-secret="MIQvgRfgC5" frameborder="0" marginwidth="0" marginheight="0" scrolling="no" class="wp-embedded-content"></iframe><script type="text/javascript">
/* <![CDATA[ */
/*! This file is auto-generated */
!function(d,l){"use strict";l.querySelector&&d.addEventListener&&"undefined"!=typeof URL&&(d.wp=d.wp||{},d.wp.receiveEmbedMessage||(d.wp.receiveEmbedMessage=function(e){var t=e.data;if((t||t.secret||t.message||t.value)&&!/[^a-zA-Z0-9]/.test(t.secret)){for(var s,r,n,a=l.querySelectorAll('iframe[data-secret="'+t.secret+'"]'),o=l.querySelectorAll('blockquote[data-secret="'+t.secret+'"]'),c=new RegExp("^https?:$","i"),i=0;i<o.length;i++)o[i].style.display="none";for(i=0;i<a.length;i++)s=a[i],e.source===s.contentWindow&&(s.removeAttribute("style"),"height"===t.message?(1e3<(r=parseInt(t.value,10))?r=1e3:~~r<200&&(r=200),s.height=r):"link"===t.message&&(r=new URL(s.getAttribute("src")),n=new URL(t.value),c.test(n.protocol))&&n.host===r.host&&l.activeElement===s&&(d.top.location.href=t.value))}},d.addEventListener("message",d.wp.receiveEmbedMessage,!1),l.addEventListener("DOMContentLoaded",function(){for(var e,t,s=l.querySelectorAll("iframe.wp-embedded-content"),r=0;r<s.length;r++)(t=(e=s[r]).getAttribute("data-secret"))||(t=Math.random().toString(36).substring(2,12),e.src+="#?secret="+t,e.setAttribute("data-secret",t)),e.contentWindow.postMessage({message:"ready",secret:t},"*")},!1)))}(window,document);
//# sourceURL=https://stuttgarti-katolikusok.de/wp-includes/js/wp-embed.min.js
/* ]]> */
</script>

Utazásunk utolsó perceit ízlelgetjük, maradt még szabad félóránk a busz indulása előtt.  Az eső elered, semmi gond, ma már többször is nekikeseredett, rohanunk tovább, versenyt futunk az idővel és az egyre keservesebb nyári zápor víztócsái fölött. Itt-ott ismerős arcok tűnnek fel, fagylaltozók, bárok teraszán várakozó kirándulótársak, akiket a vihar tréfált meg. Gyors fejbiccentés s máris futunk tovább, közben kikandikálunk az esernyő alól, néhol elkattan a fényképezőgép, megdörren az ég, felcsillan egy villámfolt, és a Diadalmak útján, barokk árkádok peremén túlcsordulnak egy kisváros színei, belemosódnak az eső áztatta tájba, érzelmeink nemkülönben, szentimentális fogadkozásaink, hogy ide vissza térünk még.  Pár perccel később, már a víztől átázott cipők és nadrágszárak szárogatása közben, Ildikó gondoskodásának köszönhetően, a megérdemelt uzsonna és pezsgő kortyolgatásakor, lassacskán letisztul a szombati nap képe, egymás szavába vágunk, azon morfondírozunk, hogyan lehetne egy hétvégét eltölteni a térségben.   Fordított sorrendben pergetjük az eseményeket. Természetesen rögtön a legutolsó élmény Speyer hatása a legnagyobb. Visszanézegetem az általam készített képeket. A vihar előtti csendben a dóm óriási tornyai szürkés fényben ragyognak. Ott van az a bizonyos törésvonal is, amely az ominózus várospusztító katasztrófa után szinte ketté szakította a templomot. Lényegretörően tanúskodik a régi és az új épületrészek tagadhatatlan azonosságáról, a régmúlt és a közelmúlt összefonódásáról. Méreteiben még ma is lélegzetelállító a belső térhatás. A szédítő magasság inkább gótikus katedrálisokra emlékeztetett. Valóságos csoda, ahogyan a kora középkor építészei megalkották ezt a grandiózus boltozatos technikát, amely a zömök falat árkádokkal, pillérekkel, féloszlopokkal hullámossá és roppantul teherbíróvá varázsolja. Kamerám felvételein jól kivehetők az itáliai romanikára olyannyira jellemző ívsoros frízek, lizénák, a szentélyhez odasimuló, többszintes harangtornyok. Sőt a félhomályban készült fotók, a kripta és az altemplom varázslatos hangulata is, az oszloperdő által felszabott tér, melynek apszisában díszként egyetlen kereszt körvonalazódik.   A dóm jelenléte szinte elfeledtet minden esetleges szándékot, más látnivalók iránti érdeklődést. Pedig itt van ez a... Részletek
