{"version":"1.0","provider_name":"Stuttgarti Katolikusok","provider_url":"https:\/\/stuttgarti-katolikusok.de","title":"Visegr\u00e1di Csoport ifj\u00fa virtu\u00f3zainak \u00fcnnepi koncertje - Stuttgarti Katolikusok","type":"rich","width":600,"height":338,"html":"<blockquote class=\"wp-embedded-content\" data-secret=\"3vNcjvjW7t\"><a href=\"https:\/\/stuttgarti-katolikusok.de\/index.php\/visegradi-csoport-ifju-virtuozainak-unnepi-koncertje\/\">Visegr\u00e1di Csoport ifj\u00fa virtu\u00f3zainak \u00fcnnepi koncertje<\/a><\/blockquote><iframe sandbox=\"allow-scripts\" security=\"restricted\" src=\"https:\/\/stuttgarti-katolikusok.de\/index.php\/visegradi-csoport-ifju-virtuozainak-unnepi-koncertje\/embed\/#?secret=3vNcjvjW7t\" width=\"600\" height=\"338\" title=\"&#8220;Visegr\u00e1di Csoport ifj\u00fa virtu\u00f3zainak \u00fcnnepi koncertje&#8221; &#8212; Stuttgarti Katolikusok\" data-secret=\"3vNcjvjW7t\" frameborder=\"0\" marginwidth=\"0\" marginheight=\"0\" scrolling=\"no\" class=\"wp-embedded-content\"><\/iframe><script type=\"text\/javascript\">\n\/* <![CDATA[ *\/\n\/*! This file is auto-generated *\/\n!function(d,l){\"use strict\";l.querySelector&&d.addEventListener&&\"undefined\"!=typeof URL&&(d.wp=d.wp||{},d.wp.receiveEmbedMessage||(d.wp.receiveEmbedMessage=function(e){var t=e.data;if((t||t.secret||t.message||t.value)&&!\/[^a-zA-Z0-9]\/.test(t.secret)){for(var s,r,n,a=l.querySelectorAll('iframe[data-secret=\"'+t.secret+'\"]'),o=l.querySelectorAll('blockquote[data-secret=\"'+t.secret+'\"]'),c=new RegExp(\"^https?:$\",\"i\"),i=0;i<o.length;i++)o[i].style.display=\"none\";for(i=0;i<a.length;i++)s=a[i],e.source===s.contentWindow&&(s.removeAttribute(\"style\"),\"height\"===t.message?(1e3<(r=parseInt(t.value,10))?r=1e3:~~r<200&&(r=200),s.height=r):\"link\"===t.message&&(r=new URL(s.getAttribute(\"src\")),n=new URL(t.value),c.test(n.protocol))&&n.host===r.host&&l.activeElement===s&&(d.top.location.href=t.value))}},d.addEventListener(\"message\",d.wp.receiveEmbedMessage,!1),l.addEventListener(\"DOMContentLoaded\",function(){for(var e,t,s=l.querySelectorAll(\"iframe.wp-embedded-content\"),r=0;r<s.length;r++)(t=(e=s[r]).getAttribute(\"data-secret\"))||(t=Math.random().toString(36).substring(2,12),e.src+=\"#?secret=\"+t,e.setAttribute(\"data-secret\",t)),e.contentWindow.postMessage({message:\"ready\",secret:t},\"*\")},!1)))}(window,document);\n\/\/# sourceURL=https:\/\/stuttgarti-katolikusok.de\/wp-includes\/js\/wp-embed.min.js\n\/* ]]> *\/\n<\/script>\n","thumbnail_url":"https:\/\/stuttgarti-katolikusok.de\/wp-content\/uploads\/2022\/06\/virtuozok-fris.jpg","thumbnail_width":1920,"thumbnail_height":1180,"description":"A Liszt Int\u00e9zet &#8211; Magyar Kultur\u00e1lis K\u00f6zpont Stuttgart kar\u00f6ltve a Stuttgarti Magyar F\u0151konzul\u00e1tus-sal szeretettel \u00e9s \u00f6r\u00f6mmel h\u00edv minden kedves \u00e9rdekl\u0151d\u0151t a Visegr\u00e1di Csoport ifj\u00fa virtu\u00f3zainak \u00fcnnepi koncertj\u00e9re. Helysz\u00edn: Liszt Int\u00e9zet &#8211; Magyar Kultur\u00e1lis K\u00f6zpont Stuttgart Christophstra\u00dfe 7 70178 Stuttgart Id\u0151pont: 2022. j\u00fanius 25., 19.00 \u00f3ra Fell\u00e9p\u0151k: Zarina Zaranda &#8211; h\u00e1rfa (Lengyelorsz\u00e1g) Miriam Minkova &#8211; heged\u0171 (Szlov\u00e1kia) Eduard Kollert &#8211; heged\u0171 (Csehorsz\u00e1g) Ildik\u00f3 Rozsonits &#8211; zongora (Magyarorsz\u00e1g) A bel\u00e9p\u0151 ingyenes, k\u00edv\u00e1natos az el\u0151zetes bejelentkez\u00e9s. A koncert v\u00e9gezt\u00e9vel \u00e1ll\u00f3 fogad\u00e1s lesz."}

Visegrádi Csoport ifjú virtuózainak ünnepi koncertje - Stuttgarti Katolikusok

<blockquote class="wp-embedded-content" data-secret="3vNcjvjW7t"><a href="https://stuttgarti-katolikusok.de/index.php/visegradi-csoport-ifju-virtuozainak-unnepi-koncertje/">Visegrádi Csoport ifjú virtuózainak ünnepi koncertje</a></blockquote><iframe sandbox="allow-scripts" security="restricted" src="https://stuttgarti-katolikusok.de/index.php/visegradi-csoport-ifju-virtuozainak-unnepi-koncertje/embed/#?secret=3vNcjvjW7t" width="600" height="338" title="&#8220;Visegrádi Csoport ifjú virtuózainak ünnepi koncertje&#8221; &#8212; Stuttgarti Katolikusok" data-secret="3vNcjvjW7t" frameborder="0" marginwidth="0" marginheight="0" scrolling="no" class="wp-embedded-content"></iframe><script type="text/javascript">
/* <![CDATA[ */
/*! This file is auto-generated */
!function(d,l){"use strict";l.querySelector&&d.addEventListener&&"undefined"!=typeof URL&&(d.wp=d.wp||{},d.wp.receiveEmbedMessage||(d.wp.receiveEmbedMessage=function(e){var t=e.data;if((t||t.secret||t.message||t.value)&&!/[^a-zA-Z0-9]/.test(t.secret)){for(var s,r,n,a=l.querySelectorAll('iframe[data-secret="'+t.secret+'"]'),o=l.querySelectorAll('blockquote[data-secret="'+t.secret+'"]'),c=new RegExp("^https?:$","i"),i=0;i<o.length;i++)o[i].style.display="none";for(i=0;i<a.length;i++)s=a[i],e.source===s.contentWindow&&(s.removeAttribute("style"),"height"===t.message?(1e3<(r=parseInt(t.value,10))?r=1e3:~~r<200&&(r=200),s.height=r):"link"===t.message&&(r=new URL(s.getAttribute("src")),n=new URL(t.value),c.test(n.protocol))&&n.host===r.host&&l.activeElement===s&&(d.top.location.href=t.value))}},d.addEventListener("message",d.wp.receiveEmbedMessage,!1),l.addEventListener("DOMContentLoaded",function(){for(var e,t,s=l.querySelectorAll("iframe.wp-embedded-content"),r=0;r<s.length;r++)(t=(e=s[r]).getAttribute("data-secret"))||(t=Math.random().toString(36).substring(2,12),e.src+="#?secret="+t,e.setAttribute("data-secret",t)),e.contentWindow.postMessage({message:"ready",secret:t},"*")},!1)))}(window,document);
//# sourceURL=https://stuttgarti-katolikusok.de/wp-includes/js/wp-embed.min.js
/* ]]> */
</script>

A Liszt Intézet &#8211; Magyar Kulturális Központ Stuttgart karöltve a Stuttgarti Magyar Főkonzulátus-sal szeretettel és örömmel hív minden kedves érdeklődőt a Visegrádi Csoport ifjú virtuózainak ünnepi koncertjére. Helyszín: Liszt Intézet &#8211; Magyar Kulturális Központ Stuttgart Christophstraße 7 70178 Stuttgart Időpont: 2022. június 25., 19.00 óra Fellépők: Zarina Zaranda &#8211; hárfa (Lengyelország) Miriam Minkova &#8211; hegedű (Szlovákia) Eduard Kollert &#8211; hegedű (Csehország) Ildikó Rozsonits &#8211; zongora (Magyarország) A belépő ingyenes, kívánatos az előzetes bejelentkezés. A koncert végeztével álló fogadás lesz.
