{"version":"1.0","provider_name":"Stuttgarti Katolikusok","provider_url":"https:\/\/stuttgarti-katolikusok.de","title":"Vir\u00e1gvas\u00e1rnap - az \u00dar szenved\u00e9s\u00e9nek vas\u00e1rnapja - Stuttgarti Katolikusok","type":"rich","width":600,"height":338,"html":"<blockquote class=\"wp-embedded-content\" data-secret=\"FCa4jjJ3e7\"><a href=\"https:\/\/stuttgarti-katolikusok.de\/index.php\/viragvasarnap-2\/\">Vir\u00e1gvas\u00e1rnap &#8211; az \u00dar szenved\u00e9s\u00e9nek vas\u00e1rnapja<\/a><\/blockquote><iframe sandbox=\"allow-scripts\" security=\"restricted\" src=\"https:\/\/stuttgarti-katolikusok.de\/index.php\/viragvasarnap-2\/embed\/#?secret=FCa4jjJ3e7\" width=\"600\" height=\"338\" title=\"&#8220;Vir\u00e1gvas\u00e1rnap &#8211; az \u00dar szenved\u00e9s\u00e9nek vas\u00e1rnapja&#8221; &#8212; Stuttgarti Katolikusok\" data-secret=\"FCa4jjJ3e7\" frameborder=\"0\" marginwidth=\"0\" marginheight=\"0\" scrolling=\"no\" class=\"wp-embedded-content\"><\/iframe><script type=\"text\/javascript\">\n\/* <![CDATA[ *\/\n\/*! This file is auto-generated *\/\n!function(d,l){\"use strict\";l.querySelector&&d.addEventListener&&\"undefined\"!=typeof URL&&(d.wp=d.wp||{},d.wp.receiveEmbedMessage||(d.wp.receiveEmbedMessage=function(e){var t=e.data;if((t||t.secret||t.message||t.value)&&!\/[^a-zA-Z0-9]\/.test(t.secret)){for(var s,r,n,a=l.querySelectorAll('iframe[data-secret=\"'+t.secret+'\"]'),o=l.querySelectorAll('blockquote[data-secret=\"'+t.secret+'\"]'),c=new RegExp(\"^https?:$\",\"i\"),i=0;i<o.length;i++)o[i].style.display=\"none\";for(i=0;i<a.length;i++)s=a[i],e.source===s.contentWindow&&(s.removeAttribute(\"style\"),\"height\"===t.message?(1e3<(r=parseInt(t.value,10))?r=1e3:~~r<200&&(r=200),s.height=r):\"link\"===t.message&&(r=new URL(s.getAttribute(\"src\")),n=new URL(t.value),c.test(n.protocol))&&n.host===r.host&&l.activeElement===s&&(d.top.location.href=t.value))}},d.addEventListener(\"message\",d.wp.receiveEmbedMessage,!1),l.addEventListener(\"DOMContentLoaded\",function(){for(var e,t,s=l.querySelectorAll(\"iframe.wp-embedded-content\"),r=0;r<s.length;r++)(t=(e=s[r]).getAttribute(\"data-secret\"))||(t=Math.random().toString(36).substring(2,12),e.src+=\"#?secret=\"+t,e.setAttribute(\"data-secret\",t)),e.contentWindow.postMessage({message:\"ready\",secret:t},\"*\")},!1)))}(window,document);\n\/\/# sourceURL=https:\/\/stuttgarti-katolikusok.de\/wp-includes\/js\/wp-embed.min.js\n\/* ]]> *\/\n<\/script>\n","thumbnail_url":"https:\/\/stuttgarti-katolikusok.de\/wp-content\/uploads\/2022\/04\/mosaic-4124646-1280.jpg","thumbnail_width":848,"thumbnail_height":1280,"description":"A vir\u00e1gvas\u00e1rnapi barkaszentel\u00e9s \u00e9s k\u00f6rmenet J\u00e9zus \u00fcnnep\u00e9lyes jeruzs\u00e1lemi bevonul\u00e1sra eml\u00e9keztet. Csatlakozzunk mi is a lelkes t\u00f6meghez, k\u00f6sz\u00f6nj\u00fck meg D\u00e1vid Fi\u00e1nak, hogy elj\u00f6tt hozz\u00e1nk az \u00dar nev\u00e9ben, \u00e9s elhozta k\u00f6z\u00e9nk Isten orsz\u00e1g\u00e1t. Az olvasm\u00e1ny arr\u00f3l sz\u00f3l, hogy a Messi\u00e1s az \u00dar szenved\u0151 szolg\u00e1ja lesz. Nem menek\u00fcl el a szenved\u00e9st\u0151l, hanem el\u00e9be megy, mert b\u00edzik az \u00darban, hogy megseg\u00edti \u00e9s nem vall sz\u00e9gyent. A szentlecke az egyik legm\u00e9lyebb teol\u00f3giai tan\u00edt\u00e1s. Krisztus szolgai alakot vett fel \u00e9s ki\u00fcres\u00edtette \u00f6nmag\u00e1t. Ezzel mintegy k\u00f6vetend\u0151 utat is mutat a ma embere sz\u00e1m\u00e1ra. A teljes\u00edtm\u00e9ny n\u00e9lk\u00fcli celebek kor\u00e1ban, \u0151ket k\u00f6vetve, sokan a neki juttatott c\u00edm \u00e9s poz\u00edci\u00f3 m\u00f6g\u00e9 rejt\u0151\u00edznek. M\u00e9lys\u00e9g \u00e9s tartalom n\u00e9lk\u00fcl! Cser\u00e9be elv\u00e1rj\u00e1k, hogy emiatt tisztelj\u00e9k \u0151ket. K\u00f6z\u00e9j\u00fck tartozom? &#8211; megv\u00e1laszoland\u00f3 k\u00e9rd\u00e9s. A szenved\u00e9st\u00f6rt\u00e9net, azaz a passi\u00f3, karaktereket \u00e1ll\u00edt el\u00e9m. Mik\u00f6zben hallgatom \u00e9s gondolkodom, helyem is keresem a szenved\u00e9st\u00f6rt\u00e9netben. Ilyen \u00e9rtelemben egyfajta t\u00fck\u00f6rk\u00e9nt is tekinthetek r\u00e1, amelyben megl\u00e1tom magam. Maradjak \u0151szinte \u00f6nmagamhoz, s akkor igencsak tisztul ez a k\u00e9p.\u00a0 Kezd\u0151\u00e9nek: Hat nappal H\u00fasv\u00e9t \u00fcnnepe el\u0151tt f\u00f6lment J\u00e9zus Jeruzs\u00e1lembe. Kivonultak el\u00e9je a gyermekek, kez\u00fckben p\u00e1lma\u00e1gakkal. \u00c9s ki\u00e1ltozt\u00e1k hangos sz\u00f3val: Hozsanna a magass\u00e1gban! \u00c1ldott vagy, aki nagy irgalommal hozz\u00e1nk j\u00f6tt\u00e9l. K\u00f6ny\u00f6rg\u00e9s: Mindenhat\u00f3, \u00f6r\u00f6k Isten, \u00dcdv\u00f6z\u00edt\u0151nk p\u00e9ld\u00e1t adott nek\u00fcnk az al\u00e1zatoss\u00e1gra, amikor szent akaratodb\u00f3l emberi testet \u00f6lt\u00f6tt \u00e9s v\u00e1llalta a kereszthal\u00e1lt. Seg\u00edts j\u00f3s\u00e1gosan, hogy k\u00ednszenved\u00e9s\u00e9nek tan\u00edt\u00e1s\u00e1t meg\u00e9rts\u00fck, \u00e9s t\u00e1rsai lehess\u00fcnk felt\u00e1mad\u00e1s\u00e1ban. Aki veled \u00e9l \u00e9s uralkodik a Szentl\u00e9lekkel egys\u00e9gben, Isten mind\u00f6r\u00f6kk\u00f6n \u00f6r\u00f6kk\u00e9. OLVASM\u00c1NY Izaj\u00e1s pr\u00f3f\u00e9ta k\u00f6nyv\u00e9b\u0151l (Iz 50,4-7) Nem rejtettem el arcomat azok el\u0151l, akik gyal\u00e1ztak, de tudom, hogy nem vallok sz\u00e9gyent. Izaj\u00e1s \u00edgy j\u00f6vend\u00f6lt a Megv\u00e1lt\u00f3r\u00f3l: Ezt mondja az \u00dar Szolg\u00e1ja: \u201eIsten, az \u00dar tan\u00edtotta nyelvemet, hogy az ig\u00e9vel t\u00e1masza lehessek a megf\u00e1radtaknak. Reggelenk\u00e9nt \u0151 teszi figyelmess\u00e9 f\u00fclemet, hogy r\u00e1 hallgassak, mint a tan\u00edtv\u00e1nyok. Isten, az \u00dar nyitotta meg f\u00fclemet. S \u00e9n nem \u00e1lltam ellen \u00e9s nem h\u00e1tr\u00e1ltam meg. H\u00e1tamat odaadtam azoknak, akik vertek, arcomat meg azoknak,... R\u00e9szletek"}

Virágvasárnap - az Úr szenvedésének vasárnapja - Stuttgarti Katolikusok

<blockquote class="wp-embedded-content" data-secret="FCa4jjJ3e7"><a href="https://stuttgarti-katolikusok.de/index.php/viragvasarnap-2/">Virágvasárnap &#8211; az Úr szenvedésének vasárnapja</a></blockquote><iframe sandbox="allow-scripts" security="restricted" src="https://stuttgarti-katolikusok.de/index.php/viragvasarnap-2/embed/#?secret=FCa4jjJ3e7" width="600" height="338" title="&#8220;Virágvasárnap &#8211; az Úr szenvedésének vasárnapja&#8221; &#8212; Stuttgarti Katolikusok" data-secret="FCa4jjJ3e7" frameborder="0" marginwidth="0" marginheight="0" scrolling="no" class="wp-embedded-content"></iframe><script type="text/javascript">
/* <![CDATA[ */
/*! This file is auto-generated */
!function(d,l){"use strict";l.querySelector&&d.addEventListener&&"undefined"!=typeof URL&&(d.wp=d.wp||{},d.wp.receiveEmbedMessage||(d.wp.receiveEmbedMessage=function(e){var t=e.data;if((t||t.secret||t.message||t.value)&&!/[^a-zA-Z0-9]/.test(t.secret)){for(var s,r,n,a=l.querySelectorAll('iframe[data-secret="'+t.secret+'"]'),o=l.querySelectorAll('blockquote[data-secret="'+t.secret+'"]'),c=new RegExp("^https?:$","i"),i=0;i<o.length;i++)o[i].style.display="none";for(i=0;i<a.length;i++)s=a[i],e.source===s.contentWindow&&(s.removeAttribute("style"),"height"===t.message?(1e3<(r=parseInt(t.value,10))?r=1e3:~~r<200&&(r=200),s.height=r):"link"===t.message&&(r=new URL(s.getAttribute("src")),n=new URL(t.value),c.test(n.protocol))&&n.host===r.host&&l.activeElement===s&&(d.top.location.href=t.value))}},d.addEventListener("message",d.wp.receiveEmbedMessage,!1),l.addEventListener("DOMContentLoaded",function(){for(var e,t,s=l.querySelectorAll("iframe.wp-embedded-content"),r=0;r<s.length;r++)(t=(e=s[r]).getAttribute("data-secret"))||(t=Math.random().toString(36).substring(2,12),e.src+="#?secret="+t,e.setAttribute("data-secret",t)),e.contentWindow.postMessage({message:"ready",secret:t},"*")},!1)))}(window,document);
//# sourceURL=https://stuttgarti-katolikusok.de/wp-includes/js/wp-embed.min.js
/* ]]> */
</script>

A virágvasárnapi barkaszentelés és körmenet Jézus ünnepélyes jeruzsálemi bevonulásra emlékeztet. Csatlakozzunk mi is a lelkes tömeghez, köszönjük meg Dávid Fiának, hogy eljött hozzánk az Úr nevében, és elhozta közénk Isten országát. Az olvasmány arról szól, hogy a Messiás az Úr szenvedő szolgája lesz. Nem menekül el a szenvedéstől, hanem elébe megy, mert bízik az Úrban, hogy megsegíti és nem vall szégyent. A szentlecke az egyik legmélyebb teológiai tanítás. Krisztus szolgai alakot vett fel és kiüresítette önmagát. Ezzel mintegy követendő utat is mutat a ma embere számára. A teljesítmény nélküli celebek korában, őket követve, sokan a neki juttatott cím és pozíció mögé rejtőíznek. Mélység és tartalom nélkül! Cserébe elvárják, hogy emiatt tiszteljék őket. Közéjük tartozom? &#8211; megválaszolandó kérdés. A szenvedéstörténet, azaz a passió, karaktereket állít elém. Miközben hallgatom és gondolkodom, helyem is keresem a szenvedéstörténetben. Ilyen értelemben egyfajta tükörként is tekinthetek rá, amelyben meglátom magam. Maradjak őszinte önmagamhoz, s akkor igencsak tisztul ez a kép.  Kezdőének: Hat nappal Húsvét ünnepe előtt fölment Jézus Jeruzsálembe. Kivonultak eléje a gyermekek, kezükben pálmaágakkal. És kiáltozták hangos szóval: Hozsanna a magasságban! Áldott vagy, aki nagy irgalommal hozzánk jöttél. Könyörgés: Mindenható, örök Isten, Üdvözítőnk példát adott nekünk az alázatosságra, amikor szent akaratodból emberi testet öltött és vállalta a kereszthalált. Segíts jóságosan, hogy kínszenvedésének tanítását megértsük, és társai lehessünk feltámadásában. Aki veled él és uralkodik a Szentlélekkel egységben, Isten mindörökkön örökké. OLVASMÁNY Izajás próféta könyvéből (Iz 50,4-7) Nem rejtettem el arcomat azok elől, akik gyaláztak, de tudom, hogy nem vallok szégyent. Izajás így jövendölt a Megváltóról: Ezt mondja az Úr Szolgája: „Isten, az Úr tanította nyelvemet, hogy az igével támasza lehessek a megfáradtaknak. Reggelenként ő teszi figyelmessé fülemet, hogy rá hallgassak, mint a tanítványok. Isten, az Úr nyitotta meg fülemet. S én nem álltam ellen és nem hátráltam meg. Hátamat odaadtam azoknak, akik vertek, arcomat meg azoknak,... Részletek
