{"version":"1.0","provider_name":"Stuttgarti Katolikusok","provider_url":"https:\/\/stuttgarti-katolikusok.de","title":"Vir\u00e1gvas\u00e1rnap - Stuttgarti Katolikusok","type":"rich","width":600,"height":338,"html":"<blockquote class=\"wp-embedded-content\" data-secret=\"PXl699SHvY\"><a href=\"https:\/\/stuttgarti-katolikusok.de\/index.php\/viragvasarnap\/\">Vir\u00e1gvas\u00e1rnap<\/a><\/blockquote><iframe sandbox=\"allow-scripts\" security=\"restricted\" src=\"https:\/\/stuttgarti-katolikusok.de\/index.php\/viragvasarnap\/embed\/#?secret=PXl699SHvY\" width=\"600\" height=\"338\" title=\"&#8220;Vir\u00e1gvas\u00e1rnap&#8221; &#8212; Stuttgarti Katolikusok\" data-secret=\"PXl699SHvY\" frameborder=\"0\" marginwidth=\"0\" marginheight=\"0\" scrolling=\"no\" class=\"wp-embedded-content\"><\/iframe><script type=\"text\/javascript\">\n\/* <![CDATA[ *\/\n\/*! This file is auto-generated *\/\n!function(d,l){\"use strict\";l.querySelector&&d.addEventListener&&\"undefined\"!=typeof URL&&(d.wp=d.wp||{},d.wp.receiveEmbedMessage||(d.wp.receiveEmbedMessage=function(e){var t=e.data;if((t||t.secret||t.message||t.value)&&!\/[^a-zA-Z0-9]\/.test(t.secret)){for(var s,r,n,a=l.querySelectorAll('iframe[data-secret=\"'+t.secret+'\"]'),o=l.querySelectorAll('blockquote[data-secret=\"'+t.secret+'\"]'),c=new RegExp(\"^https?:$\",\"i\"),i=0;i<o.length;i++)o[i].style.display=\"none\";for(i=0;i<a.length;i++)s=a[i],e.source===s.contentWindow&&(s.removeAttribute(\"style\"),\"height\"===t.message?(1e3<(r=parseInt(t.value,10))?r=1e3:~~r<200&&(r=200),s.height=r):\"link\"===t.message&&(r=new URL(s.getAttribute(\"src\")),n=new URL(t.value),c.test(n.protocol))&&n.host===r.host&&l.activeElement===s&&(d.top.location.href=t.value))}},d.addEventListener(\"message\",d.wp.receiveEmbedMessage,!1),l.addEventListener(\"DOMContentLoaded\",function(){for(var e,t,s=l.querySelectorAll(\"iframe.wp-embedded-content\"),r=0;r<s.length;r++)(t=(e=s[r]).getAttribute(\"data-secret\"))||(t=Math.random().toString(36).substring(2,12),e.src+=\"#?secret=\"+t,e.setAttribute(\"data-secret\",t)),e.contentWindow.postMessage({message:\"ready\",secret:t},\"*\")},!1)))}(window,document);\n\/\/# sourceURL=https:\/\/stuttgarti-katolikusok.de\/wp-includes\/js\/wp-embed.min.js\n\/* ]]> *\/\n<\/script>\n","thumbnail_url":"https:\/\/stuttgarti-katolikusok.de\/wp-content\/uploads\/2019\/04\/nagyhet.jpg","thumbnail_width":700,"thumbnail_height":490,"description":"2019. \u00c1PRILIS 14. VIR\u00c1GVAS\u00c1RNAP: AZ \u00daR SZENVED\u00c9S\u00c9NEK VAS\u00c1RNAPJA Vir\u00e1gvas\u00e1rnap \u00fcnnepli az Egyh\u00e1z Krisztus Urunk jeruzs\u00e1lemi bevonul\u00e1s\u00e1t a h\u00fasv\u00e9ti miszt\u00e9rium beteljes\u00edt\u00e9s\u00e9re. Az \u00fcnnepnek kett\u0151s jellege van: egyr\u00e9szt a gy\u0151zelem \u00e9s a megdics\u0151\u00fcl\u00e9s napja, amelynek jele a gy\u0151zelmi p\u00e1lma vagy barka, m\u00e1sr\u00e9szt a szenved\u00e9s \u00e9s a hal\u00e1l \u00fcnnepl\u00e9se is ez a nap, amelynek jele a mis\u00e9ben szerepl\u0151 passi\u00f3, vagy szenved\u00e9st\u00f6rt\u00e9net. URUNK JERUZS\u00c1LEMBE VAL\u00d3 BEVONUL\u00c1S\u00c1NAK EML\u00c9KEZETE Megv\u00e1lt\u00f3 Kir\u00e1lyunk el\u00e9be megy\u00fcnk&#8230; (SZVU 77. \u00e9nek) Vagy: Hozsanna D\u00e1vid Fi\u00e1nak&#8230; (\u00c9nekl\u0151 Egyh\u00e1z 802. \u00e9nek) \u00dcdv\u00f6zl\u00e9s \u2013 K\u00f6ny\u00f6rg\u00e9s Evang\u00e9lium * Lk 19, 28\u201340 J\u00e9zus jeruzs\u00e1lemi bevonul\u00e1sa val\u00f3s\u00e1gos diadalmenet. \u0150 azonban tudja, hogy a n\u00e9p lelkesed\u00e9se m\u00e9g nem igazi hit, hanem f\u00f6ldies v\u00e1rakoz\u00e1s. Ez\u00e9rt is t\u00f6rt\u00e9nik, hogy ugyanaz a hozsann\u00e1z\u00f3 n\u00e9p hamarosan ellene fordul, \u00e9s megtagadja \u0151t. K\u00d6RMENET antif\u00f3na A v\u00e1lasztott n\u00e9p gyermekei, kez\u00fckben p\u00e1lma\u00e1gakkal kivonultak az \u00dar el\u00e9, hangosan ki\u00e1ltva: Hozsanna! Dics\u0151s\u00e9g a vil\u00e1g Ur\u00e1nak! antif\u00f3na A v\u00e1lasztott n\u00e9p gyermekei ruh\u00e1ikat J\u00e9zus el\u00e9be ter\u00edtik, \u00e9s cseng\u0151 hangon ki\u00e1ltj\u00e1k: \u201eHozsanna, D\u00e1vid fi\u00e1nak! \u00c1ldott, aki az \u00dar nev\u00e9ben \u00e9rkezik.\u201d \u00dcNNEPI SZENTMISE Az Egyh\u00e1z \u00e9vr\u0151l \u00e9vre e napokban \u00fcli meg Krisztus h\u00fasv\u00e9ti titk\u00e1nak kimagasl\u00f3 \u00fcnnep\u00e9t. M\u00e9lys\u00e9ges komolys\u00e1ggal \u00e9s szent megillet\u0151d\u00e9ssel l\u00e9pj\u00fcnk a Nagyh\u00e9t \u00fcnnepl\u00e9s\u00e9be. Az \u00dar bevonul Jeruzs\u00e1lembe, s mi \u00fcnnep\u00e9lyesen elk\u00eds\u00e9rj\u00fck \u0151t azon az \u00faton, a szenved\u00e9s \u00fatj\u00e1n. Szent sz\u00ednj\u00e1t\u00e9k j\u00e1tsz\u00f3dik le el\u0151tt\u00fcnk, amelynek azonban nem csak n\u00e9z\u0151i, hanem szerepl\u0151i is vagyunk. OLVASM\u00c1NY \u00a0\u00a0\u00a0\u00a0\u00a0\u00a0\u00a0\u00a0\u00a0\u00a0\u00a0\u00a0\u00a0\u00a0\u00a0\u00a0\u00a0\u00a0\u00a0\u00a0\u00a0\u00a0\u00a0\u00a0\u00a0\u00a0\u00a0\u00a0\u00a0\u00a0\u00a0\u00a0\u00a0\u00a0\u00a0\u00a0\u00a0\u00a0\u00a0\u00a0\u00a0\u00a0\u00a0\u00a0\u00a0\u00a0\u00a0\u00a0\u00a0\u00a0\u00a0\u00a0\u00a0\u00a0\u00a0\u00a0\u00a0\u00a0\u00a0Iz 50, 4\u20137 Jahve szolg\u00e1ja, akir\u0151l a pr\u00f3f\u00e9ta besz\u00e9l, a Messi\u00e1s el\u0151k\u00e9pe. Isten az\u00e9rt k\u00fcldte \u0151t, hogy engesztel\u0151 \u00e1ldozat legyen a n\u00e9p b\u0171nei\u00e9rt. Eg\u00e9sz magatart\u00e1s\u00e1b\u00f3l ez a k\u00fcldet\u00e9studat sug\u00e1rzik. V\u00e1llal minden g\u00fanyt \u00e9s megal\u00e1ztat\u00e1st, mert b\u00edzik a mennyei Atya seg\u00edts\u00e9g\u00e9ben. V\u00c1LASZOS ZSOLT\u00c1R \u00a0\u00a0\u00a0\u00a0\u00a0\u00a0\u00a0\u00a0\u00a0\u00a0\u00a0\u00a0\u00a0\u00a0\u00a0\u00a0\u00a0\u00a0\u00a0\u00a0\u00a0\u00a0\u00a0\u00a0\u00a0\u00a0\u00a0\u00a0\u00a0\u00a0\u00a0\u00a0\u00a0\u00a0\u00a0\u00a0\u00a021. Zsolt\u00e1r V\u00e1lasz: Istenem, Istenem, *\u00a0 mi\u00e9rt hagyt\u00e1l el engem? SZENTLECKE\u00a0\u00a0 \u00a0\u00a0\u00a0\u00a0\u00a0\u00a0\u00a0\u00a0\u00a0\u00a0\u00a0\u00a0\u00a0\u00a0\u00a0\u00a0\u00a0\u00a0\u00a0\u00a0\u00a0\u00a0\u00a0\u00a0\u00a0\u00a0\u00a0\u00a0\u00a0\u00a0\u00a0\u00a0\u00a0\u00a0\u00a0\u00a0\u00a0\u00a0\u00a0\u00a0\u00a0\u00a0\u00a0\u00a0\u00a0\u00a0\u00a0\u00a0\u00a0\u00a0Fil 2,6\u201311 J\u00e9zus Krisztus csak \u00fagy teljes\u00edthette az Aty\u00e1t\u00f3l kapott k\u00fcldet\u00e9st, hogy lemondott az Isten Fi\u00e1nak kij\u00e1r\u00f3 dics\u0151s\u00e9gr\u0151l. Felvette a szolga alakj\u00e1t, vagyis eg\u00e9szen egy lett azokkal, akik\u00e9rt \u00e9s akik helyett fel\u00e1ldozta mag\u00e1t... R\u00e9szletek"}

Virágvasárnap - Stuttgarti Katolikusok

<blockquote class="wp-embedded-content" data-secret="PXl699SHvY"><a href="https://stuttgarti-katolikusok.de/index.php/viragvasarnap/">Virágvasárnap</a></blockquote><iframe sandbox="allow-scripts" security="restricted" src="https://stuttgarti-katolikusok.de/index.php/viragvasarnap/embed/#?secret=PXl699SHvY" width="600" height="338" title="&#8220;Virágvasárnap&#8221; &#8212; Stuttgarti Katolikusok" data-secret="PXl699SHvY" frameborder="0" marginwidth="0" marginheight="0" scrolling="no" class="wp-embedded-content"></iframe><script type="text/javascript">
/* <![CDATA[ */
/*! This file is auto-generated */
!function(d,l){"use strict";l.querySelector&&d.addEventListener&&"undefined"!=typeof URL&&(d.wp=d.wp||{},d.wp.receiveEmbedMessage||(d.wp.receiveEmbedMessage=function(e){var t=e.data;if((t||t.secret||t.message||t.value)&&!/[^a-zA-Z0-9]/.test(t.secret)){for(var s,r,n,a=l.querySelectorAll('iframe[data-secret="'+t.secret+'"]'),o=l.querySelectorAll('blockquote[data-secret="'+t.secret+'"]'),c=new RegExp("^https?:$","i"),i=0;i<o.length;i++)o[i].style.display="none";for(i=0;i<a.length;i++)s=a[i],e.source===s.contentWindow&&(s.removeAttribute("style"),"height"===t.message?(1e3<(r=parseInt(t.value,10))?r=1e3:~~r<200&&(r=200),s.height=r):"link"===t.message&&(r=new URL(s.getAttribute("src")),n=new URL(t.value),c.test(n.protocol))&&n.host===r.host&&l.activeElement===s&&(d.top.location.href=t.value))}},d.addEventListener("message",d.wp.receiveEmbedMessage,!1),l.addEventListener("DOMContentLoaded",function(){for(var e,t,s=l.querySelectorAll("iframe.wp-embedded-content"),r=0;r<s.length;r++)(t=(e=s[r]).getAttribute("data-secret"))||(t=Math.random().toString(36).substring(2,12),e.src+="#?secret="+t,e.setAttribute("data-secret",t)),e.contentWindow.postMessage({message:"ready",secret:t},"*")},!1)))}(window,document);
//# sourceURL=https://stuttgarti-katolikusok.de/wp-includes/js/wp-embed.min.js
/* ]]> */
</script>

2019. ÁPRILIS 14. VIRÁGVASÁRNAP: AZ ÚR SZENVEDÉSÉNEK VASÁRNAPJA Virágvasárnap ünnepli az Egyház Krisztus Urunk jeruzsálemi bevonulását a húsvéti misztérium beteljesítésére. Az ünnepnek kettős jellege van: egyrészt a győzelem és a megdicsőülés napja, amelynek jele a győzelmi pálma vagy barka, másrészt a szenvedés és a halál ünneplése is ez a nap, amelynek jele a misében szereplő passió, vagy szenvedéstörténet. URUNK JERUZSÁLEMBE VALÓ BEVONULÁSÁNAK EMLÉKEZETE Megváltó Királyunk elébe megyünk&#8230; (SZVU 77. ének) Vagy: Hozsanna Dávid Fiának&#8230; (Éneklő Egyház 802. ének) Üdvözlés – Könyörgés Evangélium * Lk 19, 28–40 Jézus jeruzsálemi bevonulása valóságos diadalmenet. Ő azonban tudja, hogy a nép lelkesedése még nem igazi hit, hanem földies várakozás. Ezért is történik, hogy ugyanaz a hozsannázó nép hamarosan ellene fordul, és megtagadja őt. KÖRMENET antifóna A választott nép gyermekei, kezükben pálmaágakkal kivonultak az Úr elé, hangosan kiáltva: Hozsanna! Dicsőség a világ Urának! antifóna A választott nép gyermekei ruháikat Jézus elébe terítik, és csengő hangon kiáltják: „Hozsanna, Dávid fiának! Áldott, aki az Úr nevében érkezik.” ÜNNEPI SZENTMISE Az Egyház évről évre e napokban üli meg Krisztus húsvéti titkának kimagasló ünnepét. Mélységes komolysággal és szent megilletődéssel lépjünk a Nagyhét ünneplésébe. Az Úr bevonul Jeruzsálembe, s mi ünnepélyesen elkísérjük őt azon az úton, a szenvedés útján. Szent színjáték játszódik le előttünk, amelynek azonban nem csak nézői, hanem szereplői is vagyunk. OLVASMÁNY                                                            Iz 50, 4–7 Jahve szolgája, akiről a próféta beszél, a Messiás előképe. Isten azért küldte őt, hogy engesztelő áldozat legyen a nép bűneiért. Egész magatartásából ez a küldetéstudat sugárzik. Vállal minden gúnyt és megaláztatást, mert bízik a mennyei Atya segítségében. VÁLASZOS ZSOLTÁR                                      21. Zsoltár Válasz: Istenem, Istenem, *  miért hagytál el engem? SZENTLECKE                                                     Fil 2,6–11 Jézus Krisztus csak úgy teljesíthette az Atyától kapott küldetést, hogy lemondott az Isten Fiának kijáró dicsőségről. Felvette a szolga alakját, vagyis egészen egy lett azokkal, akikért és akik helyett feláldozta magát... Részletek
