{"version":"1.0","provider_name":"Stuttgarti Katolikusok","provider_url":"https:\/\/stuttgarti-katolikusok.de","title":"Velencei karnev\u00e1l t\u00f6rt\u00e9nete - Stuttgarti Katolikusok","type":"rich","width":600,"height":338,"html":"<blockquote class=\"wp-embedded-content\" data-secret=\"dQzQt5m9AJ\"><a href=\"https:\/\/stuttgarti-katolikusok.de\/index.php\/velencei-karneval-tortenete\/\">Velencei karnev\u00e1l t\u00f6rt\u00e9nete<\/a><\/blockquote><iframe sandbox=\"allow-scripts\" security=\"restricted\" src=\"https:\/\/stuttgarti-katolikusok.de\/index.php\/velencei-karneval-tortenete\/embed\/#?secret=dQzQt5m9AJ\" width=\"600\" height=\"338\" title=\"&#8220;Velencei karnev\u00e1l t\u00f6rt\u00e9nete&#8221; &#8212; Stuttgarti Katolikusok\" data-secret=\"dQzQt5m9AJ\" frameborder=\"0\" marginwidth=\"0\" marginheight=\"0\" scrolling=\"no\" class=\"wp-embedded-content\"><\/iframe><script type=\"text\/javascript\">\n\/* <![CDATA[ *\/\n\/*! This file is auto-generated *\/\n!function(d,l){\"use strict\";l.querySelector&&d.addEventListener&&\"undefined\"!=typeof URL&&(d.wp=d.wp||{},d.wp.receiveEmbedMessage||(d.wp.receiveEmbedMessage=function(e){var t=e.data;if((t||t.secret||t.message||t.value)&&!\/[^a-zA-Z0-9]\/.test(t.secret)){for(var s,r,n,a=l.querySelectorAll('iframe[data-secret=\"'+t.secret+'\"]'),o=l.querySelectorAll('blockquote[data-secret=\"'+t.secret+'\"]'),c=new RegExp(\"^https?:$\",\"i\"),i=0;i<o.length;i++)o[i].style.display=\"none\";for(i=0;i<a.length;i++)s=a[i],e.source===s.contentWindow&&(s.removeAttribute(\"style\"),\"height\"===t.message?(1e3<(r=parseInt(t.value,10))?r=1e3:~~r<200&&(r=200),s.height=r):\"link\"===t.message&&(r=new URL(s.getAttribute(\"src\")),n=new URL(t.value),c.test(n.protocol))&&n.host===r.host&&l.activeElement===s&&(d.top.location.href=t.value))}},d.addEventListener(\"message\",d.wp.receiveEmbedMessage,!1),l.addEventListener(\"DOMContentLoaded\",function(){for(var e,t,s=l.querySelectorAll(\"iframe.wp-embedded-content\"),r=0;r<s.length;r++)(t=(e=s[r]).getAttribute(\"data-secret\"))||(t=Math.random().toString(36).substring(2,12),e.src+=\"#?secret=\"+t,e.setAttribute(\"data-secret\",t)),e.contentWindow.postMessage({message:\"ready\",secret:t},\"*\")},!1)))}(window,document);\n\/\/# sourceURL=https:\/\/stuttgarti-katolikusok.de\/wp-includes\/js\/wp-embed.min.js\n\/* ]]> *\/\n<\/script>\n","description":"Vil\u00e1gszerte alig akad ember, aki ne ismern\u00e9 a lag\u00fan\u00e1k v\u00e1ros\u00e1ban tartott, a v\u00e1rosr\u00f3l elnevezett Velencei karnev\u00e1lt, mely az olaszok egyik \u0151si hagyom\u00e1nya \u00e9s mindm\u00e1ig fontos esem\u00e9ny. Csod\u00e1latos \u00e9s izgalmas, a hangulat egyre csak fokoz\u00f3dik, eg\u00e9szen a karnev\u00e1l utols\u00f3 napj\u00e1ig, h\u00fashagy\u00f3 keddig. A Ri\u00f3i karnev\u00e1llal \u00f6sszehasonl\u00edtva azt mondhatjuk, hogy a Ri\u00f3i l\u00e1tv\u00e1nyos, a velencei a sz\u00f3 szoros \u00e9rtelm\u00e9ben sz\u00e9p. \u00c1ltal\u00e1ban a Ri\u00f3i karnev\u00e1l a hangos, t\u00falf\u0171t\u00f6tt ereszdelahajamr\u00f3l sz\u00f3l, m\u00e9g a Velencei karnev\u00e1l ink\u00e1bb egy \u00f6sszeszedettebb, megkompon\u00e1ltabb m\u0171faj. A Velencei karnev\u00e1l t\u00f6rt\u00e9nete. A r\u00e9gi id\u0151k D\u00e9l-Eur\u00f3p\u00e1j\u00e1ban a farsang az egyik legnagyobb esem\u00e9nynek sz\u00e1m\u00edtott. Janu\u00e1rban kezd\u0151d\u00f6tt a farsangi id\u0151szak, mely alatt szinte minden megengedett volt. A h\u00f6lgyek toj\u00e1ssal dob\u00e1lhatt\u00e1k a felvonul\u00f3 t\u00f6meget, frissel a sz\u00e9p n\u0151ket, megz\u00e1pulttal a cs\u00fany\u00e1kat, az \u00e1larcosoknak szabad volt berontani mag\u00e1nh\u00e1zakhoz. Az eg\u00e9sz egy hatalmas sz\u00ednj\u00e1t\u00e9k, melyben mindent szabad, melynek n\u00e9z\u0151k\u00f6z\u00f6ns\u00e9ge szerves r\u00e9sztvev\u0151je az esem\u00e9nyeknek. A h\u00fashagy\u00f3 cs\u00fct\u00f6rt\u00f6k\u00f6n tartott f\u0151\u00fcnneps\u00e9get a Piazza San Marcon (Szent M\u00e1rk T\u00e9r) Velence h\u00edres f\u0151ter\u00e9n rendezt\u00e9k, a szabad \u00e9g alatt. A v\u00e1ros egy r\u00e9sz\u00e9n \u00e1tvonulva ide \u00e9rkezett a felvonul\u00f3 t\u00f6meg, \u00e9l\u00fck\u00f6n vir\u00e1gkoszor\u00faval d\u00edsz\u00edtett \u00f6kr\u00f6kkel. Ezeket az \u00e1llatokat, a f\u0151t\u00e9rre \u00e9rve, a d\u00f3zse el\u0151tt, egy nagyobb m\u00e9ret\u0171, \u00e9les \u00e9s sz\u00e9les peng\u00e9j\u0171 kard egyetlen csap\u00e1s\u00e1val lefejezt\u00e9k. A karnev\u00e1l sok r\u00e9szletet meg\u0151rz\u00f6tt a r\u00e9gi hagyom\u00e1nyb\u00f3l, n\u00e9melyiket kiss\u00e9 \u00e1talak\u00edtva, de a jelk\u00e9pes momentumok megmaradtak. Hagyom\u00e1nyosan a d\u00f3zse \u00e9s vend\u00e9gei a palota erk\u00e9ly\u00e9r\u0151l \u00fcdv\u00f6zlik a t\u00f6meget, majd megsz\u00f3lalnak a harson\u00e1k, \u00e9s t\u00f6bb sz\u00e1z l\u00e9gg\u00f6mb\u00f6t engednek a magasba, melynek hat\u00e1s\u00e1ra az \u00e9g megtelik mozg\u00e1ssal, sz\u00ednekkel, mintha eg\u00e9sz Velence bolydult volna fel, mindenest\u00fcl. R\u00e9gebben egy fiatal k\u00f6t\u00e9lt\u00e1ncos vakmer\u0151 produkci\u00f3ja k\u00f6vetkezett, mikoris v\u00e9gighaladt egy a harangtorony \u00e9s D\u00f3zse-palota k\u00f6z\u00f6tt kifesz\u00edtett k\u00f6t\u00e9len. M\u00e1ra jelk\u00e9pesen a k\u00f6t\u00e9lt\u00e1ncos helyett egy gipszb\u0151l k\u00e9sz\u00fclt galamb cs\u00faszik \u00e1t lassan dr\u00f3tk\u00f6t\u00e9len a Campanile (A Szent M\u00e1rk bazilika k\u00fcl\u00f6n\u00e1ll\u00f3 harangtornya) \u00e9s Palazzo Ducale egyik oszlopa k\u00f6z\u00f6tt. K\u00f6zben az emberek azt ki\u00e1ltozz\u00e1k \u201eViva Venezia! Ciao Venezia!\u201d Majd a magasban a Colombiana,... R\u00e9szletek"}

Velencei karnevál története - Stuttgarti Katolikusok

<blockquote class="wp-embedded-content" data-secret="dQzQt5m9AJ"><a href="https://stuttgarti-katolikusok.de/index.php/velencei-karneval-tortenete/">Velencei karnevál története</a></blockquote><iframe sandbox="allow-scripts" security="restricted" src="https://stuttgarti-katolikusok.de/index.php/velencei-karneval-tortenete/embed/#?secret=dQzQt5m9AJ" width="600" height="338" title="&#8220;Velencei karnevál története&#8221; &#8212; Stuttgarti Katolikusok" data-secret="dQzQt5m9AJ" frameborder="0" marginwidth="0" marginheight="0" scrolling="no" class="wp-embedded-content"></iframe><script type="text/javascript">
/* <![CDATA[ */
/*! This file is auto-generated */
!function(d,l){"use strict";l.querySelector&&d.addEventListener&&"undefined"!=typeof URL&&(d.wp=d.wp||{},d.wp.receiveEmbedMessage||(d.wp.receiveEmbedMessage=function(e){var t=e.data;if((t||t.secret||t.message||t.value)&&!/[^a-zA-Z0-9]/.test(t.secret)){for(var s,r,n,a=l.querySelectorAll('iframe[data-secret="'+t.secret+'"]'),o=l.querySelectorAll('blockquote[data-secret="'+t.secret+'"]'),c=new RegExp("^https?:$","i"),i=0;i<o.length;i++)o[i].style.display="none";for(i=0;i<a.length;i++)s=a[i],e.source===s.contentWindow&&(s.removeAttribute("style"),"height"===t.message?(1e3<(r=parseInt(t.value,10))?r=1e3:~~r<200&&(r=200),s.height=r):"link"===t.message&&(r=new URL(s.getAttribute("src")),n=new URL(t.value),c.test(n.protocol))&&n.host===r.host&&l.activeElement===s&&(d.top.location.href=t.value))}},d.addEventListener("message",d.wp.receiveEmbedMessage,!1),l.addEventListener("DOMContentLoaded",function(){for(var e,t,s=l.querySelectorAll("iframe.wp-embedded-content"),r=0;r<s.length;r++)(t=(e=s[r]).getAttribute("data-secret"))||(t=Math.random().toString(36).substring(2,12),e.src+="#?secret="+t,e.setAttribute("data-secret",t)),e.contentWindow.postMessage({message:"ready",secret:t},"*")},!1)))}(window,document);
//# sourceURL=https://stuttgarti-katolikusok.de/wp-includes/js/wp-embed.min.js
/* ]]> */
</script>

Világszerte alig akad ember, aki ne ismerné a lagúnák városában tartott, a városról elnevezett Velencei karnevált, mely az olaszok egyik ősi hagyománya és mindmáig fontos esemény. Csodálatos és izgalmas, a hangulat egyre csak fokozódik, egészen a karnevál utolsó napjáig, húshagyó keddig. A Riói karnevállal összehasonlítva azt mondhatjuk, hogy a Riói látványos, a velencei a szó szoros értelmében szép. Általában a Riói karnevál a hangos, túlfűtött ereszdelahajamról szól, még a Velencei karnevál inkább egy összeszedettebb, megkomponáltabb műfaj. A Velencei karnevál története. A régi idők Dél-Európájában a farsang az egyik legnagyobb eseménynek számított. Januárban kezdődött a farsangi időszak, mely alatt szinte minden megengedett volt. A hölgyek tojással dobálhatták a felvonuló tömeget, frissel a szép nőket, megzápulttal a csúnyákat, az álarcosoknak szabad volt berontani magánházakhoz. Az egész egy hatalmas színjáték, melyben mindent szabad, melynek nézőközönsége szerves résztvevője az eseményeknek. A húshagyó csütörtökön tartott főünnepséget a Piazza San Marcon (Szent Márk Tér) Velence híres főterén rendezték, a szabad ég alatt. A város egy részén átvonulva ide érkezett a felvonuló tömeg, élükön virágkoszorúval díszített ökrökkel. Ezeket az állatokat, a főtérre érve, a dózse előtt, egy nagyobb méretű, éles és széles pengéjű kard egyetlen csapásával lefejezték. A karnevál sok részletet megőrzött a régi hagyományból, némelyiket kissé átalakítva, de a jelképes momentumok megmaradtak. Hagyományosan a dózse és vendégei a palota erkélyéről üdvözlik a tömeget, majd megszólalnak a harsonák, és több száz léggömböt engednek a magasba, melynek hatására az ég megtelik mozgással, színekkel, mintha egész Velence bolydult volna fel, mindenestül. Régebben egy fiatal kötéltáncos vakmerő produkciója következett, mikoris végighaladt egy a harangtorony és Dózse-palota között kifeszített kötélen. Mára jelképesen a kötéltáncos helyett egy gipszből készült galamb csúszik át lassan drótkötélen a Campanile (A Szent Márk bazilika különálló harangtornya) és Palazzo Ducale egyik oszlopa között. Közben az emberek azt kiáltozzák „Viva Venezia! Ciao Venezia!” Majd a magasban a Colombiana,... Részletek
