{"version":"1.0","provider_name":"Stuttgarti Katolikusok","provider_url":"https:\/\/stuttgarti-katolikusok.de","title":"Urunk mennybemenetele - Stuttgarti Katolikusok","type":"rich","width":600,"height":338,"html":"<blockquote class=\"wp-embedded-content\" data-secret=\"i9x38vLQhn\"><a href=\"https:\/\/stuttgarti-katolikusok.de\/index.php\/urunk-mennybemenetele-3\/\">Urunk mennybemenetele<\/a><\/blockquote><iframe sandbox=\"allow-scripts\" security=\"restricted\" src=\"https:\/\/stuttgarti-katolikusok.de\/index.php\/urunk-mennybemenetele-3\/embed\/#?secret=i9x38vLQhn\" width=\"600\" height=\"338\" title=\"&#8220;Urunk mennybemenetele&#8221; &#8212; Stuttgarti Katolikusok\" data-secret=\"i9x38vLQhn\" frameborder=\"0\" marginwidth=\"0\" marginheight=\"0\" scrolling=\"no\" class=\"wp-embedded-content\"><\/iframe><script type=\"text\/javascript\">\n\/* <![CDATA[ *\/\n\/*! This file is auto-generated *\/\n!function(d,l){\"use strict\";l.querySelector&&d.addEventListener&&\"undefined\"!=typeof URL&&(d.wp=d.wp||{},d.wp.receiveEmbedMessage||(d.wp.receiveEmbedMessage=function(e){var t=e.data;if((t||t.secret||t.message||t.value)&&!\/[^a-zA-Z0-9]\/.test(t.secret)){for(var s,r,n,a=l.querySelectorAll('iframe[data-secret=\"'+t.secret+'\"]'),o=l.querySelectorAll('blockquote[data-secret=\"'+t.secret+'\"]'),c=new RegExp(\"^https?:$\",\"i\"),i=0;i<o.length;i++)o[i].style.display=\"none\";for(i=0;i<a.length;i++)s=a[i],e.source===s.contentWindow&&(s.removeAttribute(\"style\"),\"height\"===t.message?(1e3<(r=parseInt(t.value,10))?r=1e3:~~r<200&&(r=200),s.height=r):\"link\"===t.message&&(r=new URL(s.getAttribute(\"src\")),n=new URL(t.value),c.test(n.protocol))&&n.host===r.host&&l.activeElement===s&&(d.top.location.href=t.value))}},d.addEventListener(\"message\",d.wp.receiveEmbedMessage,!1),l.addEventListener(\"DOMContentLoaded\",function(){for(var e,t,s=l.querySelectorAll(\"iframe.wp-embedded-content\"),r=0;r<s.length;r++)(t=(e=s[r]).getAttribute(\"data-secret\"))||(t=Math.random().toString(36).substring(2,12),e.src+=\"#?secret=\"+t,e.setAttribute(\"data-secret\",t)),e.contentWindow.postMessage({message:\"ready\",secret:t},\"*\")},!1)))}(window,document);\n\/\/# sourceURL=https:\/\/stuttgarti-katolikusok.de\/wp-includes\/js\/wp-embed.min.js\n\/* ]]> *\/\n<\/script>\n","thumbnail_url":"https:\/\/stuttgarti-katolikusok.de\/wp-content\/uploads\/2024\/05\/szekes-sm.jpg","thumbnail_width":526,"thumbnail_height":789,"description":"Urunk mennybemenetel\u00e9nek \u00fcnnep\u00e9t \u00fclj\u00fck H\u00fasv\u00e9t 7. vas\u00e1rnapj\u00e1n, k\u00f6vetve ezzel az anyaorsz\u00e1g gyakorlat\u00e1t.\u00a0 Az olvasm\u00e1ny egyik verse, mely egyben a kezd\u0151\u00e9nek is, \u00e9rdekes k\u00e9p is egyben: &#8222;Galileai f\u00e9rfiak! Mit csod\u00e1lkoztok az \u00e9gre n\u00e9zve? Ahogy l\u00e1tt\u00e1tok \u0151t az \u00e9gbe menni, \u00fagy j\u00f6n el egykor \u00fajra.&#8221; (ApCsel 1,11)\u00a0 &#8211; Megsz\u00f3l\u00edt\u00e1s, k\u00e9rd\u00e9s \u00e9s v\u00e1lasz. Mintegy jelezve, hogy Isten engem is megsz\u00f3l\u00edt, k\u00e9rd\u00e9seimre \u00e9s k\u00e9telyeimre megnyugtat\u00f3 v\u00e1laszt ad. Alapvet\u0151en ez az igaz\u00e1n fontos. A bennem l\u00e9v\u0151 k\u00e9rd\u00e9sek \u00e9s k\u00e9telyek? Benne, a felt\u00e1madt \u00e9s mennybe ment J\u00e9zus Krisztusban v\u00e1laszt, azaz \u00e9rtelmet kapnak. A szentlecke biztat\u00f3 \u00e9s rem\u00e9nyt kelt\u0151 tan\u00edt\u00e1sa: a mennyei Atya megadja nek\u00fcnk a b\u00f6lcsess\u00e9g \u00e9s kinyilatkoztat\u00e1s lelk\u00e9t. A mi utunk azonos azzal az \u00fattal, amelyet a megdics\u0151\u00fclt \u00e9s mennybe ment J\u00e9zus Krisztus mutatott meg nek\u00fcnk. \u0150 nem hagy el minket, hanem vel\u00fcnk marad minden nap, f\u00f6ldi zar\u00e1ndokl\u00e1sunk idej\u00e9n. \u00cdgy jutunk el hozz\u00e1, a dics\u0151s\u00e9g Atyj\u00e1hoz. Az evang\u00e9liumi r\u00e9sz az apostoloknak aj\u00e1nd\u00e9kozott misszi\u00f3s k\u00fcldet\u00e9sr\u0151l sz\u00f3l: &#8222;Menjetek el az eg\u00e9sz vil\u00e1gra&#8230;&#8221; (Mk 16,15) A kereszts\u00e9g szents\u00e9g\u00e9n kereszt\u00fcl, hiszen ekkor r\u00e9szes\u00fclt\u00fcnk Krisztus \u00e1ltal\u00e1nos papi hatalm\u00e1b\u00f3l, mi magunk is az apostolokhoz hasonl\u00f3an r\u00e9szt kaptunk ezen csod\u00e1latos aj\u00e1nd\u00e9kb\u00f3l.\u00a0 Krisztus a j\u00f6v\u0151nk! &#8211; volt a mott\u00f3ja Ferenc p\u00e1pa 2023. \u00e1prilis 28 &#8211; 30. k\u00f6z\u00f6tti l\u00e1togat\u00e1s\u00e1nak Budapesten. Mintegy meger\u0151s\u00edt\u00e9se annak a gondolatnak, amelyet az akkori N\u00e9pstadionban, ma Pusk\u00e1s Ferenc Stadion, \u00e9nekelt\u00fcnk t\u00f6bb mint 60.000 fiatallal egy\u00fctt, II. J\u00e1nos P\u00e1l p\u00e1pa 1991. augusztus\u00e1ban tett l\u00e1togat\u00e1sa alkalm\u00e1val: &#8222;A vil\u00e1gnak Krisztus kell!&#8221;. Kezd\u0151\u00e9nek: Galileai f\u00e9rfiak! Mit csod\u00e1lkoztok az \u00e9gre n\u00e9zve? Ahogy l\u00e1tt\u00e1tok \u0151t az \u00e9gbe menni, \u00fagy j\u00f6n el egykor \u00fajra, alleluja! (V\u00f6. ApCsel 1,11) K\u00f6ny\u00f6rg\u00e9s: Mindenhat\u00f3 Isten\u00fcnk, hadd ujjongjunk szent \u00f6r\u00f6mmel \u00e9s hadd vigadjunk gyermeki h\u00e1laad\u00e1ssal, mert szent Fiadnak, Krisztusnak mennybemenetele a mi f\u00f6lemelked\u00e9s\u00fcnk. Ahov\u00e1 ugyanis a F\u0151 dics\u0151s\u00e9gben eljutott, oda kapott megh\u00edv\u00e1st az eg\u00e9sz test, az Egyh\u00e1z, rem\u00e9nys\u00e9gben. A mi Urunk, J\u00e9zus Krisztus, a te Fiad \u00e1ltal, aki veled \u00e9l \u00e9s uralkodik... R\u00e9szletek"}

Urunk mennybemenetelének ünnepét üljük Húsvét 7. vasárnapján, követve ezzel az anyaország gyakorlatát.  Az olvasmány egyik verse, mely egyben a kezdőének is, érdekes kép is egyben: &#8222;Galileai férfiak! Mit csodálkoztok az égre nézve? Ahogy láttátok őt az égbe menni, úgy jön el egykor újra.&#8221; (ApCsel 1,11)  &#8211; Megszólítás, kérdés és válasz. Mintegy jelezve, hogy Isten engem is megszólít, kérdéseimre és kételyeimre megnyugtató választ ad. Alapvetően ez az igazán fontos. A bennem lévő kérdések és kételyek? Benne, a feltámadt és mennybe ment Jézus Krisztusban választ, azaz értelmet kapnak. A szentlecke biztató és reményt keltő tanítása: a mennyei Atya megadja nekünk a bölcsesség és kinyilatkoztatás lelkét. A mi utunk azonos azzal az úttal, amelyet a megdicsőült és mennybe ment Jézus Krisztus mutatott meg nekünk. Ő nem hagy el minket, hanem velünk marad minden nap, földi zarándoklásunk idején. Így jutunk el hozzá, a dicsőség Atyjához. Az evangéliumi rész az apostoloknak ajándékozott missziós küldetésről szól: &#8222;Menjetek el az egész világra&#8230;&#8221; (Mk 16,15) A keresztség szentségén keresztül, hiszen ekkor részesültünk Krisztus általános papi hatalmából, mi magunk is az apostolokhoz hasonlóan részt kaptunk ezen csodálatos ajándékból.  Krisztus a jövőnk! &#8211; volt a mottója Ferenc pápa 2023. április 28 &#8211; 30. közötti látogatásának Budapesten. Mintegy megerősítése annak a gondolatnak, amelyet az akkori Népstadionban, ma Puskás Ferenc Stadion, énekeltünk több mint 60.000 fiatallal együtt, II. János Pál pápa 1991. augusztusában tett látogatása alkalmával: &#8222;A világnak Krisztus kell!&#8221;. Kezdőének: Galileai férfiak! Mit csodálkoztok az égre nézve? Ahogy láttátok őt az égbe menni, úgy jön el egykor újra, alleluja! (Vö. ApCsel 1,11) Könyörgés: Mindenható Istenünk, hadd ujjongjunk szent örömmel és hadd vigadjunk gyermeki hálaadással, mert szent Fiadnak, Krisztusnak mennybemenetele a mi fölemelkedésünk. Ahová ugyanis a Fő dicsőségben eljutott, oda kapott meghívást az egész test, az Egyház, reménységben. A mi Urunk, Jézus Krisztus, a te Fiad által, aki veled él és uralkodik... Részletek
