{"version":"1.0","provider_name":"Stuttgarti Katolikusok","provider_url":"https:\/\/stuttgarti-katolikusok.de","title":"Urunk megkeresztelked\u00e9se - Stuttgarti Katolikusok","type":"rich","width":600,"height":338,"html":"<blockquote class=\"wp-embedded-content\" data-secret=\"wan2WZZ6Zn\"><a href=\"https:\/\/stuttgarti-katolikusok.de\/index.php\/urunk-megkeresztelkedese\/\">Urunk megkeresztelked\u00e9se<\/a><\/blockquote><iframe sandbox=\"allow-scripts\" security=\"restricted\" src=\"https:\/\/stuttgarti-katolikusok.de\/index.php\/urunk-megkeresztelkedese\/embed\/#?secret=wan2WZZ6Zn\" width=\"600\" height=\"338\" title=\"&#8220;Urunk megkeresztelked\u00e9se&#8221; &#8212; Stuttgarti Katolikusok\" data-secret=\"wan2WZZ6Zn\" frameborder=\"0\" marginwidth=\"0\" marginheight=\"0\" scrolling=\"no\" class=\"wp-embedded-content\"><\/iframe><script type=\"text\/javascript\">\n\/* <![CDATA[ *\/\n\/*! This file is auto-generated *\/\n!function(d,l){\"use strict\";l.querySelector&&d.addEventListener&&\"undefined\"!=typeof URL&&(d.wp=d.wp||{},d.wp.receiveEmbedMessage||(d.wp.receiveEmbedMessage=function(e){var t=e.data;if((t||t.secret||t.message||t.value)&&!\/[^a-zA-Z0-9]\/.test(t.secret)){for(var s,r,n,a=l.querySelectorAll('iframe[data-secret=\"'+t.secret+'\"]'),o=l.querySelectorAll('blockquote[data-secret=\"'+t.secret+'\"]'),c=new RegExp(\"^https?:$\",\"i\"),i=0;i<o.length;i++)o[i].style.display=\"none\";for(i=0;i<a.length;i++)s=a[i],e.source===s.contentWindow&&(s.removeAttribute(\"style\"),\"height\"===t.message?(1e3<(r=parseInt(t.value,10))?r=1e3:~~r<200&&(r=200),s.height=r):\"link\"===t.message&&(r=new URL(s.getAttribute(\"src\")),n=new URL(t.value),c.test(n.protocol))&&n.host===r.host&&l.activeElement===s&&(d.top.location.href=t.value))}},d.addEventListener(\"message\",d.wp.receiveEmbedMessage,!1),l.addEventListener(\"DOMContentLoaded\",function(){for(var e,t,s=l.querySelectorAll(\"iframe.wp-embedded-content\"),r=0;r<s.length;r++)(t=(e=s[r]).getAttribute(\"data-secret\"))||(t=Math.random().toString(36).substring(2,12),e.src+=\"#?secret=\"+t,e.setAttribute(\"data-secret\",t)),e.contentWindow.postMessage({message:\"ready\",secret:t},\"*\")},!1)))}(window,document);\n\/\/# sourceURL=https:\/\/stuttgarti-katolikusok.de\/wp-includes\/js\/wp-embed.min.js\n\/* ]]> *\/\n<\/script>\n","description":"2019. janu\u00e1r 13. URUNK MEGKERESZTELKED\u00c9SE &nbsp; J\u00e9zusnak minden szava \u00e9rt\u00fcnk hangzott el, minden tett\u00e9t az ir\u00e1ntunk val\u00f3 szeretete vezette. Megkeresztelked\u00e9s\u00e9t is \u201ea mi okul\u00e1sunkra \u00edrt\u00e1k meg\u201d (1 Kor 10, 11). Ahogyan \u0151 be\u00e1llt a b\u0171nb\u00e1n\u00f3k sor\u00e1ba, \u00e1lljunk mi is b\u00e1tran a gy\u00f3ntat\u00f3sz\u00e9kek el\u0151tti sorba! K\u00f6vess\u00fck a L\u00e9lek szav\u00e1t, amikor arra int, hogy gy\u00f3njunk meg! KEZD\u0150\u00c9NEK\u00a0\u00a0\u00a0\u00a0\u00a0\u00a0\u00a0\u00a0\u00a0\u00a0\u00a0\u00a0\u00a0\u00a0\u00a0\u00a0\u00a0\u00a0\u00a0\u00a0\u00a0\u00a0\u00a0\u00a0\u00a0\u00a0\u00a0\u00a0\u00a0\u00a0\u00a0\u00a0\u00a0\u00a0\u00a0\u00a0\u00a0\u00a0\u00a0\u00a0\u00a0\u00a0\u00a0\u00a0\u00a0\u00a0\u00a0\u00a0\u00a0 V\u00f6. Mt 3, 16\u201317 Az \u00dar megkeresztelked\u00e9sekor megny\u00edlt az \u00e9g, a Szentl\u00e9lek mint galamb lebegett az \u00dar f\u00f6l\u00f6tt, \u00e9s a mennyei Atya szava hallatszott: Ez az \u00e9n szeretett Fiam, akiben kedvem telik. OLVASM\u00c1NY \u00a0\u00a0\u00a0\u00a0\u00a0\u00a0\u00a0\u00a0\u00a0\u00a0\u00a0\u00a0\u00a0\u00a0\u00a0\u00a0\u00a0\u00a0\u00a0\u00a0\u00a0\u00a0\u00a0\u00a0\u00a0\u00a0\u00a0\u00a0\u00a0\u00a0\u00a0\u00a0\u00a0\u00a0\u00a0\u00a0\u00a0\u00a0\u00a0\u00a0\u00a0\u00a0\u00a0\u00a0Iz 42, 1\u20134. 6\u20137 A Megv\u00e1lt\u00f3 az Isten t\u00f6rv\u00e9ny\u00e9t hirdeti: az igazs\u00e1got, a h\u0171s\u00e9get \u00e9s a b\u0171nb\u00e1natot. Vajon mindezek megvannak-e benn\u00fcnk is? V\u00c1LASZOS ZSOLT\u00c1R\u00a0\u00a0\u00a0\u00a0\u00a0\u00a0\u00a0\u00a0\u00a0\u00a0\u00a0\u00a0\u00a0\u00a0\u00a0\u00a0\u00a0\u00a0\u00a0\u00a0\u00a0\u00a0\u00a0\u00a0\u00a0\u00a0\u00a0\u00a0 \u00a0\u00a0\u00a0\u00a0\u00a0\u00a0\u00a0\u00a0\u00a028. Zsolt\u00e1r V\u00e1lasz: \u00c1ldja meg Isten az \u0151 n\u00e9p\u00e9t: * \u00a0\u00a0\u00a0\u00a0\u00a0\u00a0\u00a0\u00a0\u00a0\u00a0\u00a0\u00a0\u00a0\u00a0 adjon neki b\u00e9kess\u00e9get. Vagy: OLVASM\u00c1NY\u00a0\u00a0\u00a0\u00a0\u00a0\u00a0\u00a0\u00a0\u00a0\u00a0\u00a0\u00a0\u00a0\u00a0\u00a0\u00a0\u00a0\u00a0\u00a0\u00a0\u00a0\u00a0\u00a0\u00a0\u00a0\u00a0\u00a0\u00a0\u00a0\u00a0\u00a0\u00a0\u00a0\u00a0\u00a0\u00a0\u00a0\u00a0\u00a0\u00a0 Iz 55, 1\u201311 V\u00c1LASZOS ZSOLT\u00c1R\u00a0\u00a0\u00a0\u00a0 \u00a0\u00a0\u00a0\u00a0\u00a0\u00a0\u00a0\u00a0\u00a0\u00a0\u00a0\u00a0\u00a0\u00a0\u00a0\u00a0\u00a0Iz 12, 2\u20133. 4bcd. 5\u20136 V\u00e1lasz: \u00d6r\u00f6mmel mer\u00edtsetek vizet * \u00a0\u00a0\u00a0\u00a0\u00a0\u00a0\u00a0\u00a0\u00a0\u00a0\u00a0\u00a0\u00a0\u00a0 az \u00fcdv\u00f6ss\u00e9g forr\u00e1saib\u00f3l. SZENTLECKE\u00a0\u00a0\u00a0\u00a0\u00a0\u00a0\u00a0\u00a0\u00a0\u00a0\u00a0\u00a0\u00a0\u00a0\u00a0\u00a0\u00a0\u00a0\u00a0\u00a0\u00a0\u00a0\u00a0\u00a0\u00a0\u00a0\u00a0\u00a0\u00a0\u00a0\u00a0\u00a0\u00a0\u00a0\u00a0\u00a0\u00a0\u00a0\u00a0\u00a0 ApCsel 10, 34\u201338 Szent P\u00e9ter Krisztus p\u00e9ld\u00e1j\u00e1ra hivatkozik. \u0150t Isten f\u00f6lkente Szentl\u00e9lekkel \u00e9s er\u0151vel. K\u00f6r\u00fclj\u00e1rt \u00e9s j\u00f3tt tett mindenkivel. A kereszts\u00e9gben mi is elnyert\u00fck a Szentlelket. Az \u0151 ereje megl\u00e1tszik-e \u00e9let\u00fcnkben? ALLELUJA \u00a0\u00a0\u00a0\u00a0\u00a0\u00a0\u00a0\u00a0\u00a0\u00a0\u00a0\u00a0\u00a0\u00a0\u00a0\u00a0\u00a0\u00a0\u00a0\u00a0\u00a0\u00a0\u00a0\u00a0\u00a0\u00a0\u00a0\u00a0\u00a0\u00a0\u00a0\u00a0\u00a0\u00a0\u00a0\u00a0\u00a0\u00a0\u00a0\u00a0\u00a0\u00a0\u00a0\u00a0\u00a0\u00a0\u00a0\u00a0\u00a0\u00a0\u00a0\u00a0\u00a0\u00a0\u00a0\u00a0\u00a0\u00a0\u00a0\u00a0Mk 9, 6 Megny\u00edlt az \u00e9g, \u00e9s az Atya sz\u00f3zata hallatszott: * \u201eEz az \u00e9n szeretett Fiam, \u0151t hallgass\u00e1tok!\u201d Vagy: SZENTLECKE\u00a0\u00a0\u00a0\u00a0\u00a0\u00a0\u00a0\u00a0\u00a0\u00a0\u00a0\u00a0\u00a0\u00a0\u00a0\u00a0\u00a0\u00a0\u00a0\u00a0\u00a0\u00a0\u00a0\u00a0\u00a0\u00a0\u00a0\u00a0\u00a0\u00a0\u00a0\u00a0\u00a0\u00a0\u00a0\u00a0\u00a0\u00a0\u00a0 1 Jn 5, 1\u20139 ALLELUJA\u00a0\u00a0\u00a0\u00a0\u00a0\u00a0\u00a0\u00a0\u00a0\u00a0\u00a0\u00a0\u00a0\u00a0\u00a0\u00a0\u00a0\u00a0\u00a0\u00a0\u00a0\u00a0\u00a0\u00a0\u00a0\u00a0\u00a0\u00a0\u00a0\u00a0\u00a0\u00a0\u00a0\u00a0\u00a0\u00a0\u00a0\u00a0\u00a0\u00a0\u00a0\u00a0\u00a0\u00a0\u00a0\u00a0\u00a0\u00a0\u00a0\u00a0\u00a0\u00a0\u00a0\u00a0\u00a0\u00a0\u00a0\u00a0\u00a0\u00a0 Jn 1, 29 Amikor Keresztel\u0151 J\u00e1nos l\u00e1tta, hogy J\u00e9zus fel\u00e9je tart, \u00edgy sz\u00f3lt: \u00cdme, az Isten B\u00e1r\u00e1nya. EVANG\u00c9LIUM\u00a0\u00a0\u00a0\u00a0\u00a0\u00a0\u00a0\u00a0\u00a0\u00a0\u00a0\u00a0\u00a0\u00a0\u00a0\u00a0\u00a0\u00a0\u00a0\u00a0\u00a0\u00a0\u00a0\u00a0\u00a0\u00a0\u00a0\u00a0\u00a0\u00a0\u00a0\u00a0\u00a0\u00a0\u00a0\u00a0\u00a0\u00a0\u00a0\u00a0\u00a0\u00a0\u00a0\u00a0 Mk 1, 7\u201311 Keresztel\u0151 Szent J\u00e1nos nagys\u00e1ga abban rejlik, hogy al\u00e1zatos, \u00f6nzetlen. Nem a saj\u00e1t dics\u0151s\u00e9g\u00e9t keresi, hanem hivat\u00e1s\u00e1t teljes\u00edti: arr\u00f3l besz\u00e9l, aki ut\u00e1na j\u00f6n, aki Szentl\u00e9lekkel keresztel, aki az Atya szeretett Fia. AZ EUCHARISZTI\u00c1HOZ J\u00e9zus a v\u00e1ll\u00e1ra vette a vil\u00e1g b\u0171neit, \u00e9s abban lelte \u00f6r\u00f6m\u00e9t, ha megbocs\u00e1tott. H\u00e1l\u00e1nkat azzal mutassuk ki ir\u00e1nta, hogy a b\u0171nt ker\u00fclj\u00fck. Ehhez ad er\u0151t a szentmise \u00e9s a szents\u00e9gi \u00e9let. \u00c1LDOZ\u00c1SI \u00c9NEK\u00a0\u00a0\u00a0\u00a0\u00a0\u00a0\u00a0\u00a0\u00a0\u00a0\u00a0\u00a0\u00a0\u00a0\u00a0\u00a0\u00a0\u00a0\u00a0\u00a0\u00a0\u00a0\u00a0\u00a0\u00a0 \u00a0\u00a0\u00a0\u00a0\u00a0\u00a0\u00a0\u00a0\u00a0\u00a0\u00a0\u00a0\u00a0\u00a0\u00a0\u00a0\u00a0\u00a0\u00a0\u00a0\u00a0\u00a0Jn 1, 32. 34 \u00cdme, \u0151 az, akir\u0151l... R\u00e9szletek"}

Urunk megkeresztelkedése - Stuttgarti Katolikusok

<blockquote class="wp-embedded-content" data-secret="wan2WZZ6Zn"><a href="https://stuttgarti-katolikusok.de/index.php/urunk-megkeresztelkedese/">Urunk megkeresztelkedése</a></blockquote><iframe sandbox="allow-scripts" security="restricted" src="https://stuttgarti-katolikusok.de/index.php/urunk-megkeresztelkedese/embed/#?secret=wan2WZZ6Zn" width="600" height="338" title="&#8220;Urunk megkeresztelkedése&#8221; &#8212; Stuttgarti Katolikusok" data-secret="wan2WZZ6Zn" frameborder="0" marginwidth="0" marginheight="0" scrolling="no" class="wp-embedded-content"></iframe><script type="text/javascript">
/* <![CDATA[ */
/*! This file is auto-generated */
!function(d,l){"use strict";l.querySelector&&d.addEventListener&&"undefined"!=typeof URL&&(d.wp=d.wp||{},d.wp.receiveEmbedMessage||(d.wp.receiveEmbedMessage=function(e){var t=e.data;if((t||t.secret||t.message||t.value)&&!/[^a-zA-Z0-9]/.test(t.secret)){for(var s,r,n,a=l.querySelectorAll('iframe[data-secret="'+t.secret+'"]'),o=l.querySelectorAll('blockquote[data-secret="'+t.secret+'"]'),c=new RegExp("^https?:$","i"),i=0;i<o.length;i++)o[i].style.display="none";for(i=0;i<a.length;i++)s=a[i],e.source===s.contentWindow&&(s.removeAttribute("style"),"height"===t.message?(1e3<(r=parseInt(t.value,10))?r=1e3:~~r<200&&(r=200),s.height=r):"link"===t.message&&(r=new URL(s.getAttribute("src")),n=new URL(t.value),c.test(n.protocol))&&n.host===r.host&&l.activeElement===s&&(d.top.location.href=t.value))}},d.addEventListener("message",d.wp.receiveEmbedMessage,!1),l.addEventListener("DOMContentLoaded",function(){for(var e,t,s=l.querySelectorAll("iframe.wp-embedded-content"),r=0;r<s.length;r++)(t=(e=s[r]).getAttribute("data-secret"))||(t=Math.random().toString(36).substring(2,12),e.src+="#?secret="+t,e.setAttribute("data-secret",t)),e.contentWindow.postMessage({message:"ready",secret:t},"*")},!1)))}(window,document);
//# sourceURL=https://stuttgarti-katolikusok.de/wp-includes/js/wp-embed.min.js
/* ]]> */
</script>

2019. január 13. URUNK MEGKERESZTELKEDÉSE &nbsp; Jézusnak minden szava értünk hangzott el, minden tettét az irántunk való szeretete vezette. Megkeresztelkedését is „a mi okulásunkra írták meg” (1 Kor 10, 11). Ahogyan ő beállt a bűnbánók sorába, álljunk mi is bátran a gyóntatószékek előtti sorba! Kövessük a Lélek szavát, amikor arra int, hogy gyónjunk meg! KEZDŐÉNEK                                                  Vö. Mt 3, 16–17 Az Úr megkeresztelkedésekor megnyílt az ég, a Szentlélek mint galamb lebegett az Úr fölött, és a mennyei Atya szava hallatszott: Ez az én szeretett Fiam, akiben kedvem telik. OLVASMÁNY                                             Iz 42, 1–4. 6–7 A Megváltó az Isten törvényét hirdeti: az igazságot, a hűséget és a bűnbánatot. Vajon mindezek megvannak-e bennünk is? VÁLASZOS ZSOLTÁR                                      28. Zsoltár Válasz: Áldja meg Isten az ő népét: *                adjon neki békességet. Vagy: OLVASMÁNY                                         Iz 55, 1–11 VÁLASZOS ZSOLTÁR                      Iz 12, 2–3. 4bcd. 5–6 Válasz: Örömmel merítsetek vizet *                az üdvösség forrásaiból. SZENTLECKE                                         ApCsel 10, 34–38 Szent Péter Krisztus példájára hivatkozik. Őt Isten fölkente Szentlélekkel és erővel. Körüljárt és jótt tett mindenkivel. A keresztségben mi is elnyertük a Szentlelket. Az ő ereje meglátszik-e életünkben? ALLELUJA                                                             Mk 9, 6 Megnyílt az ég, és az Atya szózata hallatszott: * „Ez az én szeretett Fiam, őt hallgassátok!” Vagy: SZENTLECKE                                        1 Jn 5, 1–9 ALLELUJA                                                             Jn 1, 29 Amikor Keresztelő János látta, hogy Jézus feléje tart, így szólt: Íme, az Isten Báránya. EVANGÉLIUM                                             Mk 1, 7–11 Keresztelő Szent János nagysága abban rejlik, hogy alázatos, önzetlen. Nem a saját dicsőségét keresi, hanem hivatását teljesíti: arról beszél, aki utána jön, aki Szentlélekkel keresztel, aki az Atya szeretett Fia. AZ EUCHARISZTIÁHOZ Jézus a vállára vette a világ bűneit, és abban lelte örömét, ha megbocsátott. Hálánkat azzal mutassuk ki iránta, hogy a bűnt kerüljük. Ehhez ad erőt a szentmise és a szentségi élet. ÁLDOZÁSI ÉNEK                                                Jn 1, 32. 34 Íme, ő az, akiről... Részletek
