{"version":"1.0","provider_name":"Stuttgarti Katolikusok","provider_url":"https:\/\/stuttgarti-katolikusok.de","title":"Szomj\u00fa B\u00e9la: Az \u00e9n H\u00fasv\u00e9tom, t\u00e1vol csal\u00e1domt\u00f3l... - Stuttgarti Katolikusok","type":"rich","width":600,"height":338,"html":"<blockquote class=\"wp-embedded-content\" data-secret=\"HbZ8gY2jr4\"><a href=\"https:\/\/stuttgarti-katolikusok.de\/index.php\/szomju-bela-az-en-husvetom-tavol-csaladomtol\/\">Szomj\u00fa B\u00e9la: Az \u00e9n H\u00fasv\u00e9tom, t\u00e1vol csal\u00e1domt\u00f3l&#8230;<\/a><\/blockquote><iframe sandbox=\"allow-scripts\" security=\"restricted\" src=\"https:\/\/stuttgarti-katolikusok.de\/index.php\/szomju-bela-az-en-husvetom-tavol-csaladomtol\/embed\/#?secret=HbZ8gY2jr4\" width=\"600\" height=\"338\" title=\"&#8220;Szomj\u00fa B\u00e9la: Az \u00e9n H\u00fasv\u00e9tom, t\u00e1vol csal\u00e1domt\u00f3l&#8230;&#8221; &#8212; Stuttgarti Katolikusok\" data-secret=\"HbZ8gY2jr4\" frameborder=\"0\" marginwidth=\"0\" marginheight=\"0\" scrolling=\"no\" class=\"wp-embedded-content\"><\/iframe><script type=\"text\/javascript\">\n\/* <![CDATA[ *\/\n\/*! This file is auto-generated *\/\n!function(d,l){\"use strict\";l.querySelector&&d.addEventListener&&\"undefined\"!=typeof URL&&(d.wp=d.wp||{},d.wp.receiveEmbedMessage||(d.wp.receiveEmbedMessage=function(e){var t=e.data;if((t||t.secret||t.message||t.value)&&!\/[^a-zA-Z0-9]\/.test(t.secret)){for(var s,r,n,a=l.querySelectorAll('iframe[data-secret=\"'+t.secret+'\"]'),o=l.querySelectorAll('blockquote[data-secret=\"'+t.secret+'\"]'),c=new RegExp(\"^https?:$\",\"i\"),i=0;i<o.length;i++)o[i].style.display=\"none\";for(i=0;i<a.length;i++)s=a[i],e.source===s.contentWindow&&(s.removeAttribute(\"style\"),\"height\"===t.message?(1e3<(r=parseInt(t.value,10))?r=1e3:~~r<200&&(r=200),s.height=r):\"link\"===t.message&&(r=new URL(s.getAttribute(\"src\")),n=new URL(t.value),c.test(n.protocol))&&n.host===r.host&&l.activeElement===s&&(d.top.location.href=t.value))}},d.addEventListener(\"message\",d.wp.receiveEmbedMessage,!1),l.addEventListener(\"DOMContentLoaded\",function(){for(var e,t,s=l.querySelectorAll(\"iframe.wp-embedded-content\"),r=0;r<s.length;r++)(t=(e=s[r]).getAttribute(\"data-secret\"))||(t=Math.random().toString(36).substring(2,12),e.src+=\"#?secret=\"+t,e.setAttribute(\"data-secret\",t)),e.contentWindow.postMessage({message:\"ready\",secret:t},\"*\")},!1)))}(window,document);\n\/\/# sourceURL=https:\/\/stuttgarti-katolikusok.de\/wp-includes\/js\/wp-embed.min.js\n\/* ]]> *\/\n<\/script>\n","thumbnail_url":"https:\/\/stuttgarti-katolikusok.de\/wp-content\/uploads\/2020\/05\/szomju-bella.jpeg","thumbnail_width":1600,"thumbnail_height":1200,"description":"Ez alkalommal, unokah\u00fagom, Erika f\u00e9rj\u00e9nek, B\u00e9l\u00e1nak szem\u00e9lyes besz\u00e1mol\u00f3j\u00e1t olvashatj\u00e1tok. Ha m\u00e1skor nem, vas\u00e1rnap mindig ker\u00edt\u00fcnk id\u0151t arra, hogy v\u00e1ltsunk n\u00e9h\u00e1ny sz\u00f3t telefonon. Ilyenkor mindig \u00faton van. A sz\u00e1m\u00e1ra is megterhel\u0151 id\u0151ben pr\u00f3b\u00e1ltam t\u00f6bbsz\u00f6r seg\u00edts\u00e9g\u00e9re sietni, biztatni \u00e9s b\u00e1tor\u00edtani. Megk\u00e9rtem, hogy ossza meg vel\u00fcnk \u00e9rz\u00e9seit. Fogadj\u00e1tok szertettel! Lelkip\u00e1sztori szeretettel, Tibor atya Az \u00e9n H\u00fasv\u00e9tom, t\u00e1vol csal\u00e1domt\u00f3l&#8230; 2020. m\u00e1rcius 1., vas\u00e1rnap, reggel 8 \u00f3ra, S\u00e1rk\u00f6z\u00fajlak. \u00c1tlagosnak t\u0171n\u0151 vas\u00e1rnap reggel. \u00dajb\u00f3l \u00fatra kelek, hogy megtegyek k\u00f6zel 1.000 kilom\u00e9ternyi t\u00e1vols\u00e1got. A hossz\u00fa \u00fat ut\u00e1n n\u00e9h\u00e1ny \u00f3ra pihen\u00e9s, s azt\u00e1n h\u00e9tf\u0151 hajnalban utazunk tov\u00e1bb T\u00f6gingb\u0151l Heidenheimba, hogy eg\u00e9sz h\u00e9ten dolgozzunk. Ezt teszem imm\u00e1r k\u00f6zel \u00f6t \u00e9ve. M\u00e9gis, amikor csak tehetem, cs\u00fct\u00f6rt\u00f6k este \u00fatra kelek, hogy szeretett csal\u00e1dommal lehessek, s p\u00e9nteken \u00e9s szombaton otthon is elv\u00e9gezzem dolgaimat, egy\u00fctt legyek a csal\u00e1ddal. Elb\u00facs\u00fazom, meg\u00f6lelem Erik\u00e1t, a gyerekek, Dorka \u00e9s Bence m\u00e9g alszanak. J\u00f3 utat! Vigy\u00e1zz magadra! Szeretlek! \u2013 magammal viszem a szavakat \u00e9s \u00e9rz\u00e9seket, s k\u00f6zben m\u00e1r azon gondolkodom, hogyan alakulnak majd az elk\u00f6vetkez\u0151 napok\u2026 \u00cdgy kezd\u0151d\u00f6tt! Azt\u00e1n \u00fagy \u00e9reztem, mintha egy hossz\u00fa, v\u00e9get nem \u00e9r\u0151 alag\u00fatba \u00e9rkeztem volna. A hat\u00e1rokat lez\u00e1rt\u00e1k, nem lehet hazamenni. Dorka l\u00e1nyom elesett, elt\u00f6r\u00f6tt a keze\u2026 Otthon kellene lennem, \u00e9n pedig itt vagyok, nem tudok seg\u00edteni, minden Erik\u00e1ra h\u00e1rul. Hi\u00e1ba besz\u00e9l\u00fcnk minden nap, az \u00e9rz\u00e9s m\u00e1r-m\u00e1r b\u00e9n\u00edt. Nem b\u00edrom! B\u00e1tor\u00edtjuk ugyan egym\u00e1st, tal\u00e1n H\u00fasv\u00e9tra hazamehetek\u2026 A hi\u00e1ny\u00e9rzet csak fokoz\u00f3dik, napr\u00f3l napra. Est\u00e9nk\u00e9nt teles\u00edrom p\u00e1rn\u00e1mat tehetetlens\u00e9gemben, reggel f\u00f6lkel\u00e9s, eg\u00e9sznapos robot. \u00cdgy telnek napjaim! Vas\u00e1rnaponk\u00e9nt v\u00e1rom az online k\u00f6zvet\u00edtett szentmis\u00e9ket, pr\u00f3b\u00e1lok lelki er\u0151t gy\u0171jteni. K\u00f6sz\u00f6n\u00f6m Tibornak is a besz\u00e9lget\u00e9seket, a biztat\u00e1st \u00e9s b\u00e1tor\u00edt\u00e1st, a szentmis\u00e9k linkjeit. B\u00e1r nem tartozom e k\u00f6z\u00f6ss\u00e9ghez, most m\u00e9gis k\u00f6zel ker\u00fcltem hozz\u00e1tok. Nagyon sok k\u00e9rd\u00e9s foglalkoztatott ebben az id\u0151ben: Mi\u00e9rt pont \u00e9n? Mit tettem rosszul? Mi\u00e9rt nem lehet\u00fcnk egy\u00fctt legal\u00e1bb H\u00fasv\u00e9tkor? Meddig tart m\u00e9g ez a bizonytalan id\u0151? V\u00e1laszt nem kaptam, de t\u00e9ny, hogy nagyon sokat im\u00e1dkoztam ebben az id\u0151ben,... R\u00e9szletek"}

Szomjú Béla: Az én Húsvétom, távol családomtól... - Stuttgarti Katolikusok

<blockquote class="wp-embedded-content" data-secret="HbZ8gY2jr4"><a href="https://stuttgarti-katolikusok.de/index.php/szomju-bela-az-en-husvetom-tavol-csaladomtol/">Szomjú Béla: Az én Húsvétom, távol családomtól&#8230;</a></blockquote><iframe sandbox="allow-scripts" security="restricted" src="https://stuttgarti-katolikusok.de/index.php/szomju-bela-az-en-husvetom-tavol-csaladomtol/embed/#?secret=HbZ8gY2jr4" width="600" height="338" title="&#8220;Szomjú Béla: Az én Húsvétom, távol családomtól&#8230;&#8221; &#8212; Stuttgarti Katolikusok" data-secret="HbZ8gY2jr4" frameborder="0" marginwidth="0" marginheight="0" scrolling="no" class="wp-embedded-content"></iframe><script type="text/javascript">
/* <![CDATA[ */
/*! This file is auto-generated */
!function(d,l){"use strict";l.querySelector&&d.addEventListener&&"undefined"!=typeof URL&&(d.wp=d.wp||{},d.wp.receiveEmbedMessage||(d.wp.receiveEmbedMessage=function(e){var t=e.data;if((t||t.secret||t.message||t.value)&&!/[^a-zA-Z0-9]/.test(t.secret)){for(var s,r,n,a=l.querySelectorAll('iframe[data-secret="'+t.secret+'"]'),o=l.querySelectorAll('blockquote[data-secret="'+t.secret+'"]'),c=new RegExp("^https?:$","i"),i=0;i<o.length;i++)o[i].style.display="none";for(i=0;i<a.length;i++)s=a[i],e.source===s.contentWindow&&(s.removeAttribute("style"),"height"===t.message?(1e3<(r=parseInt(t.value,10))?r=1e3:~~r<200&&(r=200),s.height=r):"link"===t.message&&(r=new URL(s.getAttribute("src")),n=new URL(t.value),c.test(n.protocol))&&n.host===r.host&&l.activeElement===s&&(d.top.location.href=t.value))}},d.addEventListener("message",d.wp.receiveEmbedMessage,!1),l.addEventListener("DOMContentLoaded",function(){for(var e,t,s=l.querySelectorAll("iframe.wp-embedded-content"),r=0;r<s.length;r++)(t=(e=s[r]).getAttribute("data-secret"))||(t=Math.random().toString(36).substring(2,12),e.src+="#?secret="+t,e.setAttribute("data-secret",t)),e.contentWindow.postMessage({message:"ready",secret:t},"*")},!1)))}(window,document);
//# sourceURL=https://stuttgarti-katolikusok.de/wp-includes/js/wp-embed.min.js
/* ]]> */
</script>

Ez alkalommal, unokahúgom, Erika férjének, Bélának személyes beszámolóját olvashatjátok. Ha máskor nem, vasárnap mindig kerítünk időt arra, hogy váltsunk néhány szót telefonon. Ilyenkor mindig úton van. A számára is megterhelő időben próbáltam többször segítségére sietni, biztatni és bátorítani. Megkértem, hogy ossza meg velünk érzéseit. Fogadjátok szertettel! Lelkipásztori szeretettel, Tibor atya Az én Húsvétom, távol családomtól&#8230; 2020. március 1., vasárnap, reggel 8 óra, Sárközújlak. Átlagosnak tűnő vasárnap reggel. Újból útra kelek, hogy megtegyek közel 1.000 kilométernyi távolságot. A hosszú út után néhány óra pihenés, s aztán hétfő hajnalban utazunk tovább Tögingből Heidenheimba, hogy egész héten dolgozzunk. Ezt teszem immár közel öt éve. Mégis, amikor csak tehetem, csütörtök este útra kelek, hogy szeretett családommal lehessek, s pénteken és szombaton otthon is elvégezzem dolgaimat, együtt legyek a családdal. Elbúcsúzom, megölelem Erikát, a gyerekek, Dorka és Bence még alszanak. Jó utat! Vigyázz magadra! Szeretlek! – magammal viszem a szavakat és érzéseket, s közben már azon gondolkodom, hogyan alakulnak majd az elkövetkező napok… Így kezdődött! Aztán úgy éreztem, mintha egy hosszú, véget nem érő alagútba érkeztem volna. A határokat lezárták, nem lehet hazamenni. Dorka lányom elesett, eltörött a keze… Otthon kellene lennem, én pedig itt vagyok, nem tudok segíteni, minden Erikára hárul. Hiába beszélünk minden nap, az érzés már-már bénít. Nem bírom! Bátorítjuk ugyan egymást, talán Húsvétra hazamehetek… A hiányérzet csak fokozódik, napról napra. Esténként telesírom párnámat tehetetlenségemben, reggel fölkelés, egésznapos robot. Így telnek napjaim! Vasárnaponként várom az online közvetített szentmiséket, próbálok lelki erőt gyűjteni. Köszönöm Tibornak is a beszélgetéseket, a biztatást és bátorítást, a szentmisék linkjeit. Bár nem tartozom e közösséghez, most mégis közel kerültem hozzátok. Nagyon sok kérdés foglalkoztatott ebben az időben: Miért pont én? Mit tettem rosszul? Miért nem lehetünk együtt legalább Húsvétkor? Meddig tart még ez a bizonytalan idő? Választ nem kaptam, de tény, hogy nagyon sokat imádkoztam ebben az időben,... Részletek
