{"version":"1.0","provider_name":"Stuttgarti Katolikusok","provider_url":"https:\/\/stuttgarti-katolikusok.de","title":"\"Sz\u00ednek \u00e9s h\u00edmz\u00e9sek foh\u00e1sza\" - Miseruha ki\u00e1ll\u00edt\u00e1s - Stuttgarti Katolikusok","type":"rich","width":600,"height":338,"html":"<blockquote class=\"wp-embedded-content\" data-secret=\"HarOgWpk2r\"><a href=\"https:\/\/stuttgarti-katolikusok.de\/index.php\/szinek-es-himzesek-fohasza-miseruha-kiallitas\/\">&#8222;Sz\u00ednek \u00e9s h\u00edmz\u00e9sek foh\u00e1sza&#8221; &#8211; Miseruha ki\u00e1ll\u00edt\u00e1s<\/a><\/blockquote><iframe sandbox=\"allow-scripts\" security=\"restricted\" src=\"https:\/\/stuttgarti-katolikusok.de\/index.php\/szinek-es-himzesek-fohasza-miseruha-kiallitas\/embed\/#?secret=HarOgWpk2r\" width=\"600\" height=\"338\" title=\"&#8220;&#8222;Sz\u00ednek \u00e9s h\u00edmz\u00e9sek foh\u00e1sza&#8221; &#8211; Miseruha ki\u00e1ll\u00edt\u00e1s&#8221; &#8212; Stuttgarti Katolikusok\" data-secret=\"HarOgWpk2r\" frameborder=\"0\" marginwidth=\"0\" marginheight=\"0\" scrolling=\"no\" class=\"wp-embedded-content\"><\/iframe><script type=\"text\/javascript\">\n\/* <![CDATA[ *\/\n\/*! This file is auto-generated *\/\n!function(d,l){\"use strict\";l.querySelector&&d.addEventListener&&\"undefined\"!=typeof URL&&(d.wp=d.wp||{},d.wp.receiveEmbedMessage||(d.wp.receiveEmbedMessage=function(e){var t=e.data;if((t||t.secret||t.message||t.value)&&!\/[^a-zA-Z0-9]\/.test(t.secret)){for(var s,r,n,a=l.querySelectorAll('iframe[data-secret=\"'+t.secret+'\"]'),o=l.querySelectorAll('blockquote[data-secret=\"'+t.secret+'\"]'),c=new RegExp(\"^https?:$\",\"i\"),i=0;i<o.length;i++)o[i].style.display=\"none\";for(i=0;i<a.length;i++)s=a[i],e.source===s.contentWindow&&(s.removeAttribute(\"style\"),\"height\"===t.message?(1e3<(r=parseInt(t.value,10))?r=1e3:~~r<200&&(r=200),s.height=r):\"link\"===t.message&&(r=new URL(s.getAttribute(\"src\")),n=new URL(t.value),c.test(n.protocol))&&n.host===r.host&&l.activeElement===s&&(d.top.location.href=t.value))}},d.addEventListener(\"message\",d.wp.receiveEmbedMessage,!1),l.addEventListener(\"DOMContentLoaded\",function(){for(var e,t,s=l.querySelectorAll(\"iframe.wp-embedded-content\"),r=0;r<s.length;r++)(t=(e=s[r]).getAttribute(\"data-secret\"))||(t=Math.random().toString(36).substring(2,12),e.src+=\"#?secret=\"+t,e.setAttribute(\"data-secret\",t)),e.contentWindow.postMessage({message:\"ready\",secret:t},\"*\")},!1)))}(window,document);\n\/\/# sourceURL=https:\/\/stuttgarti-katolikusok.de\/wp-includes\/js\/wp-embed.min.js\n\/* ]]> *\/\n<\/script>\n","thumbnail_url":"https:\/\/stuttgarti-katolikusok.de\/wp-content\/uploads\/2022\/05\/75-jubileum-foto-2-scaled.jpg","thumbnail_width":2560,"thumbnail_height":2560,"description":"A Szent Gell\u00e9rt Egyh\u00e1zk\u00f6zs\u00e9g alap\u00edt\u00e1s\u00e1nak 75. \u00e9vfordul\u00f3j\u00e1ra igyekezt\u00fcnk sz\u00ednes \u00e9s gazdag programot \u00f6ssze\u00e1ll\u00edtani. Ennek a h\u00e1rom napos programnak egyik kiemelked\u0151 esem\u00e9nye a 12 r\u00e9szegyh\u00e1zk\u00f6zs\u00e9g v\u00e9d\u0151szentj\u00e9t \u00e1br\u00e1zol\u00f3 miseruh\u00e1k ki\u00e1ll\u00edt\u00e1sa a Bruder Klaus templomban. A miseruh\u00e1k alkot\u00f3ja \u00e9s k\u00e9sz\u00edt\u0151je, Sab\u0103u-Trifu Cristina egyh\u00e1zm\u0171v\u00e9szn\u0151 Szatm\u00e1rn\u00e9metib\u0151l, aki szem\u00e9lyesen mutatja be ezen miseruh\u00e1kat mind h\u00e1rom alkalommal. P\u00e9nteken \u00e9s szombaton 19.00 \u00f3rakor, illetve vas\u00e1rnap 14.30 \u00f3rakor a Bruder Klaus templomban."}

"Színek és hímzések fohásza" - Miseruha kiállítás - Stuttgarti Katolikusok

<blockquote class="wp-embedded-content" data-secret="HarOgWpk2r"><a href="https://stuttgarti-katolikusok.de/index.php/szinek-es-himzesek-fohasza-miseruha-kiallitas/">&#8222;Színek és hímzések fohásza&#8221; &#8211; Miseruha kiállítás</a></blockquote><iframe sandbox="allow-scripts" security="restricted" src="https://stuttgarti-katolikusok.de/index.php/szinek-es-himzesek-fohasza-miseruha-kiallitas/embed/#?secret=HarOgWpk2r" width="600" height="338" title="&#8220;&#8222;Színek és hímzések fohásza&#8221; &#8211; Miseruha kiállítás&#8221; &#8212; Stuttgarti Katolikusok" data-secret="HarOgWpk2r" frameborder="0" marginwidth="0" marginheight="0" scrolling="no" class="wp-embedded-content"></iframe><script type="text/javascript">
/* <![CDATA[ */
/*! This file is auto-generated */
!function(d,l){"use strict";l.querySelector&&d.addEventListener&&"undefined"!=typeof URL&&(d.wp=d.wp||{},d.wp.receiveEmbedMessage||(d.wp.receiveEmbedMessage=function(e){var t=e.data;if((t||t.secret||t.message||t.value)&&!/[^a-zA-Z0-9]/.test(t.secret)){for(var s,r,n,a=l.querySelectorAll('iframe[data-secret="'+t.secret+'"]'),o=l.querySelectorAll('blockquote[data-secret="'+t.secret+'"]'),c=new RegExp("^https?:$","i"),i=0;i<o.length;i++)o[i].style.display="none";for(i=0;i<a.length;i++)s=a[i],e.source===s.contentWindow&&(s.removeAttribute("style"),"height"===t.message?(1e3<(r=parseInt(t.value,10))?r=1e3:~~r<200&&(r=200),s.height=r):"link"===t.message&&(r=new URL(s.getAttribute("src")),n=new URL(t.value),c.test(n.protocol))&&n.host===r.host&&l.activeElement===s&&(d.top.location.href=t.value))}},d.addEventListener("message",d.wp.receiveEmbedMessage,!1),l.addEventListener("DOMContentLoaded",function(){for(var e,t,s=l.querySelectorAll("iframe.wp-embedded-content"),r=0;r<s.length;r++)(t=(e=s[r]).getAttribute("data-secret"))||(t=Math.random().toString(36).substring(2,12),e.src+="#?secret="+t,e.setAttribute("data-secret",t)),e.contentWindow.postMessage({message:"ready",secret:t},"*")},!1)))}(window,document);
//# sourceURL=https://stuttgarti-katolikusok.de/wp-includes/js/wp-embed.min.js
/* ]]> */
</script>

A Szent Gellért Egyházközség alapításának 75. évfordulójára igyekeztünk színes és gazdag programot összeállítani. Ennek a három napos programnak egyik kiemelkedő eseménye a 12 részegyházközség védőszentjét ábrázoló miseruhák kiállítása a Bruder Klaus templomban. A miseruhák alkotója és készítője, Sabău-Trifu Cristina egyházművésznő Szatmárnémetiből, aki személyesen mutatja be ezen miseruhákat mind három alkalommal. Pénteken és szombaton 19.00 órakor, illetve vasárnap 14.30 órakor a Bruder Klaus templomban.
