{"version":"1.0","provider_name":"Stuttgarti Katolikusok","provider_url":"https:\/\/stuttgarti-katolikusok.de","title":"Szent Istv\u00e1n b\u00facs\u00fa Heidenheimban - Stuttgarti Katolikusok","type":"rich","width":600,"height":338,"html":"<blockquote class=\"wp-embedded-content\" data-secret=\"V3O9u3zRbZ\"><a href=\"https:\/\/stuttgarti-katolikusok.de\/index.php\/szent-istvan-bucsu-heidenheimban-3\/\">Szent Istv\u00e1n b\u00facs\u00fa Heidenheimban<\/a><\/blockquote><iframe sandbox=\"allow-scripts\" security=\"restricted\" src=\"https:\/\/stuttgarti-katolikusok.de\/index.php\/szent-istvan-bucsu-heidenheimban-3\/embed\/#?secret=V3O9u3zRbZ\" width=\"600\" height=\"338\" title=\"&#8220;Szent Istv\u00e1n b\u00facs\u00fa Heidenheimban&#8221; &#8212; Stuttgarti Katolikusok\" data-secret=\"V3O9u3zRbZ\" frameborder=\"0\" marginwidth=\"0\" marginheight=\"0\" scrolling=\"no\" class=\"wp-embedded-content\"><\/iframe><script type=\"text\/javascript\">\n\/* <![CDATA[ *\/\n\/*! This file is auto-generated *\/\n!function(d,l){\"use strict\";l.querySelector&&d.addEventListener&&\"undefined\"!=typeof URL&&(d.wp=d.wp||{},d.wp.receiveEmbedMessage||(d.wp.receiveEmbedMessage=function(e){var t=e.data;if((t||t.secret||t.message||t.value)&&!\/[^a-zA-Z0-9]\/.test(t.secret)){for(var s,r,n,a=l.querySelectorAll('iframe[data-secret=\"'+t.secret+'\"]'),o=l.querySelectorAll('blockquote[data-secret=\"'+t.secret+'\"]'),c=new RegExp(\"^https?:$\",\"i\"),i=0;i<o.length;i++)o[i].style.display=\"none\";for(i=0;i<a.length;i++)s=a[i],e.source===s.contentWindow&&(s.removeAttribute(\"style\"),\"height\"===t.message?(1e3<(r=parseInt(t.value,10))?r=1e3:~~r<200&&(r=200),s.height=r):\"link\"===t.message&&(r=new URL(s.getAttribute(\"src\")),n=new URL(t.value),c.test(n.protocol))&&n.host===r.host&&l.activeElement===s&&(d.top.location.href=t.value))}},d.addEventListener(\"message\",d.wp.receiveEmbedMessage,!1),l.addEventListener(\"DOMContentLoaded\",function(){for(var e,t,s=l.querySelectorAll(\"iframe.wp-embedded-content\"),r=0;r<s.length;r++)(t=(e=s[r]).getAttribute(\"data-secret\"))||(t=Math.random().toString(36).substring(2,12),e.src+=\"#?secret=\"+t,e.setAttribute(\"data-secret\",t)),e.contentWindow.postMessage({message:\"ready\",secret:t},\"*\")},!1)))}(window,document);\n\/\/# sourceURL=https:\/\/stuttgarti-katolikusok.de\/wp-includes\/js\/wp-embed.min.js\n\/* ]]> *\/\n<\/script>\n","thumbnail_url":"https:\/\/stuttgarti-katolikusok.de\/wp-content\/uploads\/2022\/09\/heidenheim-meghivo-bucsu.png","thumbnail_width":987,"thumbnail_height":645,"description":"Kedves H\u00edveim \u00e9s Bar\u00e1taim Heidenheimb\u00f3l \u00e9s k\u00f6rny\u00e9k\u00e9r\u0151l! Szeretettel v\u00e1runk benneteket 2022. szeptember 17-\u00e9n r\u00e9szegyh\u00e1zk\u00f6zs\u00e9g\u00fcnk b\u00facs\u00fa \u00fcnnep\u00e9re. K\u00f6z\u00f6ss\u00e9g\u00fcnk v\u00e9d\u0151szentj\u00e9t, Szent Istv\u00e1n kir\u00e1lyt k\u00f6sz\u00f6ntj\u00fck. A szentmise 15.30 \u00f3rakor kezd\u0151dik, amelyet \u00e1g\u00e1p\u00e9 k\u00f6vet. Ugyancsak ekkor a helyi k\u00f6z\u00f6ss\u00e9g szervez\u0151i r\u00f6vid m\u0171sorral is megaj\u00e1nd\u00e9koznak benn\u00fcnket. Adj\u00e1tok tov\u00e1bb a h\u00edrt, hogy min\u00e9l t\u00f6bben egy\u00fctt \u00fcnnepelhess\u00fcnk! A k\u00f6z\u00f6ss\u00e9g \u00e9s Tibor atya"}

Szent István búcsú Heidenheimban - Stuttgarti Katolikusok

<blockquote class="wp-embedded-content" data-secret="V3O9u3zRbZ"><a href="https://stuttgarti-katolikusok.de/index.php/szent-istvan-bucsu-heidenheimban-3/">Szent István búcsú Heidenheimban</a></blockquote><iframe sandbox="allow-scripts" security="restricted" src="https://stuttgarti-katolikusok.de/index.php/szent-istvan-bucsu-heidenheimban-3/embed/#?secret=V3O9u3zRbZ" width="600" height="338" title="&#8220;Szent István búcsú Heidenheimban&#8221; &#8212; Stuttgarti Katolikusok" data-secret="V3O9u3zRbZ" frameborder="0" marginwidth="0" marginheight="0" scrolling="no" class="wp-embedded-content"></iframe><script type="text/javascript">
/* <![CDATA[ */
/*! This file is auto-generated */
!function(d,l){"use strict";l.querySelector&&d.addEventListener&&"undefined"!=typeof URL&&(d.wp=d.wp||{},d.wp.receiveEmbedMessage||(d.wp.receiveEmbedMessage=function(e){var t=e.data;if((t||t.secret||t.message||t.value)&&!/[^a-zA-Z0-9]/.test(t.secret)){for(var s,r,n,a=l.querySelectorAll('iframe[data-secret="'+t.secret+'"]'),o=l.querySelectorAll('blockquote[data-secret="'+t.secret+'"]'),c=new RegExp("^https?:$","i"),i=0;i<o.length;i++)o[i].style.display="none";for(i=0;i<a.length;i++)s=a[i],e.source===s.contentWindow&&(s.removeAttribute("style"),"height"===t.message?(1e3<(r=parseInt(t.value,10))?r=1e3:~~r<200&&(r=200),s.height=r):"link"===t.message&&(r=new URL(s.getAttribute("src")),n=new URL(t.value),c.test(n.protocol))&&n.host===r.host&&l.activeElement===s&&(d.top.location.href=t.value))}},d.addEventListener("message",d.wp.receiveEmbedMessage,!1),l.addEventListener("DOMContentLoaded",function(){for(var e,t,s=l.querySelectorAll("iframe.wp-embedded-content"),r=0;r<s.length;r++)(t=(e=s[r]).getAttribute("data-secret"))||(t=Math.random().toString(36).substring(2,12),e.src+="#?secret="+t,e.setAttribute("data-secret",t)),e.contentWindow.postMessage({message:"ready",secret:t},"*")},!1)))}(window,document);
//# sourceURL=https://stuttgarti-katolikusok.de/wp-includes/js/wp-embed.min.js
/* ]]> */
</script>

Kedves Híveim és Barátaim Heidenheimból és környékéről! Szeretettel várunk benneteket 2022. szeptember 17-én részegyházközségünk búcsú ünnepére. Közösségünk védőszentjét, Szent István királyt köszöntjük. A szentmise 15.30 órakor kezdődik, amelyet ágápé követ. Ugyancsak ekkor a helyi közösség szervezői rövid műsorral is megajándékoznak bennünket. Adjátok tovább a hírt, hogy minél többen együtt ünnepelhessünk! A közösség és Tibor atya
