{"version":"1.0","provider_name":"Stuttgarti Katolikusok","provider_url":"https:\/\/stuttgarti-katolikusok.de","title":"Sz\u00e9kely Enik\u0151: Digit\u00e1lis H\u00fasv\u00e9t... - Stuttgarti Katolikusok","type":"rich","width":600,"height":338,"html":"<blockquote class=\"wp-embedded-content\" data-secret=\"uUvZoMeMYq\"><a href=\"https:\/\/stuttgarti-katolikusok.de\/index.php\/szekely-eniko-digitalis-husvet\/\">Sz\u00e9kely Enik\u0151: Digit\u00e1lis H\u00fasv\u00e9t&#8230;<\/a><\/blockquote><iframe sandbox=\"allow-scripts\" security=\"restricted\" src=\"https:\/\/stuttgarti-katolikusok.de\/index.php\/szekely-eniko-digitalis-husvet\/embed\/#?secret=uUvZoMeMYq\" width=\"600\" height=\"338\" title=\"&#8220;Sz\u00e9kely Enik\u0151: Digit\u00e1lis H\u00fasv\u00e9t&#8230;&#8221; &#8212; Stuttgarti Katolikusok\" data-secret=\"uUvZoMeMYq\" frameborder=\"0\" marginwidth=\"0\" marginheight=\"0\" scrolling=\"no\" class=\"wp-embedded-content\"><\/iframe><script type=\"text\/javascript\">\n\/* <![CDATA[ *\/\n\/*! This file is auto-generated *\/\n!function(d,l){\"use strict\";l.querySelector&&d.addEventListener&&\"undefined\"!=typeof URL&&(d.wp=d.wp||{},d.wp.receiveEmbedMessage||(d.wp.receiveEmbedMessage=function(e){var t=e.data;if((t||t.secret||t.message||t.value)&&!\/[^a-zA-Z0-9]\/.test(t.secret)){for(var s,r,n,a=l.querySelectorAll('iframe[data-secret=\"'+t.secret+'\"]'),o=l.querySelectorAll('blockquote[data-secret=\"'+t.secret+'\"]'),c=new RegExp(\"^https?:$\",\"i\"),i=0;i<o.length;i++)o[i].style.display=\"none\";for(i=0;i<a.length;i++)s=a[i],e.source===s.contentWindow&&(s.removeAttribute(\"style\"),\"height\"===t.message?(1e3<(r=parseInt(t.value,10))?r=1e3:~~r<200&&(r=200),s.height=r):\"link\"===t.message&&(r=new URL(s.getAttribute(\"src\")),n=new URL(t.value),c.test(n.protocol))&&n.host===r.host&&l.activeElement===s&&(d.top.location.href=t.value))}},d.addEventListener(\"message\",d.wp.receiveEmbedMessage,!1),l.addEventListener(\"DOMContentLoaded\",function(){for(var e,t,s=l.querySelectorAll(\"iframe.wp-embedded-content\"),r=0;r<s.length;r++)(t=(e=s[r]).getAttribute(\"data-secret\"))||(t=Math.random().toString(36).substring(2,12),e.src+=\"#?secret=\"+t,e.setAttribute(\"data-secret\",t)),e.contentWindow.postMessage({message:\"ready\",secret:t},\"*\")},!1)))}(window,document);\n\/\/# sourceURL=https:\/\/stuttgarti-katolikusok.de\/wp-includes\/js\/wp-embed.min.js\n\/* ]]> *\/\n<\/script>\n","thumbnail_url":"https:\/\/stuttgarti-katolikusok.de\/wp-content\/uploads\/2020\/04\/hazioltar1.jpeg","thumbnail_width":1975,"thumbnail_height":1449,"description":"+! Szeretn\u00e9m megk\u00f6sz\u00f6nni Enik\u0151nek ezt a sz\u00e9p \u00edr\u00e1st! Nem tagadom, azzal a gondolattal foglalkoztam napok \u00f3ta, hogy sorozatot ind\u00edtok, hogy l\u00e1ssam: hogyan t\u00f6lt\u00f6tt\u00e9tek otthon a Szent Napokat? \u00c9s akkor j\u00f6tt ez a cikk. Hadd legyen ez az els\u0151, \u00e9s k\u00f6vesse min\u00e9l t\u00f6bb tan\u00fas\u00e1gtev\u0151 \u00edr\u00e1s, hogy l\u00e1ssuk: siker\u00fclt-e otthon is sz\u00e9pen, m\u00e9lt\u00f3s\u00e1gteljesen \u00e9s lelkesen meg\u00fcnnepelnetek Krisztus Urunk felt\u00e1mad\u00e1s\u00e1t? V\u00e1rjuk tov\u00e1bbi \u00edr\u00e1saitokat! Lelkip\u00e1sztori szeretettel, Imre atya &nbsp; Digit\u00e1lis H\u00fasv\u00e9t Hetekkel ezel\u0151tt elk\u00e9pzelni sem tudtuk volna, hogy milyen \u00edvet fog venni a megszor\u00edt\u00e1sok hossz\u00fa sora. Napr\u00f3l napra r\u00f6videbbek lettek lehet\u0151s\u00e9geink, m\u00edgnem elv\u00e1gt\u00e1k a k\u00f6z\u00f6ss\u00e9ghez k\u00f6t\u0151 sz\u00e1lakat is. \u00c9rzelmeink hull\u00e1mvas\u00fatj\u00e1n mindig csak a k\u00f6vetkez\u0151 napokra tudtunk gondolni. Hol volt m\u00e9g a H\u00fasv\u00e9t, s a Felt\u00e1mad\u00e1s? Az id\u0151 nem \u00e1llt meg. A kalend\u00e1riumban a napok teltek, a Nagyh\u00e9t sem a megszokott rendben zajlott, ami m\u00e1r a h\u00fasv\u00e9ti szertart\u00e1sokat is el\u0151revet\u00edtette. A mai kor \u00e9s technika adta lehet\u0151s\u00e9gekkel k\u00f6nny\u0171szerrel csatlakozhatunk b\u00e1rmely v\u00e1ros b\u00e1rmely k\u00f6z\u00f6ss\u00e9g\u00e9nek k\u00f6zvet\u00edt\u00e9s\u00e9hez. Milyen egyszer\u0171en hangzik! Technikailag! De hol marad az emberi? A szem\u00e9lyes vet\u00fclete? Az \u00e9rz\u00e9sei? \u00daj fejezet ny\u00edlt modern \u00e9let\u00fcnkben. M\u00e1r nem csak a t\u00e1rgyakat, az ennival\u00f3t, hanem a lelki t\u00e1pl\u00e1l\u00e9kot is online sz\u00e1ll\u00edtj\u00e1k. S itt van a felki\u00e1lt\u00f3 jel! A lelki t\u00e1pl\u00e1l\u00e9k nem egy juttat\u00e1s, ami j\u00e1r, ha \u00e9pp vev\u0151k vagyunk r\u00e1. S itt van a csapda! A k\u00f6zvet\u00edt\u00e9s j\u00f6n. De! Most rajtunk m\u00falik, hogy \u00fcnnep\u00e9lyess\u00e9 tegy\u00fck lelki alkalmainkat. Most mi kell berendezz\u00fck templomainkat. Most mi kell a gyertya l\u00e1ngj\u00e1n\u00e1l szeretteink szem\u00e9ben a szeretetet felfedezz\u00fck. Most mi kell, hogy helyet adjunk a felt\u00e1mad\u00f3 Krisztusnak, csak\u00fagy, mint a sz\u00e1ll\u00e1skeres\u0151 Szent Csal\u00e1dnak. Technikailag minden lehets\u00e9ges. Hidegen hangzik s az is, ha azz\u00e1 tessz\u00fck: digit\u00e1lis H\u00fasv\u00e9t. S ott van a lelkek p\u00e1sztora, akit ma villanyp\u00e1sztornak is neveznek. Ugyanaz a p\u00e1sztor, aki a nagyb\u00f6jti lelkigyakorlaton seg\u00edtett nagytakar\u00edt\u00e1st v\u00e9gezni benned, aki ott van, ha m\u00e1r semmilyen ki\u00fatat nem l\u00e1tsz magad el\u0151tt, most holmi dr\u00f3tos villanyp\u00e1sztorr\u00e1 vedlett... R\u00e9szletek"}

Székely Enikő: Digitális Húsvét... - Stuttgarti Katolikusok

<blockquote class="wp-embedded-content" data-secret="uUvZoMeMYq"><a href="https://stuttgarti-katolikusok.de/index.php/szekely-eniko-digitalis-husvet/">Székely Enikő: Digitális Húsvét&#8230;</a></blockquote><iframe sandbox="allow-scripts" security="restricted" src="https://stuttgarti-katolikusok.de/index.php/szekely-eniko-digitalis-husvet/embed/#?secret=uUvZoMeMYq" width="600" height="338" title="&#8220;Székely Enikő: Digitális Húsvét&#8230;&#8221; &#8212; Stuttgarti Katolikusok" data-secret="uUvZoMeMYq" frameborder="0" marginwidth="0" marginheight="0" scrolling="no" class="wp-embedded-content"></iframe><script type="text/javascript">
/* <![CDATA[ */
/*! This file is auto-generated */
!function(d,l){"use strict";l.querySelector&&d.addEventListener&&"undefined"!=typeof URL&&(d.wp=d.wp||{},d.wp.receiveEmbedMessage||(d.wp.receiveEmbedMessage=function(e){var t=e.data;if((t||t.secret||t.message||t.value)&&!/[^a-zA-Z0-9]/.test(t.secret)){for(var s,r,n,a=l.querySelectorAll('iframe[data-secret="'+t.secret+'"]'),o=l.querySelectorAll('blockquote[data-secret="'+t.secret+'"]'),c=new RegExp("^https?:$","i"),i=0;i<o.length;i++)o[i].style.display="none";for(i=0;i<a.length;i++)s=a[i],e.source===s.contentWindow&&(s.removeAttribute("style"),"height"===t.message?(1e3<(r=parseInt(t.value,10))?r=1e3:~~r<200&&(r=200),s.height=r):"link"===t.message&&(r=new URL(s.getAttribute("src")),n=new URL(t.value),c.test(n.protocol))&&n.host===r.host&&l.activeElement===s&&(d.top.location.href=t.value))}},d.addEventListener("message",d.wp.receiveEmbedMessage,!1),l.addEventListener("DOMContentLoaded",function(){for(var e,t,s=l.querySelectorAll("iframe.wp-embedded-content"),r=0;r<s.length;r++)(t=(e=s[r]).getAttribute("data-secret"))||(t=Math.random().toString(36).substring(2,12),e.src+="#?secret="+t,e.setAttribute("data-secret",t)),e.contentWindow.postMessage({message:"ready",secret:t},"*")},!1)))}(window,document);
//# sourceURL=https://stuttgarti-katolikusok.de/wp-includes/js/wp-embed.min.js
/* ]]> */
</script>

+! Szeretném megköszönni Enikőnek ezt a szép írást! Nem tagadom, azzal a gondolattal foglalkoztam napok óta, hogy sorozatot indítok, hogy lássam: hogyan töltöttétek otthon a Szent Napokat? És akkor jött ez a cikk. Hadd legyen ez az első, és kövesse minél több tanúságtevő írás, hogy lássuk: sikerült-e otthon is szépen, méltóságteljesen és lelkesen megünnepelnetek Krisztus Urunk feltámadását? Várjuk további írásaitokat! Lelkipásztori szeretettel, Imre atya &nbsp; Digitális Húsvét Hetekkel ezelőtt elképzelni sem tudtuk volna, hogy milyen ívet fog venni a megszorítások hosszú sora. Napról napra rövidebbek lettek lehetőségeink, mígnem elvágták a közösséghez kötő szálakat is. Érzelmeink hullámvasútján mindig csak a következő napokra tudtunk gondolni. Hol volt még a Húsvét, s a Feltámadás? Az idő nem állt meg. A kalendáriumban a napok teltek, a Nagyhét sem a megszokott rendben zajlott, ami már a húsvéti szertartásokat is előrevetítette. A mai kor és technika adta lehetőségekkel könnyűszerrel csatlakozhatunk bármely város bármely közösségének közvetítéséhez. Milyen egyszerűen hangzik! Technikailag! De hol marad az emberi? A személyes vetülete? Az érzései? Új fejezet nyílt modern életünkben. Már nem csak a tárgyakat, az ennivalót, hanem a lelki táplálékot is online szállítják. S itt van a felkiáltó jel! A lelki táplálék nem egy juttatás, ami jár, ha épp vevők vagyunk rá. S itt van a csapda! A közvetítés jön. De! Most rajtunk múlik, hogy ünnepélyessé tegyük lelki alkalmainkat. Most mi kell berendezzük templomainkat. Most mi kell a gyertya lángjánál szeretteink szemében a szeretetet felfedezzük. Most mi kell, hogy helyet adjunk a feltámadó Krisztusnak, csakúgy, mint a szálláskereső Szent Családnak. Technikailag minden lehetséges. Hidegen hangzik s az is, ha azzá tesszük: digitális Húsvét. S ott van a lelkek pásztora, akit ma villanypásztornak is neveznek. Ugyanaz a pásztor, aki a nagyböjti lelkigyakorlaton segített nagytakarítást végezni benned, aki ott van, ha már semmilyen kiútat nem látsz magad előtt, most holmi drótos villanypásztorrá vedlett... Részletek
