{"version":"1.0","provider_name":"Stuttgarti Katolikusok","provider_url":"https:\/\/stuttgarti-katolikusok.de","title":"Sz\u00e9kely Enik\u0151: Aj\u00e1nd\u00e9k - Stuttgarti Katolikusok","type":"rich","width":600,"height":338,"html":"<blockquote class=\"wp-embedded-content\" data-secret=\"WZJvqZEtIl\"><a href=\"https:\/\/stuttgarti-katolikusok.de\/index.php\/szekely-eniko-ajandek\/\">Sz\u00e9kely Enik\u0151: Aj\u00e1nd\u00e9k<\/a><\/blockquote><iframe sandbox=\"allow-scripts\" security=\"restricted\" src=\"https:\/\/stuttgarti-katolikusok.de\/index.php\/szekely-eniko-ajandek\/embed\/#?secret=WZJvqZEtIl\" width=\"600\" height=\"338\" title=\"&#8220;Sz\u00e9kely Enik\u0151: Aj\u00e1nd\u00e9k&#8221; &#8212; Stuttgarti Katolikusok\" data-secret=\"WZJvqZEtIl\" frameborder=\"0\" marginwidth=\"0\" marginheight=\"0\" scrolling=\"no\" class=\"wp-embedded-content\"><\/iframe><script type=\"text\/javascript\">\n\/* <![CDATA[ *\/\n\/*! This file is auto-generated *\/\n!function(d,l){\"use strict\";l.querySelector&&d.addEventListener&&\"undefined\"!=typeof URL&&(d.wp=d.wp||{},d.wp.receiveEmbedMessage||(d.wp.receiveEmbedMessage=function(e){var t=e.data;if((t||t.secret||t.message||t.value)&&!\/[^a-zA-Z0-9]\/.test(t.secret)){for(var s,r,n,a=l.querySelectorAll('iframe[data-secret=\"'+t.secret+'\"]'),o=l.querySelectorAll('blockquote[data-secret=\"'+t.secret+'\"]'),c=new RegExp(\"^https?:$\",\"i\"),i=0;i<o.length;i++)o[i].style.display=\"none\";for(i=0;i<a.length;i++)s=a[i],e.source===s.contentWindow&&(s.removeAttribute(\"style\"),\"height\"===t.message?(1e3<(r=parseInt(t.value,10))?r=1e3:~~r<200&&(r=200),s.height=r):\"link\"===t.message&&(r=new URL(s.getAttribute(\"src\")),n=new URL(t.value),c.test(n.protocol))&&n.host===r.host&&l.activeElement===s&&(d.top.location.href=t.value))}},d.addEventListener(\"message\",d.wp.receiveEmbedMessage,!1),l.addEventListener(\"DOMContentLoaded\",function(){for(var e,t,s=l.querySelectorAll(\"iframe.wp-embedded-content\"),r=0;r<s.length;r++)(t=(e=s[r]).getAttribute(\"data-secret\"))||(t=Math.random().toString(36).substring(2,12),e.src+=\"#?secret=\"+t,e.setAttribute(\"data-secret\",t)),e.contentWindow.postMessage({message:\"ready\",secret:t},\"*\")},!1)))}(window,document);\n\/\/# sourceURL=https:\/\/stuttgarti-katolikusok.de\/wp-includes\/js\/wp-embed.min.js\n\/* ]]> *\/\n<\/script>\n","thumbnail_url":"https:\/\/stuttgarti-katolikusok.de\/wp-content\/uploads\/2019\/05\/elsealdozok.jpg","thumbnail_width":1200,"thumbnail_height":800,"description":"Aj\u00e1nd\u00e9k \u2013 Jubileumi, els\u0151\u00e1ldoz\u00e1si \u00e9s b\u00e9rm\u00e1l\u00e1si szentmise Stuttgartban. &nbsp; \u201e\u00dcdv\u00f6z\u00f6lt l\u00e9gy kedves \u00fcnnep, Tiszta sz\u00edvek \u00fcnnepe! Ragyogjon be feh\u00e9r f\u00e9nyed Sz\u00edv\u00fcnk \u2013 lelk\u00fcnk m\u00e9ly\u00e9be. \u201d S\u00edk S\u00e1ndor Feh\u00e9r nap c\u00edm\u0171 vers\u00e9b\u0151l val\u00f3 ez a r\u00e9szlet, amely nagyszer\u0171en kifejezi azt a lelki k\u00e9sz\u00fcl\u0151d\u00e9st, amelyben r\u00e9sze van a mindenkori els\u0151\u00e1ldoz\u00f3 gyerekeknek. Az \u00dcnnepet megel\u0151zte a felk\u00e9sz\u00fcl\u00e9si id\u0151szak, amelyet Imre atya ir\u00e1ny\u00edtott gondosan. Els\u0151\u00e1ldoz\u00e1sra k\u00e9sz\u00fclt\u00fcnk, J\u00e9zus kis \u00e9s nagy bar\u00e1tai komolyan vett\u00e9k feladataikat, sz\u00fcleikkel is tanultak, k\u00e9sz\u00fcltek a b\u00e9rm\u00e1l\u00e1sra, a szentgy\u00f3n\u00e1sra \u00e9s a szent\u00e1ldoz\u00e1sra. Izgatottan v\u00e1rtuk az els\u0151\u00e1ldoz\u00e1s napj\u00e1t, azt az \u00fcnnep\u00e9lyes pillanatot, amikor el\u0151sz\u00f6r ker\u00fcl sor a szent\u00e1ldoz\u00e1sra. Csal\u00e1dunkban is nagy \u00fcnnepre k\u00e9sz\u00fclt\u00fcnk, sz\u00fcleink \u00e9s testv\u00e9reink a csal\u00e1djaikkal \u00e9rkeztek a messzi Erd\u00e9lyb\u0151l \u00e9s Magyarorsz\u00e1gr\u00f3l, hogy r\u00e9szesei lehessenek \u00f6r\u00f6m\u00fcnknek. Imre atya a Szent Gell\u00e9rt Egyh\u00e1zk\u00f6zs\u00e9g 72 \u00e9ves jubileumi szentmise kereteit t\u00e1g\u00edtotta ki, \u00edgy az els\u0151\u00e1ldoz\u00f3k \u00e9s b\u00e9rm\u00e1lkoz\u00f3k egy\u00fctt \u00fcnnepelhettek a 15 r\u00e9szegyh\u00e1zk\u00f6zs\u00e9g h\u00edveivel, csal\u00e1dtagjaikkal, rokonaikkal \u00e9s a sok-sok vend\u00e9ggel. D\u00edszvend\u00e9g Dr. M\u00e1rfi Gyula veszpr\u00e9mi \u00e9rsek atya volt, aki a sz\u00edvhezsz\u00f3l\u00f3 \u00e9s k\u00f6zvetlen pr\u00e9dik\u00e1ci\u00f3j\u00e1val azonnal megh\u00f3d\u00edtotta a jelenl\u00e9v\u0151k sz\u00edv\u00e9t. Aj\u00e1nd\u00e9kba kaptuk azokat a szem\u00e9lyes t\u00f6rt\u00e9neteket, amelyekkel el\u00e9rte a szomjaz\u00f3k, a k\u00e9tked\u0151k, a keres\u0151k, s a m\u00e1r \u00fatjaikat megtal\u00e1l\u00f3kat is. Azt is mondhatn\u00e1nk, hogy csak az nem hallotta meg a neki sz\u00f3l\u00f3 szavakat, aki nem akarta. S mindezt egy lend\u00fcletes, mag\u00e1val ragad\u00f3, humoros el\u0151ad\u00e1sm\u00f3dban, s m\u00e9g egyszer hangs\u00falyozn\u00e1m: k\u00f6zvetlen st\u00edlusban! Az \u00dcnnepet megtisztelte jelenl\u00e9t\u00e9vel dr. Tak\u00e1ts Istv\u00e1n \u00e9rseki irodaigazgat\u00f3, \u00e9s Tibor atya is. Imre atya, mint egy tehets\u00e9ges karmester hangolta \u00f6ssze az esem\u00e9nyeket, szem\u00e9lyeket \u00e9s feladatokat. A hangs\u00faly az \u00f6sszetartoz\u00e1son \u00e9s a szereteten volt. Mi, mindannyian \u00e9rezt\u00fck a pillanatok magasztoss\u00e1g\u00e1t, s mer\u00e9szen kijelenthetem, hogy amikor a templom k\u00f6z\u00f6ss\u00e9ge a Miaty\u00e1nkot k\u00e9zenfogva im\u00e1dkozta, az id\u0151 is meg\u00e1llt. Megsz\u0171nt a t\u00e9r, megsz\u00fcntek a k\u00fcl\u00f6nb\u00f6z\u0151s\u00e9gek, s mi mindannyian egyek voltunk az im\u00e1ban. Ezt \u00e9rezt\u00e9k az els\u0151\u00e1ldoz\u00f3 gyerekek is, akik \u00e1h\u00edtattal vett\u00e9k magukhoz Isten test\u00e9t \u00e9s v\u00e9r\u00e9t \u00e1br\u00e1zol\u00f3 szentelt... R\u00e9szletek"}

Székely Enikő: Ajándék - Stuttgarti Katolikusok

<blockquote class="wp-embedded-content" data-secret="WZJvqZEtIl"><a href="https://stuttgarti-katolikusok.de/index.php/szekely-eniko-ajandek/">Székely Enikő: Ajándék</a></blockquote><iframe sandbox="allow-scripts" security="restricted" src="https://stuttgarti-katolikusok.de/index.php/szekely-eniko-ajandek/embed/#?secret=WZJvqZEtIl" width="600" height="338" title="&#8220;Székely Enikő: Ajándék&#8221; &#8212; Stuttgarti Katolikusok" data-secret="WZJvqZEtIl" frameborder="0" marginwidth="0" marginheight="0" scrolling="no" class="wp-embedded-content"></iframe><script type="text/javascript">
/* <![CDATA[ */
/*! This file is auto-generated */
!function(d,l){"use strict";l.querySelector&&d.addEventListener&&"undefined"!=typeof URL&&(d.wp=d.wp||{},d.wp.receiveEmbedMessage||(d.wp.receiveEmbedMessage=function(e){var t=e.data;if((t||t.secret||t.message||t.value)&&!/[^a-zA-Z0-9]/.test(t.secret)){for(var s,r,n,a=l.querySelectorAll('iframe[data-secret="'+t.secret+'"]'),o=l.querySelectorAll('blockquote[data-secret="'+t.secret+'"]'),c=new RegExp("^https?:$","i"),i=0;i<o.length;i++)o[i].style.display="none";for(i=0;i<a.length;i++)s=a[i],e.source===s.contentWindow&&(s.removeAttribute("style"),"height"===t.message?(1e3<(r=parseInt(t.value,10))?r=1e3:~~r<200&&(r=200),s.height=r):"link"===t.message&&(r=new URL(s.getAttribute("src")),n=new URL(t.value),c.test(n.protocol))&&n.host===r.host&&l.activeElement===s&&(d.top.location.href=t.value))}},d.addEventListener("message",d.wp.receiveEmbedMessage,!1),l.addEventListener("DOMContentLoaded",function(){for(var e,t,s=l.querySelectorAll("iframe.wp-embedded-content"),r=0;r<s.length;r++)(t=(e=s[r]).getAttribute("data-secret"))||(t=Math.random().toString(36).substring(2,12),e.src+="#?secret="+t,e.setAttribute("data-secret",t)),e.contentWindow.postMessage({message:"ready",secret:t},"*")},!1)))}(window,document);
//# sourceURL=https://stuttgarti-katolikusok.de/wp-includes/js/wp-embed.min.js
/* ]]> */
</script>

Ajándék – Jubileumi, elsőáldozási és bérmálási szentmise Stuttgartban. &nbsp; „Üdvözölt légy kedves ünnep, Tiszta szívek ünnepe! Ragyogjon be fehér fényed Szívünk – lelkünk mélyébe. ” Sík Sándor Fehér nap című verséből való ez a részlet, amely nagyszerűen kifejezi azt a lelki készülődést, amelyben része van a mindenkori elsőáldozó gyerekeknek. Az Ünnepet megelőzte a felkészülési időszak, amelyet Imre atya irányított gondosan. Elsőáldozásra készültünk, Jézus kis és nagy barátai komolyan vették feladataikat, szüleikkel is tanultak, készültek a bérmálásra, a szentgyónásra és a szentáldozásra. Izgatottan vártuk az elsőáldozás napját, azt az ünnepélyes pillanatot, amikor először kerül sor a szentáldozásra. Családunkban is nagy ünnepre készültünk, szüleink és testvéreink a családjaikkal érkeztek a messzi Erdélyből és Magyarországról, hogy részesei lehessenek örömünknek. Imre atya a Szent Gellért Egyházközség 72 éves jubileumi szentmise kereteit tágította ki, így az elsőáldozók és bérmálkozók együtt ünnepelhettek a 15 részegyházközség híveivel, családtagjaikkal, rokonaikkal és a sok-sok vendéggel. Díszvendég Dr. Márfi Gyula veszprémi érsek atya volt, aki a szívhezszóló és közvetlen prédikációjával azonnal meghódította a jelenlévők szívét. Ajándékba kaptuk azokat a személyes történeteket, amelyekkel elérte a szomjazók, a kétkedők, a keresők, s a már útjaikat megtalálókat is. Azt is mondhatnánk, hogy csak az nem hallotta meg a neki szóló szavakat, aki nem akarta. S mindezt egy lendületes, magával ragadó, humoros előadásmódban, s még egyszer hangsúlyoznám: közvetlen stílusban! Az Ünnepet megtisztelte jelenlétével dr. Takáts István érseki irodaigazgató, és Tibor atya is. Imre atya, mint egy tehetséges karmester hangolta össze az eseményeket, személyeket és feladatokat. A hangsúly az összetartozáson és a szereteten volt. Mi, mindannyian éreztük a pillanatok magasztosságát, s merészen kijelenthetem, hogy amikor a templom közössége a Miatyánkot kézenfogva imádkozta, az idő is megállt. Megszűnt a tér, megszüntek a különbözőségek, s mi mindannyian egyek voltunk az imában. Ezt érezték az elsőáldozó gyerekek is, akik áhítattal vették magukhoz Isten testét és vérét ábrázoló szentelt... Részletek
