{"version":"1.0","provider_name":"Stuttgarti Katolikusok","provider_url":"https:\/\/stuttgarti-katolikusok.de","title":"Sz\u00e9kely Enik\u0151: A cs\u00edkszeredai p\u00e1pal\u00e1togat\u00e1s marg\u00f3j\u00e1ra - Stuttgarti Katolikusok","type":"rich","width":600,"height":338,"html":"<blockquote class=\"wp-embedded-content\" data-secret=\"V8umC7efH6\"><a href=\"https:\/\/stuttgarti-katolikusok.de\/index.php\/szekely-eniko-a-csikszeredai-papalatogatas-margojara\/\">Sz\u00e9kely Enik\u0151: A cs\u00edkszeredai p\u00e1pal\u00e1togat\u00e1s marg\u00f3j\u00e1ra<\/a><\/blockquote><iframe sandbox=\"allow-scripts\" security=\"restricted\" src=\"https:\/\/stuttgarti-katolikusok.de\/index.php\/szekely-eniko-a-csikszeredai-papalatogatas-margojara\/embed\/#?secret=V8umC7efH6\" width=\"600\" height=\"338\" title=\"&#8220;Sz\u00e9kely Enik\u0151: A cs\u00edkszeredai p\u00e1pal\u00e1togat\u00e1s marg\u00f3j\u00e1ra&#8221; &#8212; Stuttgarti Katolikusok\" data-secret=\"V8umC7efH6\" frameborder=\"0\" marginwidth=\"0\" marginheight=\"0\" scrolling=\"no\" class=\"wp-embedded-content\"><\/iframe><script type=\"text\/javascript\">\n\/* <![CDATA[ *\/\n\/*! This file is auto-generated *\/\n!function(d,l){\"use strict\";l.querySelector&&d.addEventListener&&\"undefined\"!=typeof URL&&(d.wp=d.wp||{},d.wp.receiveEmbedMessage||(d.wp.receiveEmbedMessage=function(e){var t=e.data;if((t||t.secret||t.message||t.value)&&!\/[^a-zA-Z0-9]\/.test(t.secret)){for(var s,r,n,a=l.querySelectorAll('iframe[data-secret=\"'+t.secret+'\"]'),o=l.querySelectorAll('blockquote[data-secret=\"'+t.secret+'\"]'),c=new RegExp(\"^https?:$\",\"i\"),i=0;i<o.length;i++)o[i].style.display=\"none\";for(i=0;i<a.length;i++)s=a[i],e.source===s.contentWindow&&(s.removeAttribute(\"style\"),\"height\"===t.message?(1e3<(r=parseInt(t.value,10))?r=1e3:~~r<200&&(r=200),s.height=r):\"link\"===t.message&&(r=new URL(s.getAttribute(\"src\")),n=new URL(t.value),c.test(n.protocol))&&n.host===r.host&&l.activeElement===s&&(d.top.location.href=t.value))}},d.addEventListener(\"message\",d.wp.receiveEmbedMessage,!1),l.addEventListener(\"DOMContentLoaded\",function(){for(var e,t,s=l.querySelectorAll(\"iframe.wp-embedded-content\"),r=0;r<s.length;r++)(t=(e=s[r]).getAttribute(\"data-secret\"))||(t=Math.random().toString(36).substring(2,12),e.src+=\"#?secret=\"+t,e.setAttribute(\"data-secret\",t)),e.contentWindow.postMessage({message:\"ready\",secret:t},\"*\")},!1)))}(window,document);\n\/\/# sourceURL=https:\/\/stuttgarti-katolikusok.de\/wp-includes\/js\/wp-embed.min.js\n\/* ]]> *\/\n<\/script>\n","thumbnail_url":"https:\/\/stuttgarti-katolikusok.de\/wp-content\/uploads\/2019\/07\/papa.jpg","thumbnail_width":1308,"thumbnail_height":872,"description":"\u201e J\u00f3l csak a sz\u00edv\u00e9vel l\u00e1t az ember.\u201d (Antoine de Saint-Exup\u00e9ry) A cs\u00edkszeredai p\u00e1pal\u00e1togat\u00e1s marg\u00f3j\u00e1ra V\u00e1rakoz\u00e1ssal telve indultunk \u00fatnak Haza, Cs\u00edkszered\u00e1ba, ahol kedves sz\u00fcl\u0151v\u00e1rosom t\u00f6rt\u00e9nelmi esem\u00e9nyre k\u00e9sz\u00fclt. Ferenc p\u00e1pa l\u00e1togat\u00e1s\u00e1nak h\u00edre Cs\u00edksomly\u00f3n h\u00f3napokkal kor\u00e1bban megmozgatta a helyieket \u00e9s ezzel egyid\u0151ben a m\u00e9di\u00e1t is. Olvashattunk mindenf\u00e9le f\u00f3rumon arr\u00f3l, hogy mi\u00e9rt j\u00f3 \u00e9s mi\u00e9rt elit\u00e9lend\u0151 ez az esem\u00e9ny, mit kapnak a sz\u00e9kelyek, \u00e9s mekkora \u00e1ldozattal j\u00e1r ez a l\u00e1togat\u00e1s. A szavak \u00e1radat\u00e1ban neh\u00e9z volt kisz\u0171rni a j\u00f3zan gondolkod\u00e1s\u00fa \u00e9s \u00e9szj\u00e1r\u00e1s\u00fa v\u00e9lem\u00e9nyeket. Aki zar\u00e1ndokk\u00e9nt indul \u00fatnak, kiz\u00e1rja a k\u00fclvil\u00e1got, elcsendesedik \u00e9s mag\u00e1ban keresi a v\u00e1laszokat a felmer\u00fcl\u0151 k\u00e9rd\u00e9sekre. \u00cdgy volt ez vel\u00fcnk is. A nyugati vil\u00e1gban \u00e9lve begy\u0171jt\u00f6tt\u00fcnk minden sz\u00fcks\u00e9ges pap\u00edrt: iskolai enged\u00e9lyt, munkahelyi szabads\u00e1got, s rep\u00fclhett\u00fcnk v\u00e1gyakoz\u00e1ssal telve Marosv\u00e1s\u00e1rhelyre. Cs\u00edkszered\u00e1ba tartva meg\u00e1llap\u00edtottuk, hogy abba az ir\u00e1nyba nagy a forgalom, a szembej\u00f6v\u0151 forgalom viszont igen szer\u00e9ny. Mindenki igyekezett meg\u00e9rkezni cs\u00fct\u00f6rt\u00f6k est\u00e9re, mivel akkor z\u00e1rultak a v\u00e1rosba vezet\u0151 f\u0151bb \u00fatvonalak. Cs\u00edkszereda komolyan vette a feladatot, s b\u00e1r ehhez hasonl\u00f3 esem\u00e9ny m\u00e9g nem ker\u00fclt megrendez\u00e9sre a v\u00e1rosban, ennek ellen\u00e9re szakemberek \u00e9s \u00f6nk\u00e9ntesek seg\u00edts\u00e9g\u00e9vel mindent r\u00e9szletesen megterveztek, s felk\u00e9sz\u00fclve v\u00e1rt\u00e1k mindazokat a vend\u00e9geket, akik az el\u0151zetes r\u00e9mh\u00edrek ellen\u00e9re is vett\u00e9k a f\u00e1radts\u00e1got \u00e9s jelen voltak.\u00a0 Cs\u00fct\u00f6rt\u00f6k\u00f6n \u00e9s p\u00e9nteken nyugalom honolt a v\u00e1rosban. A k\u00e9sz\u00fcl\u0151d\u00e9s, a r\u00e1hangol\u00f3d\u00e1s, a v\u00e1rakoz\u00e1s nyugalma. \u00c9rdekess\u00e9g volt, hogy minden \u00fatkeresztez\u0151d\u00e9sben egy rend\u0151r \u00e1llt, fel\u00fcgyelve azt a rendet, ami mag\u00e1t\u00f3l \u00e9rtet\u0151d\u0151 volt. Szombaton reggel 6:45-kor tal\u00e1lkoztunk csoportunkkal a M\u00e1rton\u00a0 \u00c1ron Gimn\u00e1zium, az egykori Alma Mater-em el\u0151tt. Az id\u0151j\u00e1r\u00e1s el\u0151rejelz\u00e9s es\u0151t mutatott, s nem csal\u00f3dtunk: 7 \u00f3rakor kezdett esni az es\u0151, amely nem k\u00edm\u00e9lte a mindenhonnan \u00e9rkez\u0151 zar\u00e1ndokokat, kitart\u00f3an esett \u00f3r\u00e1kig. Cs\u00edkban nincs b\u00facs\u00fa es\u0151 n\u00e9lk\u00fcl, amely egyid\u0151ben \u00e1ld\u00e1s \u00e9s megtiszt\u00edt\u00f3 hat\u00e1sa is van. Csoportunkkal csatlakoztunk a Cs\u00edksomly\u00f3 fele vezet\u0151 \u00faton a zar\u00e1ndokokhoz, ahol t\u00f6m\u00f6tt sorokban, \u00e9nekelve \u00e9s im\u00e1dkozva zar\u00e1ndokoltunk a Sz\u0171zany\u00e1hoz. Az es\u0151 csak esett, el\u0151ker\u00fcltek az es\u0151kab\u00e1tok, es\u0151erny\u0151k, de a zar\u00e1ndokok nem... R\u00e9szletek"}

Székely Enikő: A csíkszeredai pápalátogatás margójára - Stuttgarti Katolikusok

<blockquote class="wp-embedded-content" data-secret="V8umC7efH6"><a href="https://stuttgarti-katolikusok.de/index.php/szekely-eniko-a-csikszeredai-papalatogatas-margojara/">Székely Enikő: A csíkszeredai pápalátogatás margójára</a></blockquote><iframe sandbox="allow-scripts" security="restricted" src="https://stuttgarti-katolikusok.de/index.php/szekely-eniko-a-csikszeredai-papalatogatas-margojara/embed/#?secret=V8umC7efH6" width="600" height="338" title="&#8220;Székely Enikő: A csíkszeredai pápalátogatás margójára&#8221; &#8212; Stuttgarti Katolikusok" data-secret="V8umC7efH6" frameborder="0" marginwidth="0" marginheight="0" scrolling="no" class="wp-embedded-content"></iframe><script type="text/javascript">
/* <![CDATA[ */
/*! This file is auto-generated */
!function(d,l){"use strict";l.querySelector&&d.addEventListener&&"undefined"!=typeof URL&&(d.wp=d.wp||{},d.wp.receiveEmbedMessage||(d.wp.receiveEmbedMessage=function(e){var t=e.data;if((t||t.secret||t.message||t.value)&&!/[^a-zA-Z0-9]/.test(t.secret)){for(var s,r,n,a=l.querySelectorAll('iframe[data-secret="'+t.secret+'"]'),o=l.querySelectorAll('blockquote[data-secret="'+t.secret+'"]'),c=new RegExp("^https?:$","i"),i=0;i<o.length;i++)o[i].style.display="none";for(i=0;i<a.length;i++)s=a[i],e.source===s.contentWindow&&(s.removeAttribute("style"),"height"===t.message?(1e3<(r=parseInt(t.value,10))?r=1e3:~~r<200&&(r=200),s.height=r):"link"===t.message&&(r=new URL(s.getAttribute("src")),n=new URL(t.value),c.test(n.protocol))&&n.host===r.host&&l.activeElement===s&&(d.top.location.href=t.value))}},d.addEventListener("message",d.wp.receiveEmbedMessage,!1),l.addEventListener("DOMContentLoaded",function(){for(var e,t,s=l.querySelectorAll("iframe.wp-embedded-content"),r=0;r<s.length;r++)(t=(e=s[r]).getAttribute("data-secret"))||(t=Math.random().toString(36).substring(2,12),e.src+="#?secret="+t,e.setAttribute("data-secret",t)),e.contentWindow.postMessage({message:"ready",secret:t},"*")},!1)))}(window,document);
//# sourceURL=https://stuttgarti-katolikusok.de/wp-includes/js/wp-embed.min.js
/* ]]> */
</script>

„ Jól csak a szívével lát az ember.” (Antoine de Saint-Exupéry) A csíkszeredai pápalátogatás margójára Várakozással telve indultunk útnak Haza, Csíkszeredába, ahol kedves szülővárosom történelmi eseményre készült. Ferenc pápa látogatásának híre Csíksomlyón hónapokkal korábban megmozgatta a helyieket és ezzel egyidőben a médiát is. Olvashattunk mindenféle fórumon arról, hogy miért jó és miért elitélendő ez az esemény, mit kapnak a székelyek, és mekkora áldozattal jár ez a látogatás. A szavak áradatában nehéz volt kiszűrni a józan gondolkodású és észjárású véleményeket. Aki zarándokként indul útnak, kizárja a külvilágot, elcsendesedik és magában keresi a válaszokat a felmerülő kérdésekre. Így volt ez velünk is. A nyugati világban élve begyűjtöttünk minden szükséges papírt: iskolai engedélyt, munkahelyi szabadságot, s repülhettünk vágyakozással telve Marosvásárhelyre. Csíkszeredába tartva megállapítottuk, hogy abba az irányba nagy a forgalom, a szembejövő forgalom viszont igen szerény. Mindenki igyekezett megérkezni csütörtök estére, mivel akkor zárultak a városba vezető főbb útvonalak. Csíkszereda komolyan vette a feladatot, s bár ehhez hasonló esemény még nem került megrendezésre a városban, ennek ellenére szakemberek és önkéntesek segítségével mindent részletesen megterveztek, s felkészülve várták mindazokat a vendégeket, akik az előzetes rémhírek ellenére is vették a fáradtságot és jelen voltak.  Csütörtökön és pénteken nyugalom honolt a városban. A készülődés, a ráhangolódás, a várakozás nyugalma. Érdekesség volt, hogy minden útkereszteződésben egy rendőr állt, felügyelve azt a rendet, ami magától értetődő volt. Szombaton reggel 6:45-kor találkoztunk csoportunkkal a Márton  Áron Gimnázium, az egykori Alma Mater-em előtt. Az időjárás előrejelzés esőt mutatott, s nem csalódtunk: 7 órakor kezdett esni az eső, amely nem kímélte a mindenhonnan érkező zarándokokat, kitartóan esett órákig. Csíkban nincs búcsú eső nélkül, amely egyidőben áldás és megtisztító hatása is van. Csoportunkkal csatlakoztunk a Csíksomlyó fele vezető úton a zarándokokhoz, ahol tömött sorokban, énekelve és imádkozva zarándokoltunk a Szűzanyához. Az eső csak esett, előkerültek az esőkabátok, esőernyők, de a zarándokok nem... Részletek
