{"version":"1.0","provider_name":"Stuttgarti Katolikusok","provider_url":"https:\/\/stuttgarti-katolikusok.de","title":"Stuttgarti katolikus farsang - Stuttgarti Katolikusok","type":"rich","width":600,"height":338,"html":"<blockquote class=\"wp-embedded-content\" data-secret=\"FWEE8sfFfF\"><a href=\"https:\/\/stuttgarti-katolikusok.de\/index.php\/stuttgarti-katolikus-farsang\/\">Stuttgarti katolikus farsang<\/a><\/blockquote><iframe sandbox=\"allow-scripts\" security=\"restricted\" src=\"https:\/\/stuttgarti-katolikusok.de\/index.php\/stuttgarti-katolikus-farsang\/embed\/#?secret=FWEE8sfFfF\" width=\"600\" height=\"338\" title=\"&#8220;Stuttgarti katolikus farsang&#8221; &#8212; Stuttgarti Katolikusok\" data-secret=\"FWEE8sfFfF\" frameborder=\"0\" marginwidth=\"0\" marginheight=\"0\" scrolling=\"no\" class=\"wp-embedded-content\"><\/iframe><script type=\"text\/javascript\">\n\/* <![CDATA[ *\/\n\/*! This file is auto-generated *\/\n!function(d,l){\"use strict\";l.querySelector&&d.addEventListener&&\"undefined\"!=typeof URL&&(d.wp=d.wp||{},d.wp.receiveEmbedMessage||(d.wp.receiveEmbedMessage=function(e){var t=e.data;if((t||t.secret||t.message||t.value)&&!\/[^a-zA-Z0-9]\/.test(t.secret)){for(var s,r,n,a=l.querySelectorAll('iframe[data-secret=\"'+t.secret+'\"]'),o=l.querySelectorAll('blockquote[data-secret=\"'+t.secret+'\"]'),c=new RegExp(\"^https?:$\",\"i\"),i=0;i<o.length;i++)o[i].style.display=\"none\";for(i=0;i<a.length;i++)s=a[i],e.source===s.contentWindow&&(s.removeAttribute(\"style\"),\"height\"===t.message?(1e3<(r=parseInt(t.value,10))?r=1e3:~~r<200&&(r=200),s.height=r):\"link\"===t.message&&(r=new URL(s.getAttribute(\"src\")),n=new URL(t.value),c.test(n.protocol))&&n.host===r.host&&l.activeElement===s&&(d.top.location.href=t.value))}},d.addEventListener(\"message\",d.wp.receiveEmbedMessage,!1),l.addEventListener(\"DOMContentLoaded\",function(){for(var e,t,s=l.querySelectorAll(\"iframe.wp-embedded-content\"),r=0;r<s.length;r++)(t=(e=s[r]).getAttribute(\"data-secret\"))||(t=Math.random().toString(36).substring(2,12),e.src+=\"#?secret=\"+t,e.setAttribute(\"data-secret\",t)),e.contentWindow.postMessage({message:\"ready\",secret:t},\"*\")},!1)))}(window,document);\n\/\/# sourceURL=https:\/\/stuttgarti-katolikusok.de\/wp-includes\/js\/wp-embed.min.js\n\/* ]]> *\/\n<\/script>\n","thumbnail_url":"https:\/\/stuttgarti-katolikusok.de\/wp-content\/uploads\/2020\/02\/farsangstuttgart.jpg","thumbnail_width":799,"thumbnail_height":533,"description":"2020. febru\u00e1r 16-\u00e1n, szentmis\u00e9t k\u00f6vet\u0151en a hagyom\u00e1nyos farsangra ker\u00fclt sor. Els\u0151k\u00e9nt a gyermekek sz\u00ednes el\u0151ad\u00e1s\u00e1ban gy\u00f6ny\u00f6rk\u00f6dhettek a jelenl\u00e9v\u0151k. \u0150ket a feln\u0151ttek k\u00f6vett\u00e9k sz\u00f6gedi, alf\u00f6ldi jelenetekkel. Lovasok &#8222;v\u00e1gt\u00e1ja&#8221; is mosolyt csalt sokak arc\u00e1ra. V\u00e9rbeli pec\u00e1sok besz\u00e9lget\u00e9se is \u00e9rekes vil\u00e1gba kalauzolta el a jelenl\u00e9v\u0151ket, m\u00edg meg nem \u00e9rkeztek a feles\u00e9gek. Pint\u00e9r Feri &#8222;b\u00e1csi&#8221; fiatalokat meghazudtol\u00f3 frissess\u00e9ggel, \u00f6tletess\u00e9g\u00e9vel \u00e9s humor\u00e1val jelen\u00edtette meg Pali B\u00e9g szerecseninas\u00e1t.\u00a0 A farkas \u00e9s a r\u00f3ka mesej\u00e1t\u00e9k h\u00e1rom nemzed\u00e9ket \u00e1t\u00f6lel\u0151 szerepl\u0151kkel kelt \u00e9letre. Az el\u0151ad\u00e1sok vid\u00e1m egy\u00fcttl\u00e9t k\u00f6vette. K\u00f6sz\u00f6net a szervez\u0151knek, rendez\u0151knek \u00e9s szerepl\u0151knek. Fogadj\u00e1tok D\u00e1vid Ferenc h\u00e1zifot\u00f3sunk \u00e1ltal meg\u00f6r\u00f6k\u00edtett pillanatokat."}

2020. február 16-án, szentmisét követően a hagyományos farsangra került sor. Elsőként a gyermekek színes előadásában gyönyörködhettek a jelenlévők. Őket a felnőttek követték szögedi, alföldi jelenetekkel. Lovasok &#8222;vágtája&#8221; is mosolyt csalt sokak arcára. Vérbeli pecások beszélgetése is érekes világba kalauzolta el a jelenlévőket, míg meg nem érkeztek a feleségek. Pintér Feri &#8222;bácsi&#8221; fiatalokat meghazudtoló frissességgel, ötletességével és humorával jelenítette meg Pali Bég szerecseninasát.  A farkas és a róka mesejáték három nemzedéket átölelő szereplőkkel kelt életre. Az előadások vidám együttlét követte. Köszönet a szervezőknek, rendezőknek és szereplőknek. Fogadjátok Dávid Ferenc házifotósunk által megörökített pillanatokat.
