{"version":"1.0","provider_name":"Stuttgarti Katolikusok","provider_url":"https:\/\/stuttgarti-katolikusok.de","title":"Stuttgarti Csendes Napok - 2023. m\u00e1rcius 17 - 19. - Stuttgarti Katolikusok","type":"rich","width":600,"height":338,"html":"<blockquote class=\"wp-embedded-content\" data-secret=\"TemYE3ddMH\"><a href=\"https:\/\/stuttgarti-katolikusok.de\/index.php\/stuttgarti-csendes-napok-2023-marcius-17-19\/\">Stuttgarti Csendes Napok &#8211; 2023. m\u00e1rcius 17 &#8211; 19.<\/a><\/blockquote><iframe sandbox=\"allow-scripts\" security=\"restricted\" src=\"https:\/\/stuttgarti-katolikusok.de\/index.php\/stuttgarti-csendes-napok-2023-marcius-17-19\/embed\/#?secret=TemYE3ddMH\" width=\"600\" height=\"338\" title=\"&#8220;Stuttgarti Csendes Napok &#8211; 2023. m\u00e1rcius 17 &#8211; 19.&#8221; &#8212; Stuttgarti Katolikusok\" data-secret=\"TemYE3ddMH\" frameborder=\"0\" marginwidth=\"0\" marginheight=\"0\" scrolling=\"no\" class=\"wp-embedded-content\"><\/iframe><script type=\"text\/javascript\">\n\/* <![CDATA[ *\/\n\/*! This file is auto-generated *\/\n!function(d,l){\"use strict\";l.querySelector&&d.addEventListener&&\"undefined\"!=typeof URL&&(d.wp=d.wp||{},d.wp.receiveEmbedMessage||(d.wp.receiveEmbedMessage=function(e){var t=e.data;if((t||t.secret||t.message||t.value)&&!\/[^a-zA-Z0-9]\/.test(t.secret)){for(var s,r,n,a=l.querySelectorAll('iframe[data-secret=\"'+t.secret+'\"]'),o=l.querySelectorAll('blockquote[data-secret=\"'+t.secret+'\"]'),c=new RegExp(\"^https?:$\",\"i\"),i=0;i<o.length;i++)o[i].style.display=\"none\";for(i=0;i<a.length;i++)s=a[i],e.source===s.contentWindow&&(s.removeAttribute(\"style\"),\"height\"===t.message?(1e3<(r=parseInt(t.value,10))?r=1e3:~~r<200&&(r=200),s.height=r):\"link\"===t.message&&(r=new URL(s.getAttribute(\"src\")),n=new URL(t.value),c.test(n.protocol))&&n.host===r.host&&l.activeElement===s&&(d.top.location.href=t.value))}},d.addEventListener(\"message\",d.wp.receiveEmbedMessage,!1),l.addEventListener(\"DOMContentLoaded\",function(){for(var e,t,s=l.querySelectorAll(\"iframe.wp-embedded-content\"),r=0;r<s.length;r++)(t=(e=s[r]).getAttribute(\"data-secret\"))||(t=Math.random().toString(36).substring(2,12),e.src+=\"#?secret=\"+t,e.setAttribute(\"data-secret\",t)),e.contentWindow.postMessage({message:\"ready\",secret:t},\"*\")},!1)))}(window,document);\n\/\/# sourceURL=https:\/\/stuttgarti-katolikusok.de\/wp-includes\/js\/wp-embed.min.js\n\/* ]]> *\/\n<\/script>\n","thumbnail_url":"https:\/\/stuttgarti-katolikusok.de\/wp-content\/uploads\/2023\/03\/whatsapp-kep-2023-03-11-115130.jpg","thumbnail_width":1600,"thumbnail_height":1129,"description":"&#8222;Akkor lesztek szabadok, ha Isten Fia szabadd\u00e1 tesz benneteket.&#8221; (Jn 8,36) 2023. m\u00e1rcius 17 \u00e9s 19-e k\u00f6z\u00f6tt megtartjuk a hagyom\u00e1nyos &#8222;Stuttgarti Csendes Napok&#8221;-at. Kiv\u00e1l\u00f3 alkalom ez a lelki elcsendes\u00fcl\u00e9sre, az elhangz\u00f3 gondolatok befogad\u00e1s\u00e1ra, a bels\u0151 szabads\u00e1g megtal\u00e1l\u00e1s\u00e1ra. A lelkigyakorlat moder\u00e1tora Szmutku R\u00f3bert esperes-pl\u00e9b\u00e1nos atya Nagyb\u00e1ny\u00e1r\u00f3l (Szatm\u00e1ri Egyh\u00e1zmegye). Szeretettel v\u00e1runk mind t\u00e9ged, mind bar\u00e1taidat, ismer\u0151seidet. Add tov\u00e1bb az \u00fczenetet, sz\u00f3l\u00edts meg m\u00e1sokat is. Egyben pedig ne feledj\u00e9tek jelezni r\u00e9szv\u00e9teli sz\u00e1nd\u00e9kotokat irod\u00e1nkon, hogy a r\u00e9sztvev\u0151k sz\u00e1m\u00e1nak ismeret\u00e9ben gondoskodhassunk az eb\u00e9dr\u0151l. A szombati napon val\u00f3 r\u00e9szv\u00e9teltel\u00fcnket 10 Eur\u00f3 ellen\u00e9ben tehetj\u00fck meg (az \u00f6sszeg a k\u00f6z\u00f6s eb\u00e9dhez t\u00f6rt\u00e9n\u0151 r\u00e9szbeni hozz\u00e1j\u00e1rul\u00e1s). Vas\u00e1rnap pedig a z\u00e1r\u00f3 szentmis\u00e9t k\u00f6vet\u0151en Nagyb\u00f6jti zen\u00e9s \u00e1h\u00edtat lesz: &#8222;Stabat Mater dolorosa&#8221; Tedd szabadd\u00e1 magad \u00e9s tarts vel\u00fcnk!!! R\u00f3bert atya \u00e9s Tibor atya"}

Stuttgarti Csendes Napok - 2023. március 17 - 19. - Stuttgarti Katolikusok

<blockquote class="wp-embedded-content" data-secret="TemYE3ddMH"><a href="https://stuttgarti-katolikusok.de/index.php/stuttgarti-csendes-napok-2023-marcius-17-19/">Stuttgarti Csendes Napok &#8211; 2023. március 17 &#8211; 19.</a></blockquote><iframe sandbox="allow-scripts" security="restricted" src="https://stuttgarti-katolikusok.de/index.php/stuttgarti-csendes-napok-2023-marcius-17-19/embed/#?secret=TemYE3ddMH" width="600" height="338" title="&#8220;Stuttgarti Csendes Napok &#8211; 2023. március 17 &#8211; 19.&#8221; &#8212; Stuttgarti Katolikusok" data-secret="TemYE3ddMH" frameborder="0" marginwidth="0" marginheight="0" scrolling="no" class="wp-embedded-content"></iframe><script type="text/javascript">
/* <![CDATA[ */
/*! This file is auto-generated */
!function(d,l){"use strict";l.querySelector&&d.addEventListener&&"undefined"!=typeof URL&&(d.wp=d.wp||{},d.wp.receiveEmbedMessage||(d.wp.receiveEmbedMessage=function(e){var t=e.data;if((t||t.secret||t.message||t.value)&&!/[^a-zA-Z0-9]/.test(t.secret)){for(var s,r,n,a=l.querySelectorAll('iframe[data-secret="'+t.secret+'"]'),o=l.querySelectorAll('blockquote[data-secret="'+t.secret+'"]'),c=new RegExp("^https?:$","i"),i=0;i<o.length;i++)o[i].style.display="none";for(i=0;i<a.length;i++)s=a[i],e.source===s.contentWindow&&(s.removeAttribute("style"),"height"===t.message?(1e3<(r=parseInt(t.value,10))?r=1e3:~~r<200&&(r=200),s.height=r):"link"===t.message&&(r=new URL(s.getAttribute("src")),n=new URL(t.value),c.test(n.protocol))&&n.host===r.host&&l.activeElement===s&&(d.top.location.href=t.value))}},d.addEventListener("message",d.wp.receiveEmbedMessage,!1),l.addEventListener("DOMContentLoaded",function(){for(var e,t,s=l.querySelectorAll("iframe.wp-embedded-content"),r=0;r<s.length;r++)(t=(e=s[r]).getAttribute("data-secret"))||(t=Math.random().toString(36).substring(2,12),e.src+="#?secret="+t,e.setAttribute("data-secret",t)),e.contentWindow.postMessage({message:"ready",secret:t},"*")},!1)))}(window,document);
//# sourceURL=https://stuttgarti-katolikusok.de/wp-includes/js/wp-embed.min.js
/* ]]> */
</script>

&#8222;Akkor lesztek szabadok, ha Isten Fia szabaddá tesz benneteket.&#8221; (Jn 8,36) 2023. március 17 és 19-e között megtartjuk a hagyományos &#8222;Stuttgarti Csendes Napok&#8221;-at. Kiváló alkalom ez a lelki elcsendesülésre, az elhangzó gondolatok befogadására, a belső szabadság megtalálására. A lelkigyakorlat moderátora Szmutku Róbert esperes-plébános atya Nagybányáról (Szatmári Egyházmegye). Szeretettel várunk mind téged, mind barátaidat, ismerőseidet. Add tovább az üzenetet, szólíts meg másokat is. Egyben pedig ne feledjétek jelezni részvételi szándékotokat irodánkon, hogy a résztvevők számának ismeretében gondoskodhassunk az ebédről. A szombati napon való részvételtelünket 10 Euró ellenében tehetjük meg (az összeg a közös ebédhez történő részbeni hozzájárulás). Vasárnap pedig a záró szentmisét követően Nagyböjti zenés áhítat lesz: &#8222;Stabat Mater dolorosa&#8221; Tedd szabaddá magad és tarts velünk!!! Róbert atya és Tibor atya
