{"version":"1.0","provider_name":"Stuttgarti Katolikusok","provider_url":"https:\/\/stuttgarti-katolikusok.de","title":"Stuttgarti Csendes Napok - 2022. m\u00e1rcius 19. - Stuttgarti Katolikusok","type":"rich","width":600,"height":338,"html":"<blockquote class=\"wp-embedded-content\" data-secret=\"Nr7QhhJ6Vw\"><a href=\"https:\/\/stuttgarti-katolikusok.de\/index.php\/stuttgarti-csendes-napok-2022-marcius-19\/\">Stuttgarti Csendes Napok &#8211; 2022. m\u00e1rcius 19.<\/a><\/blockquote><iframe sandbox=\"allow-scripts\" security=\"restricted\" src=\"https:\/\/stuttgarti-katolikusok.de\/index.php\/stuttgarti-csendes-napok-2022-marcius-19\/embed\/#?secret=Nr7QhhJ6Vw\" width=\"600\" height=\"338\" title=\"&#8220;Stuttgarti Csendes Napok &#8211; 2022. m\u00e1rcius 19.&#8221; &#8212; Stuttgarti Katolikusok\" data-secret=\"Nr7QhhJ6Vw\" frameborder=\"0\" marginwidth=\"0\" marginheight=\"0\" scrolling=\"no\" class=\"wp-embedded-content\"><\/iframe><script type=\"text\/javascript\">\n\/* <![CDATA[ *\/\n\/*! This file is auto-generated *\/\n!function(d,l){\"use strict\";l.querySelector&&d.addEventListener&&\"undefined\"!=typeof URL&&(d.wp=d.wp||{},d.wp.receiveEmbedMessage||(d.wp.receiveEmbedMessage=function(e){var t=e.data;if((t||t.secret||t.message||t.value)&&!\/[^a-zA-Z0-9]\/.test(t.secret)){for(var s,r,n,a=l.querySelectorAll('iframe[data-secret=\"'+t.secret+'\"]'),o=l.querySelectorAll('blockquote[data-secret=\"'+t.secret+'\"]'),c=new RegExp(\"^https?:$\",\"i\"),i=0;i<o.length;i++)o[i].style.display=\"none\";for(i=0;i<a.length;i++)s=a[i],e.source===s.contentWindow&&(s.removeAttribute(\"style\"),\"height\"===t.message?(1e3<(r=parseInt(t.value,10))?r=1e3:~~r<200&&(r=200),s.height=r):\"link\"===t.message&&(r=new URL(s.getAttribute(\"src\")),n=new URL(t.value),c.test(n.protocol))&&n.host===r.host&&l.activeElement===s&&(d.top.location.href=t.value))}},d.addEventListener(\"message\",d.wp.receiveEmbedMessage,!1),l.addEventListener(\"DOMContentLoaded\",function(){for(var e,t,s=l.querySelectorAll(\"iframe.wp-embedded-content\"),r=0;r<s.length;r++)(t=(e=s[r]).getAttribute(\"data-secret\"))||(t=Math.random().toString(36).substring(2,12),e.src+=\"#?secret=\"+t,e.setAttribute(\"data-secret\",t)),e.contentWindow.postMessage({message:\"ready\",secret:t},\"*\")},!1)))}(window,document);\n\/\/# sourceURL=https:\/\/stuttgarti-katolikusok.de\/wp-includes\/js\/wp-embed.min.js\n\/* ]]> *\/\n<\/script>\n","thumbnail_url":"https:\/\/stuttgarti-katolikusok.de\/wp-content\/uploads\/2022\/03\/stuttgarti-csendes-nap.jpeg","thumbnail_width":2000,"thumbnail_height":1500,"description":"K\u00e9t esztend\u0151 ut\u00e1n \u00fajb\u00f3l lehet\u0151s\u00e9g k\u00edn\u00e1lkozott, hogy a k\u00f6z\u00f6ss\u00e9gi teremben tal\u00e1lkozhassunk. K\u00f6sz\u00f6net mindazoknak, akik jelen voltak, hogy az elm\u00falt \u00e9vek hagyom\u00e1ny\u00e1t k\u00f6vetve, k\u00f6zel egy napot ism\u00e9t egy\u00fctt t\u00f6lthess\u00fcnk. Az al\u00e1bbi linkeken el\u00e9rhet\u0151k az elm\u00e9lked\u00e9sek. Fogadj\u00e1tok szeretettel! Tibor atya Els\u0151 elm\u00e9lked\u00e9s M\u00e1sodik elm\u00e9lked\u00e9s Harmadik elm\u00e9lked\u00e9s"}

Stuttgarti Csendes Napok - 2022. március 19. - Stuttgarti Katolikusok

<blockquote class="wp-embedded-content" data-secret="Nr7QhhJ6Vw"><a href="https://stuttgarti-katolikusok.de/index.php/stuttgarti-csendes-napok-2022-marcius-19/">Stuttgarti Csendes Napok &#8211; 2022. március 19.</a></blockquote><iframe sandbox="allow-scripts" security="restricted" src="https://stuttgarti-katolikusok.de/index.php/stuttgarti-csendes-napok-2022-marcius-19/embed/#?secret=Nr7QhhJ6Vw" width="600" height="338" title="&#8220;Stuttgarti Csendes Napok &#8211; 2022. március 19.&#8221; &#8212; Stuttgarti Katolikusok" data-secret="Nr7QhhJ6Vw" frameborder="0" marginwidth="0" marginheight="0" scrolling="no" class="wp-embedded-content"></iframe><script type="text/javascript">
/* <![CDATA[ */
/*! This file is auto-generated */
!function(d,l){"use strict";l.querySelector&&d.addEventListener&&"undefined"!=typeof URL&&(d.wp=d.wp||{},d.wp.receiveEmbedMessage||(d.wp.receiveEmbedMessage=function(e){var t=e.data;if((t||t.secret||t.message||t.value)&&!/[^a-zA-Z0-9]/.test(t.secret)){for(var s,r,n,a=l.querySelectorAll('iframe[data-secret="'+t.secret+'"]'),o=l.querySelectorAll('blockquote[data-secret="'+t.secret+'"]'),c=new RegExp("^https?:$","i"),i=0;i<o.length;i++)o[i].style.display="none";for(i=0;i<a.length;i++)s=a[i],e.source===s.contentWindow&&(s.removeAttribute("style"),"height"===t.message?(1e3<(r=parseInt(t.value,10))?r=1e3:~~r<200&&(r=200),s.height=r):"link"===t.message&&(r=new URL(s.getAttribute("src")),n=new URL(t.value),c.test(n.protocol))&&n.host===r.host&&l.activeElement===s&&(d.top.location.href=t.value))}},d.addEventListener("message",d.wp.receiveEmbedMessage,!1),l.addEventListener("DOMContentLoaded",function(){for(var e,t,s=l.querySelectorAll("iframe.wp-embedded-content"),r=0;r<s.length;r++)(t=(e=s[r]).getAttribute("data-secret"))||(t=Math.random().toString(36).substring(2,12),e.src+="#?secret="+t,e.setAttribute("data-secret",t)),e.contentWindow.postMessage({message:"ready",secret:t},"*")},!1)))}(window,document);
//# sourceURL=https://stuttgarti-katolikusok.de/wp-includes/js/wp-embed.min.js
/* ]]> */
</script>

Két esztendő után újból lehetőség kínálkozott, hogy a közösségi teremben találkozhassunk. Köszönet mindazoknak, akik jelen voltak, hogy az elmúlt évek hagyományát követve, közel egy napot ismét együtt tölthessünk. Az alábbi linkeken elérhetők az elmélkedések. Fogadjátok szeretettel! Tibor atya Első elmélkedés Második elmélkedés Harmadik elmélkedés
