{"version":"1.0","provider_name":"Stuttgarti Katolikusok","provider_url":"https:\/\/stuttgarti-katolikusok.de","title":"Stabat Mater dolorosa - Nagyb\u00f6jti Koncert Stuttgartban - Stuttgarti Katolikusok","type":"rich","width":600,"height":338,"html":"<blockquote class=\"wp-embedded-content\" data-secret=\"wXWVKL0uzm\"><a href=\"https:\/\/stuttgarti-katolikusok.de\/index.php\/stabat-mater-dolorosa-nagybojti-koncert-stuttgartban\/\">Stabat Mater dolorosa &#8211; Nagyb\u00f6jti Koncert Stuttgartban<\/a><\/blockquote><iframe sandbox=\"allow-scripts\" security=\"restricted\" src=\"https:\/\/stuttgarti-katolikusok.de\/index.php\/stabat-mater-dolorosa-nagybojti-koncert-stuttgartban\/embed\/#?secret=wXWVKL0uzm\" width=\"600\" height=\"338\" title=\"&#8220;Stabat Mater dolorosa &#8211; Nagyb\u00f6jti Koncert Stuttgartban&#8221; &#8212; Stuttgarti Katolikusok\" data-secret=\"wXWVKL0uzm\" frameborder=\"0\" marginwidth=\"0\" marginheight=\"0\" scrolling=\"no\" class=\"wp-embedded-content\"><\/iframe><script type=\"text\/javascript\">\n\/* <![CDATA[ *\/\n\/*! This file is auto-generated *\/\n!function(d,l){\"use strict\";l.querySelector&&d.addEventListener&&\"undefined\"!=typeof URL&&(d.wp=d.wp||{},d.wp.receiveEmbedMessage||(d.wp.receiveEmbedMessage=function(e){var t=e.data;if((t||t.secret||t.message||t.value)&&!\/[^a-zA-Z0-9]\/.test(t.secret)){for(var s,r,n,a=l.querySelectorAll('iframe[data-secret=\"'+t.secret+'\"]'),o=l.querySelectorAll('blockquote[data-secret=\"'+t.secret+'\"]'),c=new RegExp(\"^https?:$\",\"i\"),i=0;i<o.length;i++)o[i].style.display=\"none\";for(i=0;i<a.length;i++)s=a[i],e.source===s.contentWindow&&(s.removeAttribute(\"style\"),\"height\"===t.message?(1e3<(r=parseInt(t.value,10))?r=1e3:~~r<200&&(r=200),s.height=r):\"link\"===t.message&&(r=new URL(s.getAttribute(\"src\")),n=new URL(t.value),c.test(n.protocol))&&n.host===r.host&&l.activeElement===s&&(d.top.location.href=t.value))}},d.addEventListener(\"message\",d.wp.receiveEmbedMessage,!1),l.addEventListener(\"DOMContentLoaded\",function(){for(var e,t,s=l.querySelectorAll(\"iframe.wp-embedded-content\"),r=0;r<s.length;r++)(t=(e=s[r]).getAttribute(\"data-secret\"))||(t=Math.random().toString(36).substring(2,12),e.src+=\"#?secret=\"+t,e.setAttribute(\"data-secret\",t)),e.contentWindow.postMessage({message:\"ready\",secret:t},\"*\")},!1)))}(window,document);\n\/\/# sourceURL=https:\/\/stuttgarti-katolikusok.de\/wp-includes\/js\/wp-embed.min.js\n\/* ]]> *\/\n<\/script>\n","thumbnail_url":"https:\/\/stuttgarti-katolikusok.de\/wp-content\/uploads\/2023\/03\/stuttgart-hu-1903-scaled.jpg","thumbnail_width":1810,"thumbnail_height":2560,"description":"Kedves H\u00edveim, Bar\u00e1taim! A hagyom\u00e1nyos &#8222;Stuttgarti Csendes Napok&#8221; \u00fcnnepi lez\u00e1r\u00e1sak\u00e9nt 2023. m\u00e1rcius 19-\u00e9n, a 11.30 \u00f3rakor kezd\u0151d\u0151 szentmis\u00e9t k\u00f6vet\u0151en, 12.30 \u00f3rai kezdettel &#8222;Stabat Mater dolorosa&#8221; c\u00edmmel zen\u00e9s \u00e1h\u00edtatot tartunk. Igazi lelki \u00e9lm\u00e9nyben lesz r\u00e9sz\u00fcnk! K\u00f6sz\u00f6net az el\u0151ad\u00f3 m\u0171v\u00e9szeknek: T\u00edm\u00e1r Kinga &#8211; szopr\u00e1n &#8211; opera\u00e9nekesn\u0151 N\u00e9meti Gergely &#8211; tenor &#8211; opera\u00e9nekes Dorothea Schwarz &#8211; orgona Aki pedig elkalauzol benn\u00fcnket az elhangz\u00f3 zenem\u0171vek k\u00f6z\u00f6tt nem m\u00e1st, mint N\u00e9meti \u00c1gnes\u00a0&#8211; konferansz (magyar \u00e9s n\u00e9met nyelven). A zenem\u0171vek eredeti nyelven hangzanak el. Term\u00e9szetesen h\u00edveinken t\u00fal v\u00e1rjuk kedves ismer\u0151seiteket, tov\u00e1bb\u00e1 pedig a n\u00e9met nyelv\u0171 k\u00f6z\u00f6ss\u00e9gek h\u00edveit is. Bar\u00e1ts\u00e1ggal \u00e9s lelkip\u00e1sztori szeretettel, Tibor atya"}

Stabat Mater dolorosa - Nagyböjti Koncert Stuttgartban - Stuttgarti Katolikusok

<blockquote class="wp-embedded-content" data-secret="wXWVKL0uzm"><a href="https://stuttgarti-katolikusok.de/index.php/stabat-mater-dolorosa-nagybojti-koncert-stuttgartban/">Stabat Mater dolorosa &#8211; Nagyböjti Koncert Stuttgartban</a></blockquote><iframe sandbox="allow-scripts" security="restricted" src="https://stuttgarti-katolikusok.de/index.php/stabat-mater-dolorosa-nagybojti-koncert-stuttgartban/embed/#?secret=wXWVKL0uzm" width="600" height="338" title="&#8220;Stabat Mater dolorosa &#8211; Nagyböjti Koncert Stuttgartban&#8221; &#8212; Stuttgarti Katolikusok" data-secret="wXWVKL0uzm" frameborder="0" marginwidth="0" marginheight="0" scrolling="no" class="wp-embedded-content"></iframe><script type="text/javascript">
/* <![CDATA[ */
/*! This file is auto-generated */
!function(d,l){"use strict";l.querySelector&&d.addEventListener&&"undefined"!=typeof URL&&(d.wp=d.wp||{},d.wp.receiveEmbedMessage||(d.wp.receiveEmbedMessage=function(e){var t=e.data;if((t||t.secret||t.message||t.value)&&!/[^a-zA-Z0-9]/.test(t.secret)){for(var s,r,n,a=l.querySelectorAll('iframe[data-secret="'+t.secret+'"]'),o=l.querySelectorAll('blockquote[data-secret="'+t.secret+'"]'),c=new RegExp("^https?:$","i"),i=0;i<o.length;i++)o[i].style.display="none";for(i=0;i<a.length;i++)s=a[i],e.source===s.contentWindow&&(s.removeAttribute("style"),"height"===t.message?(1e3<(r=parseInt(t.value,10))?r=1e3:~~r<200&&(r=200),s.height=r):"link"===t.message&&(r=new URL(s.getAttribute("src")),n=new URL(t.value),c.test(n.protocol))&&n.host===r.host&&l.activeElement===s&&(d.top.location.href=t.value))}},d.addEventListener("message",d.wp.receiveEmbedMessage,!1),l.addEventListener("DOMContentLoaded",function(){for(var e,t,s=l.querySelectorAll("iframe.wp-embedded-content"),r=0;r<s.length;r++)(t=(e=s[r]).getAttribute("data-secret"))||(t=Math.random().toString(36).substring(2,12),e.src+="#?secret="+t,e.setAttribute("data-secret",t)),e.contentWindow.postMessage({message:"ready",secret:t},"*")},!1)))}(window,document);
//# sourceURL=https://stuttgarti-katolikusok.de/wp-includes/js/wp-embed.min.js
/* ]]> */
</script>

Kedves Híveim, Barátaim! A hagyományos &#8222;Stuttgarti Csendes Napok&#8221; ünnepi lezárásaként 2023. március 19-én, a 11.30 órakor kezdődő szentmisét követően, 12.30 órai kezdettel &#8222;Stabat Mater dolorosa&#8221; címmel zenés áhítatot tartunk. Igazi lelki élményben lesz részünk! Köszönet az előadó művészeknek: Tímár Kinga &#8211; szoprán &#8211; operaénekesnő Németi Gergely &#8211; tenor &#8211; operaénekes Dorothea Schwarz &#8211; orgona Aki pedig elkalauzol bennünket az elhangzó zeneművek között nem mást, mint Németi Ágnes &#8211; konferansz (magyar és német nyelven). A zeneművek eredeti nyelven hangzanak el. Természetesen híveinken túl várjuk kedves ismerőseiteket, továbbá pedig a német nyelvű közösségek híveit is. Barátsággal és lelkipásztori szeretettel, Tibor atya
