{"version":"1.0","provider_name":"Stuttgarti Katolikusok","provider_url":"https:\/\/stuttgarti-katolikusok.de","title":"Krisztus Kir\u00e1ly vas\u00e1rnapja - Stuttgarti Katolikusok","type":"rich","width":600,"height":338,"html":"<blockquote class=\"wp-embedded-content\" data-secret=\"pfbP6YoeIP\"><a href=\"https:\/\/stuttgarti-katolikusok.de\/index.php\/sermon\/krisztus-kiraly-vasarnapja\/\">Krisztus Kir\u00e1ly vas\u00e1rnapja<\/a><\/blockquote><iframe sandbox=\"allow-scripts\" security=\"restricted\" src=\"https:\/\/stuttgarti-katolikusok.de\/index.php\/sermon\/krisztus-kiraly-vasarnapja\/embed\/#?secret=pfbP6YoeIP\" width=\"600\" height=\"338\" title=\"&#8220;Krisztus Kir\u00e1ly vas\u00e1rnapja&#8221; &#8212; Stuttgarti Katolikusok\" data-secret=\"pfbP6YoeIP\" frameborder=\"0\" marginwidth=\"0\" marginheight=\"0\" scrolling=\"no\" class=\"wp-embedded-content\"><\/iframe><script type=\"text\/javascript\">\n\/* <![CDATA[ *\/\n\/*! This file is auto-generated *\/\n!function(d,l){\"use strict\";l.querySelector&&d.addEventListener&&\"undefined\"!=typeof URL&&(d.wp=d.wp||{},d.wp.receiveEmbedMessage||(d.wp.receiveEmbedMessage=function(e){var t=e.data;if((t||t.secret||t.message||t.value)&&!\/[^a-zA-Z0-9]\/.test(t.secret)){for(var s,r,n,a=l.querySelectorAll('iframe[data-secret=\"'+t.secret+'\"]'),o=l.querySelectorAll('blockquote[data-secret=\"'+t.secret+'\"]'),c=new RegExp(\"^https?:$\",\"i\"),i=0;i<o.length;i++)o[i].style.display=\"none\";for(i=0;i<a.length;i++)s=a[i],e.source===s.contentWindow&&(s.removeAttribute(\"style\"),\"height\"===t.message?(1e3<(r=parseInt(t.value,10))?r=1e3:~~r<200&&(r=200),s.height=r):\"link\"===t.message&&(r=new URL(s.getAttribute(\"src\")),n=new URL(t.value),c.test(n.protocol))&&n.host===r.host&&l.activeElement===s&&(d.top.location.href=t.value))}},d.addEventListener(\"message\",d.wp.receiveEmbedMessage,!1),l.addEventListener(\"DOMContentLoaded\",function(){for(var e,t,s=l.querySelectorAll(\"iframe.wp-embedded-content\"),r=0;r<s.length;r++)(t=(e=s[r]).getAttribute(\"data-secret\"))||(t=Math.random().toString(36).substring(2,12),e.src+=\"#?secret=\"+t,e.setAttribute(\"data-secret\",t)),e.contentWindow.postMessage({message:\"ready\",secret:t},\"*\")},!1)))}(window,document);\n\/\/# sourceURL=https:\/\/stuttgarti-katolikusok.de\/wp-includes\/js\/wp-embed.min.js\n\/* ]]> *\/\n<\/script>\n","description":"\u201eNy\u00fajts nekik k\u00e9pet arr\u00f3l, hogy ki vagyok\u201d! \u201eAbban az id\u0151ben: Pil\u00e1tus megk\u00e9rdezte J\u00e9zust\u00f3l: &#8222;Te vagy-e a zsid\u00f3k kir\u00e1lya?&#8221; J\u00e9zus \u00edgy v\u00e1laszolt\u2026 &#8222;Az \u00e9n orsz\u00e1gom nem ebb\u0151l a vil\u00e1gb\u00f3l val\u00f3\u2026 &#8222;Teh\u00e1t kir\u00e1ly vagy?&#8221; J\u00e9zus \u00edgy felelt: &#8222;Te mondod, hogy kir\u00e1ly vagyok. \u00c9n arra sz\u00fclettem, \u00e9s az\u00e9rt j\u00f6ttem a vil\u00e1gba, hogy tan\u00fas\u00e1got tegyek az igazs\u00e1gr\u00f3l. Aki az igazs\u00e1gb\u00f3l val\u00f3, az hallgat a szavamra!\u201d(Jn 18,33b-37) Az evang\u00e9liumb\u00f3l vett bevezet\u0151 mondatok ut\u00e1n, mely a mai, Krisztus Kir\u00e1ly \u00fcnnep\u00e9nek l\u00e9nyeg\u00e9re vil\u00e1git r\u00e1, egy kis t\u00f6rt\u00e9nettel szeretn\u00e9m folytatni. A t\u00f6rt\u00e9net szerint: a kir\u00e1ly tal\u00e1lkozni akart egy fiatalh\u00e1zasp\u00e1r fi\u00e1val, akik a palot\u00e1t\u00f3l nem messze, a foly\u00f3 partj\u00e1n laktak. K\u00f6z\u00f6lte k\u00edv\u00e1ns\u00e1g\u00e1t szolg\u00e1ival, akik k\u00f6z\u00fcl egy hamarosan felkereste a h\u00e1zasp\u00e1rt \u00e9s elmondta, hogy a kir\u00e1ly l\u00e1tni akarja a fiukat: &#8222;Itt valami t\u00e9ved\u00e9s lehet &#8211; mondt\u00e1k. &#8211; Egy\u00e1ltal\u00e1n nincs gyermek\u00fcnk, m\u00e9g kev\u00e9sb\u00e9 fiunk, aki a kir\u00e1llyal tal\u00e1lkozhatna&#8221;. \u00cdgy a szolga dolgav\u00e9gezetlen\u00fcl t\u00e9rt vissza a palot\u00e1ba \u00e9s elmes\u00e9lte kudarc\u00e1t. Az udvartart\u00e1s, azt rem\u00e9lte, hogy a kir\u00e1ly elfelejti k\u00edv\u00e1ns\u00e1g\u00e1t. Val\u00f3ban \u00fagy is t\u0171nt, mert a kir\u00e1ly sem ezen, sem a k\u00f6vetkez\u0151 napokban nem t\u00e9rt vissza a parancsra. Mintegy 25 \u00e9vvel k\u00e9s\u0151bb, egy ifj\u00fa t\u0171nt fel a palota kapuj\u00e1n\u00e1l, s k\u00e9rte, hogy engedj\u00e9k a kir\u00e1ly el\u00e9, aki \u0151t h\u00edvatta. A kapus bizalmatlanul n\u00e9zte a fiatalembert, s kicsit k\u00e9s\u0151bb a lak\u00e1j \u00fagy nyilatkozott, hogy a kir\u00e1ly nem h\u00edvta. \u00c1m az ifj\u00fa kitartott sz\u00e1nd\u00e9ka mellett, \u00e9s v\u00e9g\u00fcl a legf\u0151bb udvarmester fogadta \u0151t. Egy id\u0151s udvari tan\u00e1csos r\u00e1ismert az ifj\u00fa t\u00f6rt\u00e9net\u00e9re, aki elmes\u00e9lte neki, hogy j\u00f3val a sz\u00fclet\u00e9se el\u0151tt k\u00f6vet j\u00f6tt a palot\u00e1b\u00f3l a kir\u00e1ly k\u00e9r\u00e9s\u00e9vel, hogy j\u00f6jj\u00f6n el hozz\u00e1. Most amikor megk\u00e9rdezt\u00e9k a kir\u00e1lyt, hogy akarja-e a fiatalembert fogadni, a kir\u00e1ly azt v\u00e1laszolta, hogy term\u00e9szetesen, hisz \u0151 maga h\u00edvatta az ifj\u00fat. Amikor a kir\u00e1ly el\u00e9 vezett\u00e9k a fiatalembert, az megparancsolta a t\u00f6bbieknek, hogy hagyj\u00e1k el a tr\u00f3ntermet \u00e9s h\u00edvta, hogy \u00fclj\u00f6n a tr\u00f3n el\u00e9. Azut\u00e1n... R\u00e9szletek"}

Krisztus Király vasárnapja - Stuttgarti Katolikusok

<blockquote class="wp-embedded-content" data-secret="pfbP6YoeIP"><a href="https://stuttgarti-katolikusok.de/index.php/sermon/krisztus-kiraly-vasarnapja/">Krisztus Király vasárnapja</a></blockquote><iframe sandbox="allow-scripts" security="restricted" src="https://stuttgarti-katolikusok.de/index.php/sermon/krisztus-kiraly-vasarnapja/embed/#?secret=pfbP6YoeIP" width="600" height="338" title="&#8220;Krisztus Király vasárnapja&#8221; &#8212; Stuttgarti Katolikusok" data-secret="pfbP6YoeIP" frameborder="0" marginwidth="0" marginheight="0" scrolling="no" class="wp-embedded-content"></iframe><script type="text/javascript">
/* <![CDATA[ */
/*! This file is auto-generated */
!function(d,l){"use strict";l.querySelector&&d.addEventListener&&"undefined"!=typeof URL&&(d.wp=d.wp||{},d.wp.receiveEmbedMessage||(d.wp.receiveEmbedMessage=function(e){var t=e.data;if((t||t.secret||t.message||t.value)&&!/[^a-zA-Z0-9]/.test(t.secret)){for(var s,r,n,a=l.querySelectorAll('iframe[data-secret="'+t.secret+'"]'),o=l.querySelectorAll('blockquote[data-secret="'+t.secret+'"]'),c=new RegExp("^https?:$","i"),i=0;i<o.length;i++)o[i].style.display="none";for(i=0;i<a.length;i++)s=a[i],e.source===s.contentWindow&&(s.removeAttribute("style"),"height"===t.message?(1e3<(r=parseInt(t.value,10))?r=1e3:~~r<200&&(r=200),s.height=r):"link"===t.message&&(r=new URL(s.getAttribute("src")),n=new URL(t.value),c.test(n.protocol))&&n.host===r.host&&l.activeElement===s&&(d.top.location.href=t.value))}},d.addEventListener("message",d.wp.receiveEmbedMessage,!1),l.addEventListener("DOMContentLoaded",function(){for(var e,t,s=l.querySelectorAll("iframe.wp-embedded-content"),r=0;r<s.length;r++)(t=(e=s[r]).getAttribute("data-secret"))||(t=Math.random().toString(36).substring(2,12),e.src+="#?secret="+t,e.setAttribute("data-secret",t)),e.contentWindow.postMessage({message:"ready",secret:t},"*")},!1)))}(window,document);
//# sourceURL=https://stuttgarti-katolikusok.de/wp-includes/js/wp-embed.min.js
/* ]]> */
</script>

„Nyújts nekik képet arról, hogy ki vagyok”! „Abban az időben: Pilátus megkérdezte Jézustól: &#8222;Te vagy-e a zsidók királya?&#8221; Jézus így válaszolt… &#8222;Az én országom nem ebből a világból való… &#8222;Tehát király vagy?&#8221; Jézus így felelt: &#8222;Te mondod, hogy király vagyok. Én arra születtem, és azért jöttem a világba, hogy tanúságot tegyek az igazságról. Aki az igazságból való, az hallgat a szavamra!”(Jn 18,33b-37) Az evangéliumból vett bevezető mondatok után, mely a mai, Krisztus Király ünnepének lényegére világit rá, egy kis történettel szeretném folytatni. A történet szerint: a király találkozni akart egy fiatalházaspár fiával, akik a palotától nem messze, a folyó partján laktak. Közölte kívánságát szolgáival, akik közül egy hamarosan felkereste a házaspárt és elmondta, hogy a király látni akarja a fiukat: &#8222;Itt valami tévedés lehet &#8211; mondták. &#8211; Egyáltalán nincs gyermekünk, még kevésbé fiunk, aki a királlyal találkozhatna&#8221;. Így a szolga dolgavégezetlenül tért vissza a palotába és elmesélte kudarcát. Az udvartartás, azt remélte, hogy a király elfelejti kívánságát. Valóban úgy is tűnt, mert a király sem ezen, sem a következő napokban nem tért vissza a parancsra. Mintegy 25 évvel később, egy ifjú tűnt fel a palota kapujánál, s kérte, hogy engedjék a király elé, aki őt hívatta. A kapus bizalmatlanul nézte a fiatalembert, s kicsit később a lakáj úgy nyilatkozott, hogy a király nem hívta. Ám az ifjú kitartott szándéka mellett, és végül a legfőbb udvarmester fogadta őt. Egy idős udvari tanácsos ráismert az ifjú történetére, aki elmesélte neki, hogy jóval a születése előtt követ jött a palotából a király kérésével, hogy jöjjön el hozzá. Most amikor megkérdezték a királyt, hogy akarja-e a fiatalembert fogadni, a király azt válaszolta, hogy természetesen, hisz ő maga hívatta az ifjút. Amikor a király elé vezették a fiatalembert, az megparancsolta a többieknek, hogy hagyják el a tróntermet és hívta, hogy üljön a trón elé. Azután... Részletek
