{"version":"1.0","provider_name":"Stuttgarti Katolikusok","provider_url":"https:\/\/stuttgarti-katolikusok.de","title":"Sekresty\u00e9seink - Stuttgarti Katolikusok","type":"rich","width":600,"height":338,"html":"<blockquote class=\"wp-embedded-content\" data-secret=\"4WerjUGhNd\"><a href=\"https:\/\/stuttgarti-katolikusok.de\/index.php\/sekrestyeseink\/\">Sekresty\u00e9seink<\/a><\/blockquote><iframe sandbox=\"allow-scripts\" security=\"restricted\" src=\"https:\/\/stuttgarti-katolikusok.de\/index.php\/sekrestyeseink\/embed\/#?secret=4WerjUGhNd\" width=\"600\" height=\"338\" title=\"&#8220;Sekresty\u00e9seink&#8221; &#8212; Stuttgarti Katolikusok\" data-secret=\"4WerjUGhNd\" frameborder=\"0\" marginwidth=\"0\" marginheight=\"0\" scrolling=\"no\" class=\"wp-embedded-content\"><\/iframe><script type=\"text\/javascript\">\n\/* <![CDATA[ *\/\n\/*! This file is auto-generated *\/\n!function(d,l){\"use strict\";l.querySelector&&d.addEventListener&&\"undefined\"!=typeof URL&&(d.wp=d.wp||{},d.wp.receiveEmbedMessage||(d.wp.receiveEmbedMessage=function(e){var t=e.data;if((t||t.secret||t.message||t.value)&&!\/[^a-zA-Z0-9]\/.test(t.secret)){for(var s,r,n,a=l.querySelectorAll('iframe[data-secret=\"'+t.secret+'\"]'),o=l.querySelectorAll('blockquote[data-secret=\"'+t.secret+'\"]'),c=new RegExp(\"^https?:$\",\"i\"),i=0;i<o.length;i++)o[i].style.display=\"none\";for(i=0;i<a.length;i++)s=a[i],e.source===s.contentWindow&&(s.removeAttribute(\"style\"),\"height\"===t.message?(1e3<(r=parseInt(t.value,10))?r=1e3:~~r<200&&(r=200),s.height=r):\"link\"===t.message&&(r=new URL(s.getAttribute(\"src\")),n=new URL(t.value),c.test(n.protocol))&&n.host===r.host&&l.activeElement===s&&(d.top.location.href=t.value))}},d.addEventListener(\"message\",d.wp.receiveEmbedMessage,!1),l.addEventListener(\"DOMContentLoaded\",function(){for(var e,t,s=l.querySelectorAll(\"iframe.wp-embedded-content\"),r=0;r<s.length;r++)(t=(e=s[r]).getAttribute(\"data-secret\"))||(t=Math.random().toString(36).substring(2,12),e.src+=\"#?secret=\"+t,e.setAttribute(\"data-secret\",t)),e.contentWindow.postMessage({message:\"ready\",secret:t},\"*\")},!1)))}(window,document);\n\/\/# sourceURL=https:\/\/stuttgarti-katolikusok.de\/wp-includes\/js\/wp-embed.min.js\n\/* ]]> *\/\n<\/script>\n","description":"[vc_row][vc_column][vc_column_text]\u00a0 Balingen-Frommern: B\u00f6hm Norbert Biberach: Schrepler Judit B\u00f6blingen: Fastanz P\u00e1l Eislingen: Pfeffer Christine Friedrichshafen: Pfeiffer Istv\u00e1n Heidenheim: Barsy-Szab\u00f3 Brigitta Heilbronn-Horkheim: Kengyel K\u00e1roly Ludwigsburg: Karmelitinnen-Kloster Mndkingen: Krutz R\u00f3bert Reutlingen: Wieser Tibor Sch.-Gm\u00fcnd: Czapka Christoph Stuttgart: V\u00e1mos L\u00e1szl\u00f3 Ulm: Hermann Johann &amp; Ang\u00e9la Weingarten: Vill\u00e1nyi \u00c1gnes [\/vc_column_text][\/vc_column][\/vc_row][vc_row][vc_column][vc_column_text]L\u00e1ttuk az Egyh\u00e1ztan\u00e1cs \u00e9s a Leg\u00e1tusok kapcs\u00e1n, hogy ma a vil\u00e1gi h\u00edvek a lelkip\u00e1sztori munk\u00e1ban, az egyh\u00e1zk\u00f6zs\u00e9g vezet\u00e9s\u00e9ben \u00e9s szolg\u00e1lat\u00e1ban, n\u00e9lk\u00fcl\u00f6zhetetlen feladatokat l\u00e1thatnak el. Az \u00e1ltaluk v\u00e9gzett munka nagyban hozz\u00e1j\u00e1rul az egyh\u00e1zk\u00f6zs\u00e9gek harmonikus \u00e9let\u00e9hez \u00e9s a paps\u00e1g munk\u00e1j\u00e1nak eredm\u00e9nyess\u00e9g\u00e9hez. Arr\u00f3l is sz\u00f3t ejtett\u00fcnk, hogy az egyik legfontosabb ter\u00fclet, amelyen a vil\u00e1gi h\u00edveknek is egyre tev\u00e9kenyebb szerep jut: a szentmise. A szentmise \u00fcnnepl\u00e9se ugyanis az eg\u00e9sz kereszt\u00e9ny \u00e9let k\u00f6z\u00e9ppontja. Mivel kereszts\u00e9g\u00fckn\u00e9l fogva a vil\u00e1gi h\u00edvek is arra vannak rendelve, hogy Istent dics\u00e9rj\u00e9k, im\u00e1dkozzanak, \u00e1ldozatot mutassanak be \u00e9s tan\u00fas\u00e1got tegyenek J\u00e9zusr\u00f3l, a szentmis\u00e9n val\u00f3 r\u00e9szv\u00e9tel\u00fck sem t\u00f6rt\u00e9nhet \u00f6lbetett k\u00e9zzel, hanem annak \u201etev\u00e9kenynek\u201d kell lennie. A tev\u00e9keny r\u00e9szv\u00e9telhez tartozik \u2013 t\u00f6bbek k\u00f6z\u00f6tt &#8211; a templom d\u00edsz\u00edt\u00e9se illetve a szentmis\u00e9re val\u00f3 elok\u00e9sz\u00edt\u00e9s is. Nagy hi\u00e1nyt p\u00f3tolt az egri paps\u00e1g, amikor 1996-ban \u00f6ssze\u00e1ll\u00edtotta \u00e9s kiadta a \u201eSekresty\u00e9sek k\u00f6nyv\u00e9t\u201d. Most ebb\u0151l a k\u00f6nyvb\u0151l szeretn\u00e9k k\u00e9t id\u00e9zetet hozni. Az els\u0151 a bevezet\u0151, amelyet Dr. Sereg\u00e9ly Istv\u00e1n \u00e9rsek \u00far \u00edrt: \u201eA II. Vatik\u00e1ni Zsinat Liturgikus Konstit\u00faci\u00f3ja s\u00fcrgeti, hogy a h\u00edvek a szent cselekm\u00e9nyekben tudatosan, tev\u00e9kenyen \u00e9s gy\u00fcm\u00f6lcs\u00f6z\u0151en vegyenek r\u00e9szt. Mindez csak akkor val\u00f3s\u00edthat\u00f3 meg, ha a liturgikus tev\u00e9kenys\u00e9g el\u0151k\u00e9sz\u00edt\u00e9s\u00e9ben n\u00e9lk\u00fcl\u00f6zhetetlen szerepet bet\u00f6lt\u0151 sekresty\u00e9sek megfelel\u0151 liturgikus ismerettel rendelkeznek. Ez\u00e9rt h\u00e1l\u00e1san k\u00f6sz\u00f6n\u00f6m mindazok k\u00f6zrem\u0171k\u00f6d\u00e9s\u00e9t, akik ennek a k\u00f6nyvnek \u00f6ssze\u00e1ll\u00edt\u00e1s\u00e1val hozz\u00e1j\u00e1rultak istentiszteleteink szebb\u00e9 t\u00e9tel\u00e9hez, \u00e9s egyben olyan seg\u00e9deszk\u00f6zt adnak a sekresty\u00e9sek kez\u00e9be, amely hozz\u00e1seg\u00edti \u0151ket a vatik\u00e1ni zsinat c\u00e9lkit\u0171z\u00e9seinek megval\u00f3s\u00edt\u00e1s\u00e1hoz. K\u00edv\u00e1nom testv\u00e9reimnek, akik Isten h\u00e1z\u00e1nak \u00e9kess\u00e9g\u00e9\u00e9rt, istentiszteleteink \u00e1h\u00edtat\u00e1\u00e9rt f\u00e1radoznak, haszn\u00e1lj\u00e1k ezt a k\u00f6nyvet szolg\u00e1latuk jav\u00e1ra. Eger, 1996. Sarl\u00f3s Boldogasszony \u00fcnnep\u00e9n, Dr. Sereg\u00e9ly Istv\u00e1n, egri \u00e9rsek, az MKPK eln\u00f6ke.\u201d A m\u00e1sodik id\u00e9zet a sekresty\u00e9sek munkak\u00f6r\u00e9t \u00e9s feladatait \u00edrja... R\u00e9szletek"}

Sekrestyéseink - Stuttgarti Katolikusok

<blockquote class="wp-embedded-content" data-secret="4WerjUGhNd"><a href="https://stuttgarti-katolikusok.de/index.php/sekrestyeseink/">Sekrestyéseink</a></blockquote><iframe sandbox="allow-scripts" security="restricted" src="https://stuttgarti-katolikusok.de/index.php/sekrestyeseink/embed/#?secret=4WerjUGhNd" width="600" height="338" title="&#8220;Sekrestyéseink&#8221; &#8212; Stuttgarti Katolikusok" data-secret="4WerjUGhNd" frameborder="0" marginwidth="0" marginheight="0" scrolling="no" class="wp-embedded-content"></iframe><script type="text/javascript">
/* <![CDATA[ */
/*! This file is auto-generated */
!function(d,l){"use strict";l.querySelector&&d.addEventListener&&"undefined"!=typeof URL&&(d.wp=d.wp||{},d.wp.receiveEmbedMessage||(d.wp.receiveEmbedMessage=function(e){var t=e.data;if((t||t.secret||t.message||t.value)&&!/[^a-zA-Z0-9]/.test(t.secret)){for(var s,r,n,a=l.querySelectorAll('iframe[data-secret="'+t.secret+'"]'),o=l.querySelectorAll('blockquote[data-secret="'+t.secret+'"]'),c=new RegExp("^https?:$","i"),i=0;i<o.length;i++)o[i].style.display="none";for(i=0;i<a.length;i++)s=a[i],e.source===s.contentWindow&&(s.removeAttribute("style"),"height"===t.message?(1e3<(r=parseInt(t.value,10))?r=1e3:~~r<200&&(r=200),s.height=r):"link"===t.message&&(r=new URL(s.getAttribute("src")),n=new URL(t.value),c.test(n.protocol))&&n.host===r.host&&l.activeElement===s&&(d.top.location.href=t.value))}},d.addEventListener("message",d.wp.receiveEmbedMessage,!1),l.addEventListener("DOMContentLoaded",function(){for(var e,t,s=l.querySelectorAll("iframe.wp-embedded-content"),r=0;r<s.length;r++)(t=(e=s[r]).getAttribute("data-secret"))||(t=Math.random().toString(36).substring(2,12),e.src+="#?secret="+t,e.setAttribute("data-secret",t)),e.contentWindow.postMessage({message:"ready",secret:t},"*")},!1)))}(window,document);
//# sourceURL=https://stuttgarti-katolikusok.de/wp-includes/js/wp-embed.min.js
/* ]]> */
</script>

[vc_row][vc_column][vc_column_text]  Balingen-Frommern: Böhm Norbert Biberach: Schrepler Judit Böblingen: Fastanz Pál Eislingen: Pfeffer Christine Friedrichshafen: Pfeiffer István Heidenheim: Barsy-Szabó Brigitta Heilbronn-Horkheim: Kengyel Károly Ludwigsburg: Karmelitinnen-Kloster Mndkingen: Krutz Róbert Reutlingen: Wieser Tibor Sch.-Gmünd: Czapka Christoph Stuttgart: Vámos László Ulm: Hermann Johann &amp; Angéla Weingarten: Villányi Ágnes [/vc_column_text][/vc_column][/vc_row][vc_row][vc_column][vc_column_text]Láttuk az Egyháztanács és a Legátusok kapcsán, hogy ma a világi hívek a lelkipásztori munkában, az egyházközség vezetésében és szolgálatában, nélkülözhetetlen feladatokat láthatnak el. Az általuk végzett munka nagyban hozzájárul az egyházközségek harmonikus életéhez és a papság munkájának eredményességéhez. Arról is szót ejtettünk, hogy az egyik legfontosabb terület, amelyen a világi híveknek is egyre tevékenyebb szerep jut: a szentmise. A szentmise ünneplése ugyanis az egész keresztény élet középpontja. Mivel keresztségüknél fogva a világi hívek is arra vannak rendelve, hogy Istent dicsérjék, imádkozzanak, áldozatot mutassanak be és tanúságot tegyenek Jézusról, a szentmisén való részvételük sem történhet ölbetett kézzel, hanem annak „tevékenynek” kell lennie. A tevékeny részvételhez tartozik – többek között &#8211; a templom díszítése illetve a szentmisére való elokészítés is. Nagy hiányt pótolt az egri papság, amikor 1996-ban összeállította és kiadta a „Sekrestyések könyvét”. Most ebből a könyvből szeretnék két idézetet hozni. Az első a bevezető, amelyet Dr. Seregély István érsek úr írt: „A II. Vatikáni Zsinat Liturgikus Konstitúciója sürgeti, hogy a hívek a szent cselekményekben tudatosan, tevékenyen és gyümölcsözően vegyenek részt. Mindez csak akkor valósítható meg, ha a liturgikus tevékenység előkészítésében nélkülözhetetlen szerepet betöltő sekrestyések megfelelő liturgikus ismerettel rendelkeznek. Ezért hálásan köszönöm mindazok közreműködését, akik ennek a könyvnek összeállításával hozzájárultak istentiszteleteink szebbé tételéhez, és egyben olyan segédeszközt adnak a sekrestyések kezébe, amely hozzásegíti őket a vatikáni zsinat célkitűzéseinek megvalósításához. Kívánom testvéreimnek, akik Isten házának ékességéért, istentiszteleteink áhítatáért fáradoznak, használják ezt a könyvet szolgálatuk javára. Eger, 1996. Sarlós Boldogasszony ünnepén, Dr. Seregély István, egri érsek, az MKPK elnöke.” A második idézet a sekrestyések munkakörét és feladatait írja... Részletek
