{"version":"1.0","provider_name":"Stuttgarti Katolikusok","provider_url":"https:\/\/stuttgarti-katolikusok.de","title":"Schultheis \u00c9va: Vas\u00e1rnapt\u00f3l Vas\u00e1rnapig... - Stuttgarti Katolikusok","type":"rich","width":600,"height":338,"html":"<blockquote class=\"wp-embedded-content\" data-secret=\"PPD7rJG4W3\"><a href=\"https:\/\/stuttgarti-katolikusok.de\/index.php\/schultheis-eva-vasarnaptol-vasarnapig\/\">Schultheis \u00c9va: Vas\u00e1rnapt\u00f3l Vas\u00e1rnapig&#8230;<\/a><\/blockquote><iframe sandbox=\"allow-scripts\" security=\"restricted\" src=\"https:\/\/stuttgarti-katolikusok.de\/index.php\/schultheis-eva-vasarnaptol-vasarnapig\/embed\/#?secret=PPD7rJG4W3\" width=\"600\" height=\"338\" title=\"&#8220;Schultheis \u00c9va: Vas\u00e1rnapt\u00f3l Vas\u00e1rnapig&#8230;&#8221; &#8212; Stuttgarti Katolikusok\" data-secret=\"PPD7rJG4W3\" frameborder=\"0\" marginwidth=\"0\" marginheight=\"0\" scrolling=\"no\" class=\"wp-embedded-content\"><\/iframe><script type=\"text\/javascript\">\n\/* <![CDATA[ *\/\n\/*! This file is auto-generated *\/\n!function(d,l){\"use strict\";l.querySelector&&d.addEventListener&&\"undefined\"!=typeof URL&&(d.wp=d.wp||{},d.wp.receiveEmbedMessage||(d.wp.receiveEmbedMessage=function(e){var t=e.data;if((t||t.secret||t.message||t.value)&&!\/[^a-zA-Z0-9]\/.test(t.secret)){for(var s,r,n,a=l.querySelectorAll('iframe[data-secret=\"'+t.secret+'\"]'),o=l.querySelectorAll('blockquote[data-secret=\"'+t.secret+'\"]'),c=new RegExp(\"^https?:$\",\"i\"),i=0;i<o.length;i++)o[i].style.display=\"none\";for(i=0;i<a.length;i++)s=a[i],e.source===s.contentWindow&&(s.removeAttribute(\"style\"),\"height\"===t.message?(1e3<(r=parseInt(t.value,10))?r=1e3:~~r<200&&(r=200),s.height=r):\"link\"===t.message&&(r=new URL(s.getAttribute(\"src\")),n=new URL(t.value),c.test(n.protocol))&&n.host===r.host&&l.activeElement===s&&(d.top.location.href=t.value))}},d.addEventListener(\"message\",d.wp.receiveEmbedMessage,!1),l.addEventListener(\"DOMContentLoaded\",function(){for(var e,t,s=l.querySelectorAll(\"iframe.wp-embedded-content\"),r=0;r<s.length;r++)(t=(e=s[r]).getAttribute(\"data-secret\"))||(t=Math.random().toString(36).substring(2,12),e.src+=\"#?secret=\"+t,e.setAttribute(\"data-secret\",t)),e.contentWindow.postMessage({message:\"ready\",secret:t},\"*\")},!1)))}(window,document);\n\/\/# sourceURL=https:\/\/stuttgarti-katolikusok.de\/wp-includes\/js\/wp-embed.min.js\n\/* ]]> *\/\n<\/script>\n","description":"Vas\u00e1rnapt\u00f3l Vas\u00e1rnapig Vir\u00e1gvas\u00e1rnappal kezdet\u00e9t veszi nagyh\u00e9t miszt\u00e9riuma. N\u00e9h\u00e1ny nap leforg\u00e1sa alatt \u00f3ri\u00e1si \u00e9rzelmi hull\u00e1mvas\u00faton, a dics\u0151s\u00e9ges jeruzs\u00e1lemi bevonul\u00e1s ut\u00e1n m\u00e9lybezuhan\u00e1s k\u00f6vetkezik. Az Emberfia, aki hasonl\u00f3v\u00e1 lett hozz\u00e1nk, kiveszi r\u00e9sz\u00e9t \u00f6r\u00f6mb\u0151l, szenved\u00e9sb\u0151l, \u00e1rul\u00e1sb\u00f3l, gy\u00f6tr\u0151d\u00e9sb\u0151l, b\u0171ntelen\u00fcl \u00e9s tiszt\u00e1n v\u00e9gigj\u00e1rja minden emberi sorsok, &#8222;Via Doloros\u00e1j\u00e1t&#8221;, majd hal\u00e1lba kergetve visszaadja az \u00e9letet teremt\u0151 Atyj\u00e1nak&#8230;.Eddig a t\u00f6rt\u00e9net els\u0151 h\u00e9t napja&#8230;.. Hal\u00e1lodat hirdetj\u00fck Urunk&#8230;.\u00a0 Az ember sorstrag\u00e9di\u00e1ja h\u00e9t nap eltelt\u00e9vel befejez\u0151dni l\u00e1tszik&#8230;. Egy pillanatig elid\u0151z\u00f6m a szenved\u00e9s \u00e9s a hal\u00e1l \u00e1rny\u00e9k\u00e1ban. Mintha egy v\u00e9szj\u00f3sl\u00f3 \u00a0hal\u00e1lhirdet\u0151 pogrom foglya lenn\u00e9k. Sorsomb\u00f3l fakad\u00f3an leragadok \u00e9s a pillanatb\u00f3l \u00f6r\u00f6kk\u00e9val\u00f3s\u00e1g lesz. Mintha nem akarn\u00e1m elengedni, minta csak az\u00e9rt \u00e9ln\u00e9k, hogy lec\u00f6vekeljek a siralom \u00e9s a megpr\u00f3b\u00e1ltat\u00e1sok \u00fatj\u00e1n, a h\u00e1bor\u00fas h\u00edreket visszhangz\u00f3 napi sajt\u00f3, kicsinyes politikusok civakod\u00e1sa, a polg\u00e1rh\u00e1bor\u00fas, \u00e9h\u00edns\u00e9gt\u0151l s\u00fajtott f\u00f6ldr\u00e9szek k\u00e1lv\u00e1ri\u00e1ja mellett. Megb\u00e9nulok a szomsz\u00e9d betegs\u00e9g\u00e9nek h\u00edre hallat\u00e1n. Idegesen \u00f3dzkodom hal\u00e1los betegek \u00e1gy\u00e1n\u00e1l, s\u0151t el sem jutok od\u00e1ig. Persze mindek\u00f6zben legink\u00e1bb magamat sajn\u00e1lom&#8230; mert a szenved\u00e9s \u00e9s bajaim \u00e1rny\u00e9k\u00e1ban, \u00fagy gondolom, valaki megsajn\u00e1l, valaki majd r\u00e9szv\u00e9tet \u00e9rez ir\u00e1ntam is&#8230; A rossz h\u00edr szenz\u00e1ci\u00f3&#8230;..a rossz h\u00edr valahol kapaszkod\u00f3 is, mert besz\u00e9lget\u00e9sre, vit\u00e1ra ad okot, bizonyos \u00e9rtelemben sz\u00f3rakoztat\u00f3bb is.\u00a0 A szenved\u00e9sben osztozunk, a szenved\u00e9st megtapintjuk, a kereszten f\u00fcgg\u0151 Krisztussal marad\u00e9ktalanul sork\u00f6z\u00f6ss\u00e9get v\u00e1llalunk, mert ezek a mi \u00a0h\u00e9tk\u00f6znapjaink. Err\u0151l \u00e1rulkodnak a p\u00e9ntekenk\u00e9nt keresztutat j\u00e1r\u00f3 arcok, az olvas\u00e1s k\u00f6zben megrend\u00fcl\u0151, el-elcsukl\u00f3 hangok&#8230;..sorolhatn\u00e1m az \u00e9rveket, de most tudatosan arra t\u00f6rekszem, hogy tov\u00e1bbl\u00e9pjek, hovatov\u00e1bb \u00e1tvigyem, \u00e1tugorjam \u00e9rtelmemmel tov\u00e1bbgondoljam a szenved\u00e9s \u00e9rtelm\u00e9t \u00e9s hittel valljuk f\u00f6lt\u00e1mad\u00e1sodat&#8230;. \u00c9s m\u00e9gis&#8230;. L\u00e9tezik egyetlen nap, ha \u00fagy tetszik a nyolcadik, vagy ak\u00e1r a h\u00e9t els\u0151 napja, egy \u00faj vas\u00e1rnap reggel, \u00e9s megt\u00f6rt\u00e9nik a csoda! Mi ez a csoda? Igaz\u00e1b\u00f3l \u00a0nem tudjuk, mert ha tudn\u00e1nk, f\u00f6l\u00f6sleges lenne minden tov\u00e1bbi magyar\u00e1zkod\u00e1s. Ha tudn\u00e1m, akkor a \u00a0fentebb id\u00e9zett f\u00e9lmondatot, a hittel vallott f\u00f6lt\u00e1mad\u00e1sr\u00f3l sokkal lelkesebben mondan\u00e1m, s\u0151t sokszor ism\u00e9teln\u00e9m, s nem csak az\u00e9rt, mert az \u00farfelmutat\u00e1s liturgi\u00e1j\u00e1nak r\u00e9szek\u00e9nt mondani illik.\u00a0 Annyi bizonyos, hogy valami... R\u00e9szletek"}

Schultheis Éva: Vasárnaptól Vasárnapig... - Stuttgarti Katolikusok

<blockquote class="wp-embedded-content" data-secret="PPD7rJG4W3"><a href="https://stuttgarti-katolikusok.de/index.php/schultheis-eva-vasarnaptol-vasarnapig/">Schultheis Éva: Vasárnaptól Vasárnapig&#8230;</a></blockquote><iframe sandbox="allow-scripts" security="restricted" src="https://stuttgarti-katolikusok.de/index.php/schultheis-eva-vasarnaptol-vasarnapig/embed/#?secret=PPD7rJG4W3" width="600" height="338" title="&#8220;Schultheis Éva: Vasárnaptól Vasárnapig&#8230;&#8221; &#8212; Stuttgarti Katolikusok" data-secret="PPD7rJG4W3" frameborder="0" marginwidth="0" marginheight="0" scrolling="no" class="wp-embedded-content"></iframe><script type="text/javascript">
/* <![CDATA[ */
/*! This file is auto-generated */
!function(d,l){"use strict";l.querySelector&&d.addEventListener&&"undefined"!=typeof URL&&(d.wp=d.wp||{},d.wp.receiveEmbedMessage||(d.wp.receiveEmbedMessage=function(e){var t=e.data;if((t||t.secret||t.message||t.value)&&!/[^a-zA-Z0-9]/.test(t.secret)){for(var s,r,n,a=l.querySelectorAll('iframe[data-secret="'+t.secret+'"]'),o=l.querySelectorAll('blockquote[data-secret="'+t.secret+'"]'),c=new RegExp("^https?:$","i"),i=0;i<o.length;i++)o[i].style.display="none";for(i=0;i<a.length;i++)s=a[i],e.source===s.contentWindow&&(s.removeAttribute("style"),"height"===t.message?(1e3<(r=parseInt(t.value,10))?r=1e3:~~r<200&&(r=200),s.height=r):"link"===t.message&&(r=new URL(s.getAttribute("src")),n=new URL(t.value),c.test(n.protocol))&&n.host===r.host&&l.activeElement===s&&(d.top.location.href=t.value))}},d.addEventListener("message",d.wp.receiveEmbedMessage,!1),l.addEventListener("DOMContentLoaded",function(){for(var e,t,s=l.querySelectorAll("iframe.wp-embedded-content"),r=0;r<s.length;r++)(t=(e=s[r]).getAttribute("data-secret"))||(t=Math.random().toString(36).substring(2,12),e.src+="#?secret="+t,e.setAttribute("data-secret",t)),e.contentWindow.postMessage({message:"ready",secret:t},"*")},!1)))}(window,document);
//# sourceURL=https://stuttgarti-katolikusok.de/wp-includes/js/wp-embed.min.js
/* ]]> */
</script>

Vasárnaptól Vasárnapig Virágvasárnappal kezdetét veszi nagyhét misztériuma. Néhány nap leforgása alatt óriási érzelmi hullámvasúton, a dicsőséges jeruzsálemi bevonulás után mélybezuhanás következik. Az Emberfia, aki hasonlóvá lett hozzánk, kiveszi részét örömből, szenvedésből, árulásból, gyötrődésből, bűntelenül és tisztán végigjárja minden emberi sorsok, &#8222;Via Dolorosáját&#8221;, majd halálba kergetve visszaadja az életet teremtő Atyjának&#8230;.Eddig a történet első hét napja&#8230;.. Halálodat hirdetjük Urunk&#8230;.  Az ember sorstragédiája hét nap elteltével befejeződni látszik&#8230;. Egy pillanatig elidőzöm a szenvedés és a halál árnyékában. Mintha egy vészjósló  halálhirdető pogrom foglya lennék. Sorsomból fakadóan leragadok és a pillanatból örökkévalóság lesz. Mintha nem akarnám elengedni, minta csak azért élnék, hogy lecövekeljek a siralom és a megpróbáltatások útján, a háborús híreket visszhangzó napi sajtó, kicsinyes politikusok civakodása, a polgárháborús, éhínségtől sújtott földrészek kálváriája mellett. Megbénulok a szomszéd betegségének híre hallatán. Idegesen ódzkodom halálos betegek ágyánál, sőt el sem jutok odáig. Persze mindeközben leginkább magamat sajnálom&#8230; mert a szenvedés és bajaim árnyékában, úgy gondolom, valaki megsajnál, valaki majd részvétet érez irántam is&#8230; A rossz hír szenzáció&#8230;..a rossz hír valahol kapaszkodó is, mert beszélgetésre, vitára ad okot, bizonyos értelemben szórakoztatóbb is.  A szenvedésben osztozunk, a szenvedést megtapintjuk, a kereszten függő Krisztussal maradéktalanul sorközösséget vállalunk, mert ezek a mi  hétköznapjaink. Erről árulkodnak a péntekenként keresztutat járó arcok, az olvasás közben megrendülő, el-elcsukló hangok&#8230;..sorolhatnám az érveket, de most tudatosan arra törekszem, hogy továbblépjek, hovatovább átvigyem, átugorjam értelmemmel továbbgondoljam a szenvedés értelmét és hittel valljuk föltámadásodat&#8230;. És mégis&#8230;. Létezik egyetlen nap, ha úgy tetszik a nyolcadik, vagy akár a hét első napja, egy új vasárnap reggel, és megtörténik a csoda! Mi ez a csoda? Igazából  nem tudjuk, mert ha tudnánk, fölösleges lenne minden további magyarázkodás. Ha tudnám, akkor a  fentebb idézett félmondatot, a hittel vallott föltámadásról sokkal lelkesebben mondanám, sőt sokszor ismételném, s nem csak azért, mert az úrfelmutatás liturgiájának részeként mondani illik.  Annyi bizonyos, hogy valami... Részletek
