{"version":"1.0","provider_name":"Stuttgarti Katolikusok","provider_url":"https:\/\/stuttgarti-katolikusok.de","title":"R\u00f3zsaf\u00fcz\u00e9r a haz\u00e1\u00e9rt \u00e9s n\u00e9p\u00fcnk\u00e9rt! - Stuttgarti Katolikusok","type":"rich","width":600,"height":338,"html":"<blockquote class=\"wp-embedded-content\" data-secret=\"hVw5XsIcAL\"><a href=\"https:\/\/stuttgarti-katolikusok.de\/index.php\/rozsafuzer-a-hazaert-es-nepunkert\/\">R\u00f3zsaf\u00fcz\u00e9r a haz\u00e1\u00e9rt \u00e9s n\u00e9p\u00fcnk\u00e9rt!<\/a><\/blockquote><iframe sandbox=\"allow-scripts\" security=\"restricted\" src=\"https:\/\/stuttgarti-katolikusok.de\/index.php\/rozsafuzer-a-hazaert-es-nepunkert\/embed\/#?secret=hVw5XsIcAL\" width=\"600\" height=\"338\" title=\"&#8220;R\u00f3zsaf\u00fcz\u00e9r a haz\u00e1\u00e9rt \u00e9s n\u00e9p\u00fcnk\u00e9rt!&#8221; &#8212; Stuttgarti Katolikusok\" data-secret=\"hVw5XsIcAL\" frameborder=\"0\" marginwidth=\"0\" marginheight=\"0\" scrolling=\"no\" class=\"wp-embedded-content\"><\/iframe><script type=\"text\/javascript\">\n\/* <![CDATA[ *\/\n\/*! This file is auto-generated *\/\n!function(d,l){\"use strict\";l.querySelector&&d.addEventListener&&\"undefined\"!=typeof URL&&(d.wp=d.wp||{},d.wp.receiveEmbedMessage||(d.wp.receiveEmbedMessage=function(e){var t=e.data;if((t||t.secret||t.message||t.value)&&!\/[^a-zA-Z0-9]\/.test(t.secret)){for(var s,r,n,a=l.querySelectorAll('iframe[data-secret=\"'+t.secret+'\"]'),o=l.querySelectorAll('blockquote[data-secret=\"'+t.secret+'\"]'),c=new RegExp(\"^https?:$\",\"i\"),i=0;i<o.length;i++)o[i].style.display=\"none\";for(i=0;i<a.length;i++)s=a[i],e.source===s.contentWindow&&(s.removeAttribute(\"style\"),\"height\"===t.message?(1e3<(r=parseInt(t.value,10))?r=1e3:~~r<200&&(r=200),s.height=r):\"link\"===t.message&&(r=new URL(s.getAttribute(\"src\")),n=new URL(t.value),c.test(n.protocol))&&n.host===r.host&&l.activeElement===s&&(d.top.location.href=t.value))}},d.addEventListener(\"message\",d.wp.receiveEmbedMessage,!1),l.addEventListener(\"DOMContentLoaded\",function(){for(var e,t,s=l.querySelectorAll(\"iframe.wp-embedded-content\"),r=0;r<s.length;r++)(t=(e=s[r]).getAttribute(\"data-secret\"))||(t=Math.random().toString(36).substring(2,12),e.src+=\"#?secret=\"+t,e.setAttribute(\"data-secret\",t)),e.contentWindow.postMessage({message:\"ready\",secret:t},\"*\")},!1)))}(window,document);\n\/\/# sourceURL=https:\/\/stuttgarti-katolikusok.de\/wp-includes\/js\/wp-embed.min.js\n\/* ]]> *\/\n<\/script>\n","description":"Kedves H\u00edveim \u00e9s Bar\u00e1taim! Lengyelorsz\u00e1gban a 100 \u00e9ves Fatimai jelen\u00e9s \u00e9vfordul\u00f3j\u00e1n k\u00f6vetni akarj\u00e1k a Sz\u0171zanya felh\u00edv\u00e1s\u00e1t a r\u00f3zsaf\u00fcz\u00e9r im\u00e1ds\u00e1gra, amivel megmenthetik az eg\u00e9sz vil\u00e1got.\u200b \u200b Ez\u00e9rt\u00a0 2017. okt\u00f3ber 7-\u00e9n\u00a0sok sz\u00e1zezer lengyel katolikus fog a lengyel hat\u00e1ron r\u00f3zsaf\u00fcz\u00e9rt im\u00e1dkozni Lengyelorsz\u00e1g \u00e9ps\u00e9g\u00e9\u00e9rt, az eg\u00e9sz vil\u00e1g megmenek\u00fcl\u00e9s\u00e9\u00e9rt, b\u00e9k\u00e9j\u00e9\u00e9rt, de a sz\u00edvb\u00e9li b\u00e9k\u00e9\u00e9rt is. K\u00e9rik, hogy csatlakozzunk im\u00e1inkkal ehhez a kezdem\u00e9nyez\u00e9shez. Mi, akik nem otthon \u00e9l\u00fcnk, \u00e9s \u00faj haz\u00e1nkban is sz\u00e9tsz\u00f3rva, szeretn\u00e9nk csatlakozni lengyel testv\u00e9reink felh\u00edv\u00e1s\u00e1hoz. Nek\u00fcnk is van mi\u00e9rt im\u00e1dkozni! Ez\u00e9rt arra k\u00e9rek minden kedves H\u00edv\u00fcnket, hogy szombaton, mindegy, hogy a nap melyik \u00f3r\u00e1j\u00e1ban, \u00e9s mindegy, hogy hol, de egyed\u00fcl \u2013 vagy ak\u00e1r a csal\u00e1ddal illetve bar\u00e1tokkal k\u00f6z\u00f6sen \u2013 mondja el a r\u00f3zsaf\u00fcz\u00e9rt a fenti sz\u00e1nd\u00e9kokra. \u00c9s \u2013 gondolatban sz\u00e1lljon haza, oda, ahol sz\u00fcl\u0151f\u00f6ldj\u00e9hez legk\u00f6zelebb az orsz\u00e1ghat\u00e1r&#8230; \u00c9n is \u00edgy teszek \u2013 11 \u00e9s 12 \u00f3ra k\u00f6z\u00f6tt \u2013 a gyalog-zar\u00e1ndoklat tagjaival! R\u00f3zsaf\u00fcz\u00e9r Kir\u00e1lyn\u0151je, k\u00f6ny\u00f6r\u00f6gj \u00e9rett\u00fcnk! Szeretettel, Imre atya Stuttgart, 2017. okt\u00f3ber 6."}

Rózsafüzér a hazáért és népünkért! - Stuttgarti Katolikusok

<blockquote class="wp-embedded-content" data-secret="hVw5XsIcAL"><a href="https://stuttgarti-katolikusok.de/index.php/rozsafuzer-a-hazaert-es-nepunkert/">Rózsafüzér a hazáért és népünkért!</a></blockquote><iframe sandbox="allow-scripts" security="restricted" src="https://stuttgarti-katolikusok.de/index.php/rozsafuzer-a-hazaert-es-nepunkert/embed/#?secret=hVw5XsIcAL" width="600" height="338" title="&#8220;Rózsafüzér a hazáért és népünkért!&#8221; &#8212; Stuttgarti Katolikusok" data-secret="hVw5XsIcAL" frameborder="0" marginwidth="0" marginheight="0" scrolling="no" class="wp-embedded-content"></iframe><script type="text/javascript">
/* <![CDATA[ */
/*! This file is auto-generated */
!function(d,l){"use strict";l.querySelector&&d.addEventListener&&"undefined"!=typeof URL&&(d.wp=d.wp||{},d.wp.receiveEmbedMessage||(d.wp.receiveEmbedMessage=function(e){var t=e.data;if((t||t.secret||t.message||t.value)&&!/[^a-zA-Z0-9]/.test(t.secret)){for(var s,r,n,a=l.querySelectorAll('iframe[data-secret="'+t.secret+'"]'),o=l.querySelectorAll('blockquote[data-secret="'+t.secret+'"]'),c=new RegExp("^https?:$","i"),i=0;i<o.length;i++)o[i].style.display="none";for(i=0;i<a.length;i++)s=a[i],e.source===s.contentWindow&&(s.removeAttribute("style"),"height"===t.message?(1e3<(r=parseInt(t.value,10))?r=1e3:~~r<200&&(r=200),s.height=r):"link"===t.message&&(r=new URL(s.getAttribute("src")),n=new URL(t.value),c.test(n.protocol))&&n.host===r.host&&l.activeElement===s&&(d.top.location.href=t.value))}},d.addEventListener("message",d.wp.receiveEmbedMessage,!1),l.addEventListener("DOMContentLoaded",function(){for(var e,t,s=l.querySelectorAll("iframe.wp-embedded-content"),r=0;r<s.length;r++)(t=(e=s[r]).getAttribute("data-secret"))||(t=Math.random().toString(36).substring(2,12),e.src+="#?secret="+t,e.setAttribute("data-secret",t)),e.contentWindow.postMessage({message:"ready",secret:t},"*")},!1)))}(window,document);
//# sourceURL=https://stuttgarti-katolikusok.de/wp-includes/js/wp-embed.min.js
/* ]]> */
</script>

Kedves Híveim és Barátaim! Lengyelországban a 100 éves Fatimai jelenés évfordulóján követni akarják a Szűzanya felhívását a rózsafüzér imádságra, amivel megmenthetik az egész világot.​ ​ Ezért  2017. október 7-én sok százezer lengyel katolikus fog a lengyel határon rózsafüzért imádkozni Lengyelország épségéért, az egész világ megmeneküléséért, békéjéért, de a szívbéli békéért is. Kérik, hogy csatlakozzunk imáinkkal ehhez a kezdeményezéshez. Mi, akik nem otthon élünk, és új hazánkban is szétszórva, szeretnénk csatlakozni lengyel testvéreink felhívásához. Nekünk is van miért imádkozni! Ezért arra kérek minden kedves Hívünket, hogy szombaton, mindegy, hogy a nap melyik órájában, és mindegy, hogy hol, de egyedül – vagy akár a családdal illetve barátokkal közösen – mondja el a rózsafüzért a fenti szándékokra. És – gondolatban szálljon haza, oda, ahol szülőföldjéhez legközelebb az országhatár&#8230; Én is így teszek – 11 és 12 óra között – a gyalog-zarándoklat tagjaival! Rózsafüzér Királynője, könyörögj érettünk! Szeretettel, Imre atya Stuttgart, 2017. október 6.
