{"version":"1.0","provider_name":"Stuttgarti Katolikusok","provider_url":"https:\/\/stuttgarti-katolikusok.de","title":"Reutlingen - \u00c1rp\u00e1dh\u00e1zi Szent Erzs\u00e9bet b\u00facs\u00fa - Stuttgarti Katolikusok","type":"rich","width":600,"height":338,"html":"<blockquote class=\"wp-embedded-content\" data-secret=\"bgINB7qOKh\"><a href=\"https:\/\/stuttgarti-katolikusok.de\/index.php\/reutlingen-arpadhazi-szent-erzsebet-bucsu\/\">Reutlingen &#8211; \u00c1rp\u00e1dh\u00e1zi Szent Erzs\u00e9bet b\u00facs\u00fa<\/a><\/blockquote><iframe sandbox=\"allow-scripts\" security=\"restricted\" src=\"https:\/\/stuttgarti-katolikusok.de\/index.php\/reutlingen-arpadhazi-szent-erzsebet-bucsu\/embed\/#?secret=bgINB7qOKh\" width=\"600\" height=\"338\" title=\"&#8220;Reutlingen &#8211; \u00c1rp\u00e1dh\u00e1zi Szent Erzs\u00e9bet b\u00facs\u00fa&#8221; &#8212; Stuttgarti Katolikusok\" data-secret=\"bgINB7qOKh\" frameborder=\"0\" marginwidth=\"0\" marginheight=\"0\" scrolling=\"no\" class=\"wp-embedded-content\"><\/iframe><script type=\"text\/javascript\">\n\/* <![CDATA[ *\/\n\/*! This file is auto-generated *\/\n!function(d,l){\"use strict\";l.querySelector&&d.addEventListener&&\"undefined\"!=typeof URL&&(d.wp=d.wp||{},d.wp.receiveEmbedMessage||(d.wp.receiveEmbedMessage=function(e){var t=e.data;if((t||t.secret||t.message||t.value)&&!\/[^a-zA-Z0-9]\/.test(t.secret)){for(var s,r,n,a=l.querySelectorAll('iframe[data-secret=\"'+t.secret+'\"]'),o=l.querySelectorAll('blockquote[data-secret=\"'+t.secret+'\"]'),c=new RegExp(\"^https?:$\",\"i\"),i=0;i<o.length;i++)o[i].style.display=\"none\";for(i=0;i<a.length;i++)s=a[i],e.source===s.contentWindow&&(s.removeAttribute(\"style\"),\"height\"===t.message?(1e3<(r=parseInt(t.value,10))?r=1e3:~~r<200&&(r=200),s.height=r):\"link\"===t.message&&(r=new URL(s.getAttribute(\"src\")),n=new URL(t.value),c.test(n.protocol))&&n.host===r.host&&l.activeElement===s&&(d.top.location.href=t.value))}},d.addEventListener(\"message\",d.wp.receiveEmbedMessage,!1),l.addEventListener(\"DOMContentLoaded\",function(){for(var e,t,s=l.querySelectorAll(\"iframe.wp-embedded-content\"),r=0;r<s.length;r++)(t=(e=s[r]).getAttribute(\"data-secret\"))||(t=Math.random().toString(36).substring(2,12),e.src+=\"#?secret=\"+t,e.setAttribute(\"data-secret\",t)),e.contentWindow.postMessage({message:\"ready\",secret:t},\"*\")},!1)))}(window,document);\n\/\/# sourceURL=https:\/\/stuttgarti-katolikusok.de\/wp-includes\/js\/wp-embed.min.js\n\/* ]]> *\/\n<\/script>\n","thumbnail_url":"https:\/\/stuttgarti-katolikusok.de\/wp-content\/uploads\/2016\/11\/szent-erzsebet.jpg","thumbnail_width":1280,"thumbnail_height":720,"description":"MEGH\u00cdV\u00d3 November 26-\u00e1n, szombaton, Reutlingenben templomb\u00facs\u00fa: \u00c1rp\u00e1dh\u00e1zi Szent Erzs\u00e9bet \u00fcnnepe. A 16.30 \u00f3rakor kezd\u0151d\u0151 szentmis\u00e9n v\u00e9d\u0151szent\u00fcnkre tekint\u00fcnk, akit\u0151l szeretn\u00e9nk eltanulni a senkit sem kiz\u00e1r\u00f3 felebar\u00e1ti szeretet titk\u00e1t. Ugyanakkor az Irgalmass\u00e1g \u00c9ve l\u00e9v\u00e9n, tal\u00e1n utolj\u00e1ra, szeretn\u00e9nk megragadni az alkalmat arra, hogy kiengesztel\u0151dj\u00fcnk Istennel s egym\u00e1ssal, \u00e9s teljes b\u00facs\u00fat nyerj\u00fcnk magunk, illetve elhunyt szeretteink sz\u00e1m\u00e1ra. A szentmise ut\u00e1n, term\u00e9szetesen egy kellemes, kedves \u00e1g\u00e1p\u00e9 illetve bar\u00e1ti egy\u00fcttl\u00e9t lesz, amelyre magunkkal hozottat sz\u00edvesen elfogadunk. Erre a nagy esem\u00e9nyre szeretettel h\u00edvja kedves bar\u00e1tait \u00e9s ismer\u0151seit &#8211; a reutlingeni egyh\u00e1zk\u00f6zs\u00e9g nev\u00e9ben is \u2013 Imre atya"}

Reutlingen - Árpádházi Szent Erzsébet búcsú - Stuttgarti Katolikusok

<blockquote class="wp-embedded-content" data-secret="bgINB7qOKh"><a href="https://stuttgarti-katolikusok.de/index.php/reutlingen-arpadhazi-szent-erzsebet-bucsu/">Reutlingen &#8211; Árpádházi Szent Erzsébet búcsú</a></blockquote><iframe sandbox="allow-scripts" security="restricted" src="https://stuttgarti-katolikusok.de/index.php/reutlingen-arpadhazi-szent-erzsebet-bucsu/embed/#?secret=bgINB7qOKh" width="600" height="338" title="&#8220;Reutlingen &#8211; Árpádházi Szent Erzsébet búcsú&#8221; &#8212; Stuttgarti Katolikusok" data-secret="bgINB7qOKh" frameborder="0" marginwidth="0" marginheight="0" scrolling="no" class="wp-embedded-content"></iframe><script type="text/javascript">
/* <![CDATA[ */
/*! This file is auto-generated */
!function(d,l){"use strict";l.querySelector&&d.addEventListener&&"undefined"!=typeof URL&&(d.wp=d.wp||{},d.wp.receiveEmbedMessage||(d.wp.receiveEmbedMessage=function(e){var t=e.data;if((t||t.secret||t.message||t.value)&&!/[^a-zA-Z0-9]/.test(t.secret)){for(var s,r,n,a=l.querySelectorAll('iframe[data-secret="'+t.secret+'"]'),o=l.querySelectorAll('blockquote[data-secret="'+t.secret+'"]'),c=new RegExp("^https?:$","i"),i=0;i<o.length;i++)o[i].style.display="none";for(i=0;i<a.length;i++)s=a[i],e.source===s.contentWindow&&(s.removeAttribute("style"),"height"===t.message?(1e3<(r=parseInt(t.value,10))?r=1e3:~~r<200&&(r=200),s.height=r):"link"===t.message&&(r=new URL(s.getAttribute("src")),n=new URL(t.value),c.test(n.protocol))&&n.host===r.host&&l.activeElement===s&&(d.top.location.href=t.value))}},d.addEventListener("message",d.wp.receiveEmbedMessage,!1),l.addEventListener("DOMContentLoaded",function(){for(var e,t,s=l.querySelectorAll("iframe.wp-embedded-content"),r=0;r<s.length;r++)(t=(e=s[r]).getAttribute("data-secret"))||(t=Math.random().toString(36).substring(2,12),e.src+="#?secret="+t,e.setAttribute("data-secret",t)),e.contentWindow.postMessage({message:"ready",secret:t},"*")},!1)))}(window,document);
//# sourceURL=https://stuttgarti-katolikusok.de/wp-includes/js/wp-embed.min.js
/* ]]> */
</script>

MEGHÍVÓ November 26-án, szombaton, Reutlingenben templombúcsú: Árpádházi Szent Erzsébet ünnepe. A 16.30 órakor kezdődő szentmisén védőszentünkre tekintünk, akitől szeretnénk eltanulni a senkit sem kizáró felebaráti szeretet titkát. Ugyanakkor az Irgalmasság Éve lévén, talán utoljára, szeretnénk megragadni az alkalmat arra, hogy kiengesztelődjünk Istennel s egymással, és teljes búcsút nyerjünk magunk, illetve elhunyt szeretteink számára. A szentmise után, természetesen egy kellemes, kedves ágápé illetve baráti együttlét lesz, amelyre magunkkal hozottat szívesen elfogadunk. Erre a nagy eseményre szeretettel hívja kedves barátait és ismerőseit &#8211; a reutlingeni egyházközség nevében is – Imre atya
