{"version":"1.0","provider_name":"Stuttgarti Katolikusok","provider_url":"https:\/\/stuttgarti-katolikusok.de","title":"P\u00fcsp\u00f6ki rendelkez\u00e9s a koronav\u00edrussal kapcsolatban - Stuttgarti Katolikusok","type":"rich","width":600,"height":338,"html":"<blockquote class=\"wp-embedded-content\" data-secret=\"Ra2nWTPogC\"><a href=\"https:\/\/stuttgarti-katolikusok.de\/index.php\/puspoki-rendelkezes-a-koronavirussal-kapcsolatban\/\">P\u00fcsp\u00f6ki rendelkez\u00e9s a koronav\u00edrussal kapcsolatban<\/a><\/blockquote><iframe sandbox=\"allow-scripts\" security=\"restricted\" src=\"https:\/\/stuttgarti-katolikusok.de\/index.php\/puspoki-rendelkezes-a-koronavirussal-kapcsolatban\/embed\/#?secret=Ra2nWTPogC\" width=\"600\" height=\"338\" title=\"&#8220;P\u00fcsp\u00f6ki rendelkez\u00e9s a koronav\u00edrussal kapcsolatban&#8221; &#8212; Stuttgarti Katolikusok\" data-secret=\"Ra2nWTPogC\" frameborder=\"0\" marginwidth=\"0\" marginheight=\"0\" scrolling=\"no\" class=\"wp-embedded-content\"><\/iframe><script type=\"text\/javascript\">\n\/* <![CDATA[ *\/\n\/*! This file is auto-generated *\/\n!function(d,l){\"use strict\";l.querySelector&&d.addEventListener&&\"undefined\"!=typeof URL&&(d.wp=d.wp||{},d.wp.receiveEmbedMessage||(d.wp.receiveEmbedMessage=function(e){var t=e.data;if((t||t.secret||t.message||t.value)&&!\/[^a-zA-Z0-9]\/.test(t.secret)){for(var s,r,n,a=l.querySelectorAll('iframe[data-secret=\"'+t.secret+'\"]'),o=l.querySelectorAll('blockquote[data-secret=\"'+t.secret+'\"]'),c=new RegExp(\"^https?:$\",\"i\"),i=0;i<o.length;i++)o[i].style.display=\"none\";for(i=0;i<a.length;i++)s=a[i],e.source===s.contentWindow&&(s.removeAttribute(\"style\"),\"height\"===t.message?(1e3<(r=parseInt(t.value,10))?r=1e3:~~r<200&&(r=200),s.height=r):\"link\"===t.message&&(r=new URL(s.getAttribute(\"src\")),n=new URL(t.value),c.test(n.protocol))&&n.host===r.host&&l.activeElement===s&&(d.top.location.href=t.value))}},d.addEventListener(\"message\",d.wp.receiveEmbedMessage,!1),l.addEventListener(\"DOMContentLoaded\",function(){for(var e,t,s=l.querySelectorAll(\"iframe.wp-embedded-content\"),r=0;r<s.length;r++)(t=(e=s[r]).getAttribute(\"data-secret\"))||(t=Math.random().toString(36).substring(2,12),e.src+=\"#?secret=\"+t,e.setAttribute(\"data-secret\",t)),e.contentWindow.postMessage({message:\"ready\",secret:t},\"*\")},!1)))}(window,document);\n\/\/# sourceURL=https:\/\/stuttgarti-katolikusok.de\/wp-includes\/js\/wp-embed.min.js\n\/* ]]> *\/\n<\/script>\n","thumbnail_url":"https:\/\/stuttgarti-katolikusok.de\/wp-content\/uploads\/2020\/03\/hirdetes-koronavirus.jpg","thumbnail_width":761,"thumbnail_height":523,"description":"+! Kedves H\u00edveink! A Rottenburg \u2013Stuttgarti Egyh\u00e1zmegye a tegnapi nappal pontos\u00edtotta \u00e9s megszor\u00edtotta a koronav\u00edrussal kapcsolatos eddigi rendelkez\u00e9seit. Az \u00fajabb int\u00e9zked\u00e9sek szerint \u00e1prilis 19-ig minden szentmis\u00e9t, istentiszteletet vagy egy\u00e9b rendezv\u00e9nyt betilt. Ez id\u0151 alatt a h\u00edvek a vas\u00e1rnapi szentmis\u00e9n val\u00f3 r\u00e9szv\u00e9tel k\u00f6telezetts\u00e9ge al\u00f3l fel vannak mentve! A templomok azonban tov\u00e1bbra is nyitva maradnak, hogy a h\u00edv\u0151knek lehet\u0151s\u00e9g\u00fck legyen a szem\u00e9lyes im\u00e1ra. \u201eF\u00e1jdalmas d\u00f6nt\u00e9s ez nekem, &#8211; mondta Dr. Gebhard F\u00fcrst p\u00fcsp\u00f6k, amely igen nehezemre esik&#8230; Egyh\u00e1zk\u00e9nt azonban szeretn\u00e9nk \u00e9ppen ezekben a neh\u00e9z id\u0151kben h\u00edveink mellett \u00e1llni \u00e9s \u0151ket ezen a neh\u00e9z \u00fatszakaszon elk\u00eds\u00e9rni.\u201d A p\u00fcp\u00f6ki rendelkez\u00e9s \u00e9rtelm\u00e9ben az egyh\u00e1zk\u00f6zs\u00e9gi irod\u00e1k is nyitva tartanak a megszokott program szerint, \u00e9s \u2013 lelkip\u00e1sztori g\u00f3cpontk\u00e9nt &#8211; telefonon vagy pedig e-mailen kereszt\u00fcl \u2013 tov\u00e1bbra is a h\u00edvek rendelkez\u00e9s\u00e9re \u00e1llnak. A lelkip\u00e1sztorok pedig minden lelkip\u00e1sztori \u00fcggyel kapcsolatosan v\u00e1ltozatlanul felkereshet\u0151. Az els\u0151\u00e1ldoz\u00e1sok a ny\u00e1ri vak\u00e1ci\u00f3 ut\u00e1nra halaszt\u00f3dnak. A b\u00e9rm\u00e1l\u00e1sokat, amelyek m\u00e1jus v\u00e9g\u00e9ig tervben voltak, a P\u00fcsp\u00f6k lemondta, \u00e9s 2020 szeptembere, illetve 2021 m\u00e1rciusa k\u00f6z\u00f6tt tartja meg. M\u00e1jus v\u00e9g\u00e9ig az esk\u00fcv\u0151ket sem lehet megtartani, hanem k\u00e9s\u0151bbi id\u0151pontra kell halasztani. A keresztel\u0151ket csak sz\u00fcks\u00e9ghelyzetben szabad meg\u00fcnnepelni, \u00e9s akkor is csak sz\u0171k csal\u00e1di k\u00f6rben. A temet\u00e9seket \u2013 a vil\u00e1gi hat\u00f3s\u00e1gok rendelkez\u00e9sei szerint \u2013 kis l\u00e9tsz\u00e1m\u00fa r\u00e9sztvev\u0151vel szabad megtartani. A rekviemet, illetve a halott\u00e9rt v\u00e9gzend\u0151 szentmis\u00e9t egy k\u00e9s\u0151bbi id\u0151pontra kell \u00e1ttenni. A betegl\u00e1togat\u00e1sok \u00e9s betegell\u00e1t\u00e1sok is sz\u00fcnetelnek. A lelkip\u00e1sztorok azonban sz\u00fcks\u00e9ghelyzetben \u2013 pl. \u00e9letvesz\u00e9lyben \u2013 az ide vonatkoz\u00f3 higi\u00e9niai el\u0151\u00edr\u00e1sok betart\u00e1sa mellett term\u00e9szetesen kiosztj\u00e1k a betegek kenet\u00e9t, illetve meg\u00e1ldoztatj\u00e1k a beteget. Ami a nagyh\u00e9t \u00e9s a H\u00fasv\u00e9t meg\u00fcnnepl\u00e9s\u00e9t illeti, arr\u00f3l majd az Egyh\u00e1zmegye m\u00e9g kell\u0151 id\u0151ben \u00e9rtes\u00edti h\u00edveit. Eddig a p\u00fcsp\u00f6ki k\u00f6rlev\u00e9l. Mivel a P\u00fcsp\u00f6ks\u00e9g joghat\u00f3s\u00e1ga al\u00e1 tartozunk, mi is ennek \u00e9rtelm\u00e9ben kell, hogy cselekedj\u00fcnk. Konkr\u00e9tan: \u00e1prilis 19-ig minden r\u00e9szegyh\u00e1zk\u00f6zs\u00e9g\u00fcnkben sz\u00fcnetelnek a szentmis\u00e9k, illetve az ut\u00e1nuk szok\u00e1sos \u00e1g\u00e1p\u00e9k. Ugyancsak sz\u00fcnetelnek \u2013 Stuttgartban, Ulmban \u00e9s Weingartenben \u2013 a szok\u00e1sos heti programok \u00e9s... R\u00e9szletek"}

Püspöki rendelkezés a koronavírussal kapcsolatban - Stuttgarti Katolikusok

<blockquote class="wp-embedded-content" data-secret="Ra2nWTPogC"><a href="https://stuttgarti-katolikusok.de/index.php/puspoki-rendelkezes-a-koronavirussal-kapcsolatban/">Püspöki rendelkezés a koronavírussal kapcsolatban</a></blockquote><iframe sandbox="allow-scripts" security="restricted" src="https://stuttgarti-katolikusok.de/index.php/puspoki-rendelkezes-a-koronavirussal-kapcsolatban/embed/#?secret=Ra2nWTPogC" width="600" height="338" title="&#8220;Püspöki rendelkezés a koronavírussal kapcsolatban&#8221; &#8212; Stuttgarti Katolikusok" data-secret="Ra2nWTPogC" frameborder="0" marginwidth="0" marginheight="0" scrolling="no" class="wp-embedded-content"></iframe><script type="text/javascript">
/* <![CDATA[ */
/*! This file is auto-generated */
!function(d,l){"use strict";l.querySelector&&d.addEventListener&&"undefined"!=typeof URL&&(d.wp=d.wp||{},d.wp.receiveEmbedMessage||(d.wp.receiveEmbedMessage=function(e){var t=e.data;if((t||t.secret||t.message||t.value)&&!/[^a-zA-Z0-9]/.test(t.secret)){for(var s,r,n,a=l.querySelectorAll('iframe[data-secret="'+t.secret+'"]'),o=l.querySelectorAll('blockquote[data-secret="'+t.secret+'"]'),c=new RegExp("^https?:$","i"),i=0;i<o.length;i++)o[i].style.display="none";for(i=0;i<a.length;i++)s=a[i],e.source===s.contentWindow&&(s.removeAttribute("style"),"height"===t.message?(1e3<(r=parseInt(t.value,10))?r=1e3:~~r<200&&(r=200),s.height=r):"link"===t.message&&(r=new URL(s.getAttribute("src")),n=new URL(t.value),c.test(n.protocol))&&n.host===r.host&&l.activeElement===s&&(d.top.location.href=t.value))}},d.addEventListener("message",d.wp.receiveEmbedMessage,!1),l.addEventListener("DOMContentLoaded",function(){for(var e,t,s=l.querySelectorAll("iframe.wp-embedded-content"),r=0;r<s.length;r++)(t=(e=s[r]).getAttribute("data-secret"))||(t=Math.random().toString(36).substring(2,12),e.src+="#?secret="+t,e.setAttribute("data-secret",t)),e.contentWindow.postMessage({message:"ready",secret:t},"*")},!1)))}(window,document);
//# sourceURL=https://stuttgarti-katolikusok.de/wp-includes/js/wp-embed.min.js
/* ]]> */
</script>

+! Kedves Híveink! A Rottenburg –Stuttgarti Egyházmegye a tegnapi nappal pontosította és megszorította a koronavírussal kapcsolatos eddigi rendelkezéseit. Az újabb intézkedések szerint április 19-ig minden szentmisét, istentiszteletet vagy egyéb rendezvényt betilt. Ez idő alatt a hívek a vasárnapi szentmisén való részvétel kötelezettsége alól fel vannak mentve! A templomok azonban továbbra is nyitva maradnak, hogy a hívőknek lehetőségük legyen a személyes imára. „Fájdalmas döntés ez nekem, &#8211; mondta Dr. Gebhard Fürst püspök, amely igen nehezemre esik&#8230; Egyházként azonban szeretnénk éppen ezekben a nehéz időkben híveink mellett állni és őket ezen a nehéz útszakaszon elkísérni.” A püpöki rendelkezés értelmében az egyházközségi irodák is nyitva tartanak a megszokott program szerint, és – lelkipásztori gócpontként &#8211; telefonon vagy pedig e-mailen keresztül – továbbra is a hívek rendelkezésére állnak. A lelkipásztorok pedig minden lelkipásztori üggyel kapcsolatosan változatlanul felkereshető. Az elsőáldozások a nyári vakáció utánra halasztódnak. A bérmálásokat, amelyek május végéig tervben voltak, a Püspök lemondta, és 2020 szeptembere, illetve 2021 márciusa között tartja meg. Május végéig az esküvőket sem lehet megtartani, hanem későbbi időpontra kell halasztani. A keresztelőket csak szükséghelyzetben szabad megünnepelni, és akkor is csak szűk családi körben. A temetéseket – a világi hatóságok rendelkezései szerint – kis létszámú résztvevővel szabad megtartani. A rekviemet, illetve a halottért végzendő szentmisét egy későbbi időpontra kell áttenni. A beteglátogatások és betegellátások is szünetelnek. A lelkipásztorok azonban szükséghelyzetben – pl. életveszélyben – az ide vonatkozó higiéniai előírások betartása mellett természetesen kiosztják a betegek kenetét, illetve megáldoztatják a beteget. Ami a nagyhét és a Húsvét megünneplését illeti, arról majd az Egyházmegye még kellő időben értesíti híveit. Eddig a püspöki körlevél. Mivel a Püspökség joghatósága alá tartozunk, mi is ennek értelmében kell, hogy cselekedjünk. Konkrétan: április 19-ig minden részegyházközségünkben szünetelnek a szentmisék, illetve az utánuk szokásos ágápék. Ugyancsak szünetelnek – Stuttgartban, Ulmban és Weingartenben – a szokásos heti programok és... Részletek
