{"version":"1.0","provider_name":"Stuttgarti Katolikusok","provider_url":"https:\/\/stuttgarti-katolikusok.de","title":"P\u00fcnk\u00f6sdvas\u00e1rnap - Stuttgarti Katolikusok","type":"rich","width":600,"height":338,"html":"<blockquote class=\"wp-embedded-content\" data-secret=\"XMRnsvbz72\"><a href=\"https:\/\/stuttgarti-katolikusok.de\/index.php\/punkosdvasarnap-2\/\">P\u00fcnk\u00f6sdvas\u00e1rnap<\/a><\/blockquote><iframe sandbox=\"allow-scripts\" security=\"restricted\" src=\"https:\/\/stuttgarti-katolikusok.de\/index.php\/punkosdvasarnap-2\/embed\/#?secret=XMRnsvbz72\" width=\"600\" height=\"338\" title=\"&#8220;P\u00fcnk\u00f6sdvas\u00e1rnap&#8221; &#8212; Stuttgarti Katolikusok\" data-secret=\"XMRnsvbz72\" frameborder=\"0\" marginwidth=\"0\" marginheight=\"0\" scrolling=\"no\" class=\"wp-embedded-content\"><\/iframe><script type=\"text\/javascript\">\n\/* <![CDATA[ *\/\n\/*! This file is auto-generated *\/\n!function(d,l){\"use strict\";l.querySelector&&d.addEventListener&&\"undefined\"!=typeof URL&&(d.wp=d.wp||{},d.wp.receiveEmbedMessage||(d.wp.receiveEmbedMessage=function(e){var t=e.data;if((t||t.secret||t.message||t.value)&&!\/[^a-zA-Z0-9]\/.test(t.secret)){for(var s,r,n,a=l.querySelectorAll('iframe[data-secret=\"'+t.secret+'\"]'),o=l.querySelectorAll('blockquote[data-secret=\"'+t.secret+'\"]'),c=new RegExp(\"^https?:$\",\"i\"),i=0;i<o.length;i++)o[i].style.display=\"none\";for(i=0;i<a.length;i++)s=a[i],e.source===s.contentWindow&&(s.removeAttribute(\"style\"),\"height\"===t.message?(1e3<(r=parseInt(t.value,10))?r=1e3:~~r<200&&(r=200),s.height=r):\"link\"===t.message&&(r=new URL(s.getAttribute(\"src\")),n=new URL(t.value),c.test(n.protocol))&&n.host===r.host&&l.activeElement===s&&(d.top.location.href=t.value))}},d.addEventListener(\"message\",d.wp.receiveEmbedMessage,!1),l.addEventListener(\"DOMContentLoaded\",function(){for(var e,t,s=l.querySelectorAll(\"iframe.wp-embedded-content\"),r=0;r<s.length;r++)(t=(e=s[r]).getAttribute(\"data-secret\"))||(t=Math.random().toString(36).substring(2,12),e.src+=\"#?secret=\"+t,e.setAttribute(\"data-secret\",t)),e.contentWindow.postMessage({message:\"ready\",secret:t},\"*\")},!1)))}(window,document);\n\/\/# sourceURL=https:\/\/stuttgarti-katolikusok.de\/wp-includes\/js\/wp-embed.min.js\n\/* ]]> *\/\n<\/script>\n","thumbnail_url":"https:\/\/stuttgarti-katolikusok.de\/wp-content\/uploads\/2021\/05\/whatsapp-image-2021-05-18-at-000413.jpeg","thumbnail_width":1600,"thumbnail_height":1200,"description":"P\u00fcnk\u00f6sd a Szentl\u00e9lek elj\u00f6vetel\u00e9nek \u00e9s az Egyh\u00e1z sz\u00fclet\u00e9s\u00e9nek \u00fcnnepe. Az Egyh\u00e1znak is a Szentl\u00e9lek az er\u0151forr\u00e1sa. \u00c9ppen ez\u00e9rt csakis a Szentl\u00e9lek erej\u00e9ben k\u00e9pes meg\u00fajulni Egyh\u00e1zunk \u00e9s Szent Gell\u00e9rt Egyh\u00e1zk\u00f6zs\u00e9g\u00fcnk. \u00c9ppen ez\u00e9rt a\u00a0 magunk k\u00f6z\u00f6ss\u00e9g\u00e9ben egyben P\u00fcnk\u00f6sd \u00fcnnep\u00e9n k\u00f6sz\u00f6netet \u00e9s h\u00e1l\u00e1t adunk Egyh\u00e1zk\u00f6zs\u00e9g\u00fcnk alap\u00edt\u00e1s\u00e1\u00e9rt, amely 1947. m\u00e1jus 13-\u00e1n t\u00f6rt\u00e9nt. Imm\u00e1r 78 esztend\u0151s nemes \u00f6r\u00f6ks\u00e9g\u00fcnk, amelyre v\u00e9gtelen\u00fcl b\u00fcszk\u00e9k is vagyunk. Honlapunk nyit\u00f3oldal\u00e1n \u00edgy fogadjuk az ide ell\u00e1togat\u00f3kat: &#8222;Isten hozta a Stuttgarti Magyar Katolikus Egyh\u00e1zk\u00f6zs\u00e9g honlapj\u00e1n. Egyh\u00e1zk\u00f6zs\u00e9g\u00fcnket\u00a0 1947. m\u00e1jus 13-\u00e1n hozta l\u00e9tre Isten Szolg\u00e1ja,\u00a0Dr. Johann Baptist Sproll rottenburgi p\u00fcsp\u00f6k. Jelenleg mintegy 13 ezer h\u00edve van a t\u00f6rt\u00e9nelmi Magyarorsz\u00e1g minden t\u00e1jegys\u00e9g\u00e9r\u0151l. A 15 mis\u00e9z\u0151hely mindegyik\u00e9ben minden er\u0151nkkel azon vagyunk, hogy a keres\u0151knek f\u00e1klya, az otthontalanoknak otthon \u00e9s mindenkori h\u00edveinknek \u00e1lland\u00f3 er\u0151forr\u00e1s lehess\u00fcnk.&#8221; \u00c1lljon itt im\u00e1ds\u00e1gunk, amelyet a Szent Gell\u00e9rt Egyh\u00e1zk\u00f6zs\u00e9g\u00e9rt aj\u00e1nljuk fel: Isten\u00fcnk, Te vagy a T\u00f6rt\u00e9nelem Ura! Te int\u00e9zed a n\u00e9pek \u00e9s nemzetek, a k\u00f6z\u00f6ss\u00e9gek, a csal\u00e1dok \u00e9s minden egyes ember sors\u00e1t. A Te gondvisel\u0151 j\u00f3s\u00e1godb\u00f3l sz\u00fcletett a mi baden-w\u00fcrttembergi magyar katolikus Egyh\u00e1zk\u00f6zs\u00e9g\u00fcnk is. K\u00f6sz\u00f6nj\u00fck Neked, hogy \u00e1ltala annyi magyar testv\u00e9r\u00fcnknek adt\u00e1l \u00faj otthont, itt az idegenben. K\u00f6sz\u00f6nj\u00fck Neked, hogy seg\u00edt\u0151 kegyelmed \u00e1ltal ma is tagjaiban, benn\u00fcnk, a Te Orsz\u00e1god elj\u00f6vetel\u00e9n munk\u00e1lkodsz. K\u00f6sz\u00f6nj\u00fck Neked a sok lelkip\u00e1sztort \u00e9s h\u00edv\u0151t, akik eddig Egyh\u00e1zk\u00f6zs\u00e9g\u00fcnket vezett\u00e9k \u00e9s fenntartott\u00e1k. Adj neki m\u00e9g sz\u00e1mos \u00e9vet, hogy a keres\u0151knek f\u00e1klya, az otthontalanoknak otthon, \u00e9s mindenkori h\u00edveinek \u00e1lland\u00f3 er\u0151forr\u00e1s lehessen a Te legnagyobb dics\u0151s\u00e9gedre \u00e9s zar\u00e1ndokl\u00f3 n\u00e9ped testi-lelki jav\u00e1ra. Amen. Az olvasm\u00e1nyban az els\u0151 P\u00fcnk\u00f6sdr\u0151l hallhatunk besz\u00e1mol\u00f3t. A p\u00fcnk\u00f6sdi csoda ott \u00e9s akkor sz\u00e1mukra, meg\u00e9rtett\u00e9k egym\u00e1st, b\u00e1r m\u00e1s \u00e9s m\u00e1s nyelvet besz\u00e9ltek. Sz\u00f3t \u00e9rteni, vagyis meg\u00e9rteni egym\u00e1st. Ez mostani feladatunk! A korintusi lev\u00e9l tan\u00edt\u00e1sa is egy\u00e9rtelm\u0171: lelki adom\u00e1nyaink arra szolg\u00e1lnak, hogy azokat az egy test, vagyis a k\u00f6z\u00f6ss\u00e9g szolg\u00e1lat\u00e1ba \u00e1ll\u00edtsuk. Nyilv\u00e1n ennek felt\u00e9tele, hogy magamat a k\u00f6z\u00f6ss\u00e9ghez tartoz\u00f3nak tartsam. Mit teszek a magam k\u00f6z\u00f6ss\u00e9g\u00e9\u00e9rt? Mit aj\u00e1nd\u00e9kozok k\u00f6z\u00f6ss\u00e9gemnek a magam lelki... R\u00e9szletek"}

Pünkösdvasárnap - Stuttgarti Katolikusok

<blockquote class="wp-embedded-content" data-secret="XMRnsvbz72"><a href="https://stuttgarti-katolikusok.de/index.php/punkosdvasarnap-2/">Pünkösdvasárnap</a></blockquote><iframe sandbox="allow-scripts" security="restricted" src="https://stuttgarti-katolikusok.de/index.php/punkosdvasarnap-2/embed/#?secret=XMRnsvbz72" width="600" height="338" title="&#8220;Pünkösdvasárnap&#8221; &#8212; Stuttgarti Katolikusok" data-secret="XMRnsvbz72" frameborder="0" marginwidth="0" marginheight="0" scrolling="no" class="wp-embedded-content"></iframe><script type="text/javascript">
/* <![CDATA[ */
/*! This file is auto-generated */
!function(d,l){"use strict";l.querySelector&&d.addEventListener&&"undefined"!=typeof URL&&(d.wp=d.wp||{},d.wp.receiveEmbedMessage||(d.wp.receiveEmbedMessage=function(e){var t=e.data;if((t||t.secret||t.message||t.value)&&!/[^a-zA-Z0-9]/.test(t.secret)){for(var s,r,n,a=l.querySelectorAll('iframe[data-secret="'+t.secret+'"]'),o=l.querySelectorAll('blockquote[data-secret="'+t.secret+'"]'),c=new RegExp("^https?:$","i"),i=0;i<o.length;i++)o[i].style.display="none";for(i=0;i<a.length;i++)s=a[i],e.source===s.contentWindow&&(s.removeAttribute("style"),"height"===t.message?(1e3<(r=parseInt(t.value,10))?r=1e3:~~r<200&&(r=200),s.height=r):"link"===t.message&&(r=new URL(s.getAttribute("src")),n=new URL(t.value),c.test(n.protocol))&&n.host===r.host&&l.activeElement===s&&(d.top.location.href=t.value))}},d.addEventListener("message",d.wp.receiveEmbedMessage,!1),l.addEventListener("DOMContentLoaded",function(){for(var e,t,s=l.querySelectorAll("iframe.wp-embedded-content"),r=0;r<s.length;r++)(t=(e=s[r]).getAttribute("data-secret"))||(t=Math.random().toString(36).substring(2,12),e.src+="#?secret="+t,e.setAttribute("data-secret",t)),e.contentWindow.postMessage({message:"ready",secret:t},"*")},!1)))}(window,document);
//# sourceURL=https://stuttgarti-katolikusok.de/wp-includes/js/wp-embed.min.js
/* ]]> */
</script>

Pünkösd a Szentlélek eljövetelének és az Egyház születésének ünnepe. Az Egyháznak is a Szentlélek az erőforrása. Éppen ezért csakis a Szentlélek erejében képes megújulni Egyházunk és Szent Gellért Egyházközségünk. Éppen ezért a  magunk közösségében egyben Pünkösd ünnepén köszönetet és hálát adunk Egyházközségünk alapításáért, amely 1947. május 13-án történt. Immár 78 esztendős nemes örökségünk, amelyre végtelenül büszkék is vagyunk. Honlapunk nyitóoldalán így fogadjuk az ide ellátogatókat: &#8222;Isten hozta a Stuttgarti Magyar Katolikus Egyházközség honlapján. Egyházközségünket  1947. május 13-án hozta létre Isten Szolgája, Dr. Johann Baptist Sproll rottenburgi püspök. Jelenleg mintegy 13 ezer híve van a történelmi Magyarország minden tájegységéről. A 15 misézőhely mindegyikében minden erőnkkel azon vagyunk, hogy a keresőknek fáklya, az otthontalanoknak otthon és mindenkori híveinknek állandó erőforrás lehessünk.&#8221; Álljon itt imádságunk, amelyet a Szent Gellért Egyházközségért ajánljuk fel: Istenünk, Te vagy a Történelem Ura! Te intézed a népek és nemzetek, a közösségek, a családok és minden egyes ember sorsát. A Te gondviselő jóságodból született a mi baden-württembergi magyar katolikus Egyházközségünk is. Köszönjük Neked, hogy általa annyi magyar testvérünknek adtál új otthont, itt az idegenben. Köszönjük Neked, hogy segítő kegyelmed által ma is tagjaiban, bennünk, a Te Országod eljövetelén munkálkodsz. Köszönjük Neked a sok lelkipásztort és hívőt, akik eddig Egyházközségünket vezették és fenntartották. Adj neki még számos évet, hogy a keresőknek fáklya, az otthontalanoknak otthon, és mindenkori híveinek állandó erőforrás lehessen a Te legnagyobb dicsőségedre és zarándokló néped testi-lelki javára. Amen. Az olvasmányban az első Pünkösdről hallhatunk beszámolót. A pünkösdi csoda ott és akkor számukra, megértették egymást, bár más és más nyelvet beszéltek. Szót érteni, vagyis megérteni egymást. Ez mostani feladatunk! A korintusi levél tanítása is egyértelmű: lelki adományaink arra szolgálnak, hogy azokat az egy test, vagyis a közösség szolgálatába állítsuk. Nyilván ennek feltétele, hogy magamat a közösséghez tartozónak tartsam. Mit teszek a magam közösségéért? Mit ajándékozok közösségemnek a magam lelki... Részletek
