{"version":"1.0","provider_name":"Stuttgarti Katolikusok","provider_url":"https:\/\/stuttgarti-katolikusok.de","title":"P\u00fcnk\u00f6sdvas\u00e1rnap - Stuttgarti Katolikusok","type":"rich","width":600,"height":338,"html":"<blockquote class=\"wp-embedded-content\" data-secret=\"aDvKTtxKB7\"><a href=\"https:\/\/stuttgarti-katolikusok.de\/index.php\/punkosdvasarnap\/\">P\u00fcnk\u00f6sdvas\u00e1rnap<\/a><\/blockquote><iframe sandbox=\"allow-scripts\" security=\"restricted\" src=\"https:\/\/stuttgarti-katolikusok.de\/index.php\/punkosdvasarnap\/embed\/#?secret=aDvKTtxKB7\" width=\"600\" height=\"338\" title=\"&#8220;P\u00fcnk\u00f6sdvas\u00e1rnap&#8221; &#8212; Stuttgarti Katolikusok\" data-secret=\"aDvKTtxKB7\" frameborder=\"0\" marginwidth=\"0\" marginheight=\"0\" scrolling=\"no\" class=\"wp-embedded-content\"><\/iframe><script type=\"text\/javascript\">\n\/* <![CDATA[ *\/\n\/*! This file is auto-generated *\/\n!function(d,l){\"use strict\";l.querySelector&&d.addEventListener&&\"undefined\"!=typeof URL&&(d.wp=d.wp||{},d.wp.receiveEmbedMessage||(d.wp.receiveEmbedMessage=function(e){var t=e.data;if((t||t.secret||t.message||t.value)&&!\/[^a-zA-Z0-9]\/.test(t.secret)){for(var s,r,n,a=l.querySelectorAll('iframe[data-secret=\"'+t.secret+'\"]'),o=l.querySelectorAll('blockquote[data-secret=\"'+t.secret+'\"]'),c=new RegExp(\"^https?:$\",\"i\"),i=0;i<o.length;i++)o[i].style.display=\"none\";for(i=0;i<a.length;i++)s=a[i],e.source===s.contentWindow&&(s.removeAttribute(\"style\"),\"height\"===t.message?(1e3<(r=parseInt(t.value,10))?r=1e3:~~r<200&&(r=200),s.height=r):\"link\"===t.message&&(r=new URL(s.getAttribute(\"src\")),n=new URL(t.value),c.test(n.protocol))&&n.host===r.host&&l.activeElement===s&&(d.top.location.href=t.value))}},d.addEventListener(\"message\",d.wp.receiveEmbedMessage,!1),l.addEventListener(\"DOMContentLoaded\",function(){for(var e,t,s=l.querySelectorAll(\"iframe.wp-embedded-content\"),r=0;r<s.length;r++)(t=(e=s[r]).getAttribute(\"data-secret\"))||(t=Math.random().toString(36).substring(2,12),e.src+=\"#?secret=\"+t,e.setAttribute(\"data-secret\",t)),e.contentWindow.postMessage({message:\"ready\",secret:t},\"*\")},!1)))}(window,document);\n\/\/# sourceURL=https:\/\/stuttgarti-katolikusok.de\/wp-includes\/js\/wp-embed.min.js\n\/* ]]> *\/\n<\/script>\n","thumbnail_url":"https:\/\/stuttgarti-katolikusok.de\/wp-content\/uploads\/2021\/05\/whatsapp-image-2021-05-18-at-000413.jpeg","thumbnail_width":1600,"thumbnail_height":1200,"description":"Kezd\u0151\u00e9nek: Az \u00darnak lelke bet\u00f6lti a f\u00f6ldkereks\u00e9get, \u00e9s aki egybefogja a mindens\u00e9get, tud minden sz\u00f3r\u00f3l, alleluja. (B\u00f6lcs 1,7) vagy Isten szeretete ki\u00e1radt sz\u00edv\u00fcnkbe a benn\u00fcnk lak\u00f3 Szentl\u00e9lek \u00e1ltal, alleluja. (R\u00f3m 5,5;10,11) K\u00f6ny\u00f6rg\u00e9s: Isten\u00fcnk, te a mai szents\u00e9ges \u00fcnnepen Egyh\u00e1zadat \u00e9s \u00e1ltala a vil\u00e1g minden n\u00e9p\u00e9t \u00e9s nemzet\u00e9t megszentelted. \u00c1raszd ki a Szentl\u00e9lek aj\u00e1nd\u00e9kait az eg\u00e9sz vil\u00e1gra, \u00e9s t\u00f6ltsd be h\u00edveid sz\u00edv\u00e9t isteni kegyelmeddel, amellyel egykor elind\u00edtottad az evang\u00e9lium hirdet\u00e9s\u00e9t. A mi Urunk, J\u00e9zus Krisztus, a te Fiad \u00e1ltal, aki veled \u00e9l \u00e9s uralkodik a Szentl\u00e9lekkel egys\u00e9gben, Isten mind\u00f6r\u00f6kk\u00f6n \u00f6r\u00f6kk\u00e9. OLVASM\u00c1NY az Apostolok Cselekedeteib\u0151l (ApCsel 2,1-11) Mindannyiukat elt\u00f6lt\u00f6tte a Szentl\u00e9lek, \u00e9s besz\u00e9lni kezdtek. Amikor el\u00e9rkezett P\u00fcnk\u00f6sd napja, ugyanazon a helyen (az emeleti teremben) mindny\u00e1jan egy\u00fctt voltak az apostolok. Hirtelen z\u00fag\u00e1s t\u00e1madt az \u00e9gb\u0151l, mintha heves sz\u00e9lvihar k\u00f6zeledett volna, \u00e9s eg\u00e9szen bet\u00f6lt\u00f6tte a h\u00e1zat, ahol egy\u00fctt voltak. Majd l\u00e1ngnyelvek t\u0171ntek fel, \u00e9s sz\u00e9toszolva leereszkedtek mindegyik\u00fckre. Mindannyiukat elt\u00f6lt\u00f6tte a Szentl\u00e9lek, \u00e9s nyelveken kezdtek besz\u00e9lni, ahogyan a L\u00e9lek ind\u00edtotta \u0151ket. Ez id\u0151 t\u00e1jt vall\u00e1sos f\u00e9rfiak tart\u00f3zkodtak Jeruzs\u00e1lemben, minden n\u00e9pb\u0151l az \u00e9g alatt. Amikor ez a z\u00fag\u00e1s t\u00e1madt, nagy t\u00f6meg ver\u0151d\u00f6tt \u00f6ssze. Nagy volt a megd\u00f6bben\u00e9s, mert mindenki a saj\u00e1t nyelv\u00e9n hallotta, amint besz\u00e9ltek. Nagy meglepet\u00e9s\u00fckben csod\u00e1lkozva k\u00e9rdezgett\u00e9k: \u201eNem Galile\u00e1b\u00f3l val\u00f3k mindny\u00e1jan, akik itt besz\u00e9lnek? Hogyan hallhatja h\u00e1t \u0151ket mindegyik\u00fcnk a saj\u00e1t nyelv\u00e9n, amelyben sz\u00fcletett? Mi, p\u00e1rtusok, m\u00e9dek, elamit\u00e1k; \u00e9s Mezopot\u00e1mi\u00e1nak, Jude\u00e1nak, Kappad\u00f3ci\u00e1nak, Pontusznak, \u00c1zsi\u00e1nak, Frigi\u00e1nak \u00e9s Pamfili\u00e1nak lak\u00f3i; Egyiptomb\u00f3l, a l\u00edbiai Cir\u00e9ne vid\u00e9k\u00e9r\u0151l \u00e9s R\u00f3m\u00e1b\u00f3l val\u00f3 zar\u00e1ndokok; zsid\u00f3k \u00e9s prozelit\u00e1k, kr\u00e9taiak \u00e9s arabok: mi mindannyian \u00fagy halljuk, hogy a mi nyelv\u00fcnk\u00f6n hirdetik Isten csod\u00e1s tetteit!\u201d Ez az Isten ig\u00e9je. V\u00c1LASZOS ZSOLT\u00c1R (Zsolt 103,1ab \u00e9s 24ac.29bc-30.31 \u00e9s 34) V\u00e1lasz:\u00a0\u00c1raszd r\u00e1nk Lelkedet, Isten\u00fcnk: * \u00faj\u00edtsd meg a f\u00f6ld sz\u00edn\u00e9t.\u00a08 G. t\u00f3nus. Vagy:\u00a0Alleluja.\u00a08. sz\u00e1m. El\u0151\u00e9nekes: Mondj \u00e1ld\u00e1st, lelkem, az \u00darnak! * Nagy vagy nagyon, \u00e9n Uram, Istenem. Mily sokr\u00e9t\u0171 a te m\u0171ved, Uram! * teremtm\u00e9nyeid bet\u00f6ltik a... R\u00e9szletek"}

Pünkösdvasárnap - Stuttgarti Katolikusok

<blockquote class="wp-embedded-content" data-secret="aDvKTtxKB7"><a href="https://stuttgarti-katolikusok.de/index.php/punkosdvasarnap/">Pünkösdvasárnap</a></blockquote><iframe sandbox="allow-scripts" security="restricted" src="https://stuttgarti-katolikusok.de/index.php/punkosdvasarnap/embed/#?secret=aDvKTtxKB7" width="600" height="338" title="&#8220;Pünkösdvasárnap&#8221; &#8212; Stuttgarti Katolikusok" data-secret="aDvKTtxKB7" frameborder="0" marginwidth="0" marginheight="0" scrolling="no" class="wp-embedded-content"></iframe><script type="text/javascript">
/* <![CDATA[ */
/*! This file is auto-generated */
!function(d,l){"use strict";l.querySelector&&d.addEventListener&&"undefined"!=typeof URL&&(d.wp=d.wp||{},d.wp.receiveEmbedMessage||(d.wp.receiveEmbedMessage=function(e){var t=e.data;if((t||t.secret||t.message||t.value)&&!/[^a-zA-Z0-9]/.test(t.secret)){for(var s,r,n,a=l.querySelectorAll('iframe[data-secret="'+t.secret+'"]'),o=l.querySelectorAll('blockquote[data-secret="'+t.secret+'"]'),c=new RegExp("^https?:$","i"),i=0;i<o.length;i++)o[i].style.display="none";for(i=0;i<a.length;i++)s=a[i],e.source===s.contentWindow&&(s.removeAttribute("style"),"height"===t.message?(1e3<(r=parseInt(t.value,10))?r=1e3:~~r<200&&(r=200),s.height=r):"link"===t.message&&(r=new URL(s.getAttribute("src")),n=new URL(t.value),c.test(n.protocol))&&n.host===r.host&&l.activeElement===s&&(d.top.location.href=t.value))}},d.addEventListener("message",d.wp.receiveEmbedMessage,!1),l.addEventListener("DOMContentLoaded",function(){for(var e,t,s=l.querySelectorAll("iframe.wp-embedded-content"),r=0;r<s.length;r++)(t=(e=s[r]).getAttribute("data-secret"))||(t=Math.random().toString(36).substring(2,12),e.src+="#?secret="+t,e.setAttribute("data-secret",t)),e.contentWindow.postMessage({message:"ready",secret:t},"*")},!1)))}(window,document);
//# sourceURL=https://stuttgarti-katolikusok.de/wp-includes/js/wp-embed.min.js
/* ]]> */
</script>

Kezdőének: Az Úrnak lelke betölti a földkerekséget, és aki egybefogja a mindenséget, tud minden szóról, alleluja. (Bölcs 1,7) vagy Isten szeretete kiáradt szívünkbe a bennünk lakó Szentlélek által, alleluja. (Róm 5,5;10,11) Könyörgés: Istenünk, te a mai szentséges ünnepen Egyházadat és általa a világ minden népét és nemzetét megszentelted. Áraszd ki a Szentlélek ajándékait az egész világra, és töltsd be híveid szívét isteni kegyelmeddel, amellyel egykor elindítottad az evangélium hirdetését. A mi Urunk, Jézus Krisztus, a te Fiad által, aki veled él és uralkodik a Szentlélekkel egységben, Isten mindörökkön örökké. OLVASMÁNY az Apostolok Cselekedeteiből (ApCsel 2,1-11) Mindannyiukat eltöltötte a Szentlélek, és beszélni kezdtek. Amikor elérkezett Pünkösd napja, ugyanazon a helyen (az emeleti teremben) mindnyájan együtt voltak az apostolok. Hirtelen zúgás támadt az égből, mintha heves szélvihar közeledett volna, és egészen betöltötte a házat, ahol együtt voltak. Majd lángnyelvek tűntek fel, és szétoszolva leereszkedtek mindegyikükre. Mindannyiukat eltöltötte a Szentlélek, és nyelveken kezdtek beszélni, ahogyan a Lélek indította őket. Ez idő tájt vallásos férfiak tartózkodtak Jeruzsálemben, minden népből az ég alatt. Amikor ez a zúgás támadt, nagy tömeg verődött össze. Nagy volt a megdöbbenés, mert mindenki a saját nyelvén hallotta, amint beszéltek. Nagy meglepetésükben csodálkozva kérdezgették: „Nem Galileából valók mindnyájan, akik itt beszélnek? Hogyan hallhatja hát őket mindegyikünk a saját nyelvén, amelyben született? Mi, pártusok, médek, elamiták; és Mezopotámiának, Judeának, Kappadóciának, Pontusznak, Ázsiának, Frigiának és Pamfiliának lakói; Egyiptomból, a líbiai Ciréne vidékéről és Rómából való zarándokok; zsidók és prozeliták, krétaiak és arabok: mi mindannyian úgy halljuk, hogy a mi nyelvünkön hirdetik Isten csodás tetteit!” Ez az Isten igéje. VÁLASZOS ZSOLTÁR (Zsolt 103,1ab és 24ac.29bc-30.31 és 34) Válasz: Áraszd ránk Lelkedet, Istenünk: * újítsd meg a föld színét. 8 G. tónus. Vagy: Alleluja. 8. szám. Előénekes: Mondj áldást, lelkem, az Úrnak! * Nagy vagy nagyon, én Uram, Istenem. Mily sokrétű a te műved, Uram! * teremtményeid betöltik a... Részletek
