{"version":"1.0","provider_name":"Stuttgarti Katolikusok","provider_url":"https:\/\/stuttgarti-katolikusok.de","title":"Programel\u0151zetes szeptember 25 \u00e9s okt\u00f3ber 1 k\u00f6z\u00f6tt - Stuttgarti Katolikusok","type":"rich","width":600,"height":338,"html":"<blockquote class=\"wp-embedded-content\" data-secret=\"HE32mJmZ5N\"><a href=\"https:\/\/stuttgarti-katolikusok.de\/index.php\/programelozetes-szeptember-25-es-oktober-1-kozott\/\">Programel\u0151zetes szeptember 25 \u00e9s okt\u00f3ber 1 k\u00f6z\u00f6tt<\/a><\/blockquote><iframe sandbox=\"allow-scripts\" security=\"restricted\" src=\"https:\/\/stuttgarti-katolikusok.de\/index.php\/programelozetes-szeptember-25-es-oktober-1-kozott\/embed\/#?secret=HE32mJmZ5N\" width=\"600\" height=\"338\" title=\"&#8220;Programel\u0151zetes szeptember 25 \u00e9s okt\u00f3ber 1 k\u00f6z\u00f6tt&#8221; &#8212; Stuttgarti Katolikusok\" data-secret=\"HE32mJmZ5N\" frameborder=\"0\" marginwidth=\"0\" marginheight=\"0\" scrolling=\"no\" class=\"wp-embedded-content\"><\/iframe><script type=\"text\/javascript\">\n\/* <![CDATA[ *\/\n\/*! This file is auto-generated *\/\n!function(d,l){\"use strict\";l.querySelector&&d.addEventListener&&\"undefined\"!=typeof URL&&(d.wp=d.wp||{},d.wp.receiveEmbedMessage||(d.wp.receiveEmbedMessage=function(e){var t=e.data;if((t||t.secret||t.message||t.value)&&!\/[^a-zA-Z0-9]\/.test(t.secret)){for(var s,r,n,a=l.querySelectorAll('iframe[data-secret=\"'+t.secret+'\"]'),o=l.querySelectorAll('blockquote[data-secret=\"'+t.secret+'\"]'),c=new RegExp(\"^https?:$\",\"i\"),i=0;i<o.length;i++)o[i].style.display=\"none\";for(i=0;i<a.length;i++)s=a[i],e.source===s.contentWindow&&(s.removeAttribute(\"style\"),\"height\"===t.message?(1e3<(r=parseInt(t.value,10))?r=1e3:~~r<200&&(r=200),s.height=r):\"link\"===t.message&&(r=new URL(s.getAttribute(\"src\")),n=new URL(t.value),c.test(n.protocol))&&n.host===r.host&&l.activeElement===s&&(d.top.location.href=t.value))}},d.addEventListener(\"message\",d.wp.receiveEmbedMessage,!1),l.addEventListener(\"DOMContentLoaded\",function(){for(var e,t,s=l.querySelectorAll(\"iframe.wp-embedded-content\"),r=0;r<s.length;r++)(t=(e=s[r]).getAttribute(\"data-secret\"))||(t=Math.random().toString(36).substring(2,12),e.src+=\"#?secret=\"+t,e.setAttribute(\"data-secret\",t)),e.contentWindow.postMessage({message:\"ready\",secret:t},\"*\")},!1)))}(window,document);\n\/\/# sourceURL=https:\/\/stuttgarti-katolikusok.de\/wp-includes\/js\/wp-embed.min.js\n\/* ]]> *\/\n<\/script>\n","description":"Programel\u0151zetes Tibor atya betegs\u00e9ge miatt az ulmi \u00e9s weingarteni h\u00e9tk\u00f6znapi-, illetve a munderkingeni vas\u00e1rnapi szentmise ez\u00fattal elmarad! \u00a0Szeptember 27-\u00e9n, szerd\u00e1n, \u00a0\u00a0\u00a0\u00a0\u00a0\u00a0\u00a0\u00a0\u00a0\u00a0\u00a0 Stuttgartban a Bruder Klaus nagyterm\u00e9ben, 19.00 \u00f3rakor &#8211; az ERAK \u00e9gisze alatt &#8211; az \u00e9rdi F\u00f6ldrajzi M\u00fazeum igazgat\u00f3ja, Dr. Kubassek J\u00e1nos tart el\u0151ad\u00e1st: Alm\u00e1sy L\u00e1szl\u00f3, a Szahara felfedez\u0151 utaz\u00f3ja, Az angol beteg c\u00edm\u0171 film h\u0151se c\u00edmmel. * Szeptember 29-\u00e9n, p\u00e9nteken, Stuttgartban 17.50 \u00f3rakor r\u00f3zsaf\u00fcz\u00e9r \u00e1jtatoss\u00e1g, majd szentmise, keret\u00e9ben P\u00e9nteki Egyetem: Besz\u00e9lget\u00e9sek a Katekizmusr\u00f3l. Ut\u00e1na Imak\u00f6r \u2013 szents\u00e9gim\u00e1d\u00e1s: h\u00e1l\u00e1nk \u00e9s k\u00e9r\u00e9seink felaj\u00e1nl\u00e1sa az Olt\u00e1riszents\u00e9gben jelenl\u00e9v\u0151 J\u00e9zus Urunknak. * Okt\u00f3ber 1-j\u00e9n, vas\u00e1rnap, Schw\u00e4bisch-Gm\u00fcndben 9.30 \u00f3rakor szentmise. Ut\u00e1na \u00e1g\u00e1p\u00e9. \u00a0\u00a0\u00a0\u00a0\u00a0\u00a0\u00a0\u00a0\u00a0\u00a0\u00a0 Stuttgartban 15.00 \u00f3rakor szentmise, amelyet \u2013 sz\u00fclet\u00e9s\u00e9nek 125. \u00e9ve alkalm\u00e1b\u00f3l \u2013 Isten Szolg\u00e1ja, Mindszenty J\u00f3zsef b\u00edboros-hercegpr\u00edm\u00e1s tisztelet\u00e9re aj\u00e1nljuk fel. Ut\u00e1na, 16.00 \u00f3r\u00e1t\u00f3l, Dr. Baumgartner Bernadette tart el\u0151ad\u00e1st r\u00f3la \u00e9s Erd\u00e9ly nagy f\u0151p\u00e1sztor\u00e1r\u00f3l M\u00e1rton \u00c1ronr\u00f3l: P\u00e1rhuzamos \u00e9letrajzok c\u00edmmel. Alatta \u00e1g\u00e1p\u00e9. * Minden helyen mindenkit szeretettel v\u00e1r a k\u00f6z\u00f6ss\u00e9g, Imre atya \u00e9s Tibor atya! \u00a0 \u201eA hajsz\u00e1lgy\u00f6k\u00e9r nem h\u00faz\u00f3dik vissza, ha szikl\u00e1ra tapint, hanem r\u00e9st keres \u00e9s repeszt; a f\u00f6ldbe vetett mag \u00e1tt\u00f6ri a r\u00f6g\u00f6t; az akad\u00e1ly el\u00e9 jutott hangya megk\u00eds\u00e9rli a sz\u00e1zszoros s\u00falyt f\u00e9lretenni, s ha nem siker\u00fcl, ker\u00fcl\u0151vel folytatja az \u00fatj\u00e1t c\u00e9lja fel\u00e9. S ha \u00e9lni akarunk, mi is csak ezt a p\u00e9ld\u00e1t k\u00f6vethetj\u00fck.\u201d (M\u00e1rton \u00c1ron Erd\u00e9ly p\u00fcsp\u00f6ke \u2013 1896-1980) Kellemes napokat, j\u00f3 munk\u00e1t, tartalmas besz\u00e9lget\u00e9seket \u00e9s \u00f6r\u00f6mteli tal\u00e1lkoz\u00e1sokat k\u00edv\u00e1nunk minden Kedves H\u00edv\u00fcnknek! \u00a0"}

Programelőzetes szeptember 25 és október 1 között - Stuttgarti Katolikusok

<blockquote class="wp-embedded-content" data-secret="HE32mJmZ5N"><a href="https://stuttgarti-katolikusok.de/index.php/programelozetes-szeptember-25-es-oktober-1-kozott/">Programelőzetes szeptember 25 és október 1 között</a></blockquote><iframe sandbox="allow-scripts" security="restricted" src="https://stuttgarti-katolikusok.de/index.php/programelozetes-szeptember-25-es-oktober-1-kozott/embed/#?secret=HE32mJmZ5N" width="600" height="338" title="&#8220;Programelőzetes szeptember 25 és október 1 között&#8221; &#8212; Stuttgarti Katolikusok" data-secret="HE32mJmZ5N" frameborder="0" marginwidth="0" marginheight="0" scrolling="no" class="wp-embedded-content"></iframe><script type="text/javascript">
/* <![CDATA[ */
/*! This file is auto-generated */
!function(d,l){"use strict";l.querySelector&&d.addEventListener&&"undefined"!=typeof URL&&(d.wp=d.wp||{},d.wp.receiveEmbedMessage||(d.wp.receiveEmbedMessage=function(e){var t=e.data;if((t||t.secret||t.message||t.value)&&!/[^a-zA-Z0-9]/.test(t.secret)){for(var s,r,n,a=l.querySelectorAll('iframe[data-secret="'+t.secret+'"]'),o=l.querySelectorAll('blockquote[data-secret="'+t.secret+'"]'),c=new RegExp("^https?:$","i"),i=0;i<o.length;i++)o[i].style.display="none";for(i=0;i<a.length;i++)s=a[i],e.source===s.contentWindow&&(s.removeAttribute("style"),"height"===t.message?(1e3<(r=parseInt(t.value,10))?r=1e3:~~r<200&&(r=200),s.height=r):"link"===t.message&&(r=new URL(s.getAttribute("src")),n=new URL(t.value),c.test(n.protocol))&&n.host===r.host&&l.activeElement===s&&(d.top.location.href=t.value))}},d.addEventListener("message",d.wp.receiveEmbedMessage,!1),l.addEventListener("DOMContentLoaded",function(){for(var e,t,s=l.querySelectorAll("iframe.wp-embedded-content"),r=0;r<s.length;r++)(t=(e=s[r]).getAttribute("data-secret"))||(t=Math.random().toString(36).substring(2,12),e.src+="#?secret="+t,e.setAttribute("data-secret",t)),e.contentWindow.postMessage({message:"ready",secret:t},"*")},!1)))}(window,document);
//# sourceURL=https://stuttgarti-katolikusok.de/wp-includes/js/wp-embed.min.js
/* ]]> */
</script>

Programelőzetes Tibor atya betegsége miatt az ulmi és weingarteni hétköznapi-, illetve a munderkingeni vasárnapi szentmise ezúttal elmarad!  Szeptember 27-én, szerdán,             Stuttgartban a Bruder Klaus nagytermében, 19.00 órakor &#8211; az ERAK égisze alatt &#8211; az érdi Földrajzi Múzeum igazgatója, Dr. Kubassek János tart előadást: Almásy László, a Szahara felfedező utazója, Az angol beteg című film hőse címmel. * Szeptember 29-én, pénteken, Stuttgartban 17.50 órakor rózsafüzér ájtatosság, majd szentmise, keretében Pénteki Egyetem: Beszélgetések a Katekizmusról. Utána Imakör – szentségimádás: hálánk és kéréseink felajánlása az Oltáriszentségben jelenlévő Jézus Urunknak. * Október 1-jén, vasárnap, Schwäbisch-Gmündben 9.30 órakor szentmise. Utána ágápé.             Stuttgartban 15.00 órakor szentmise, amelyet – születésének 125. éve alkalmából – Isten Szolgája, Mindszenty József bíboros-hercegprímás tiszteletére ajánljuk fel. Utána, 16.00 órától, Dr. Baumgartner Bernadette tart előadást róla és Erdély nagy főpásztoráról Márton Áronról: Párhuzamos életrajzok címmel. Alatta ágápé. * Minden helyen mindenkit szeretettel vár a közösség, Imre atya és Tibor atya!   „A hajszálgyökér nem húzódik vissza, ha sziklára tapint, hanem rést keres és repeszt; a földbe vetett mag áttöri a rögöt; az akadály elé jutott hangya megkísérli a százszoros súlyt félretenni, s ha nem sikerül, kerülővel folytatja az útját célja felé. S ha élni akarunk, mi is csak ezt a példát követhetjük.” (Márton Áron Erdély püspöke – 1896-1980) Kellemes napokat, jó munkát, tartalmas beszélgetéseket és örömteli találkozásokat kívánunk minden Kedves Hívünknek!
