{"version":"1.0","provider_name":"Stuttgarti Katolikusok","provider_url":"https:\/\/stuttgarti-katolikusok.de","title":"Programel\u0151zetes szeptember 18 \u00e9s 24 k\u00f6z\u00f6tt - Stuttgarti Katolikusok","type":"rich","width":600,"height":338,"html":"<blockquote class=\"wp-embedded-content\" data-secret=\"TTrz1WDwy1\"><a href=\"https:\/\/stuttgarti-katolikusok.de\/index.php\/programelozetes-szeptember-18-es-24-kozott\/\">Programel\u0151zetes szeptember 18 \u00e9s 24 k\u00f6z\u00f6tt<\/a><\/blockquote><iframe sandbox=\"allow-scripts\" security=\"restricted\" src=\"https:\/\/stuttgarti-katolikusok.de\/index.php\/programelozetes-szeptember-18-es-24-kozott\/embed\/#?secret=TTrz1WDwy1\" width=\"600\" height=\"338\" title=\"&#8220;Programel\u0151zetes szeptember 18 \u00e9s 24 k\u00f6z\u00f6tt&#8221; &#8212; Stuttgarti Katolikusok\" data-secret=\"TTrz1WDwy1\" frameborder=\"0\" marginwidth=\"0\" marginheight=\"0\" scrolling=\"no\" class=\"wp-embedded-content\"><\/iframe><script type=\"text\/javascript\">\n\/* <![CDATA[ *\/\n\/*! This file is auto-generated *\/\n!function(d,l){\"use strict\";l.querySelector&&d.addEventListener&&\"undefined\"!=typeof URL&&(d.wp=d.wp||{},d.wp.receiveEmbedMessage||(d.wp.receiveEmbedMessage=function(e){var t=e.data;if((t||t.secret||t.message||t.value)&&!\/[^a-zA-Z0-9]\/.test(t.secret)){for(var s,r,n,a=l.querySelectorAll('iframe[data-secret=\"'+t.secret+'\"]'),o=l.querySelectorAll('blockquote[data-secret=\"'+t.secret+'\"]'),c=new RegExp(\"^https?:$\",\"i\"),i=0;i<o.length;i++)o[i].style.display=\"none\";for(i=0;i<a.length;i++)s=a[i],e.source===s.contentWindow&&(s.removeAttribute(\"style\"),\"height\"===t.message?(1e3<(r=parseInt(t.value,10))?r=1e3:~~r<200&&(r=200),s.height=r):\"link\"===t.message&&(r=new URL(s.getAttribute(\"src\")),n=new URL(t.value),c.test(n.protocol))&&n.host===r.host&&l.activeElement===s&&(d.top.location.href=t.value))}},d.addEventListener(\"message\",d.wp.receiveEmbedMessage,!1),l.addEventListener(\"DOMContentLoaded\",function(){for(var e,t,s=l.querySelectorAll(\"iframe.wp-embedded-content\"),r=0;r<s.length;r++)(t=(e=s[r]).getAttribute(\"data-secret\"))||(t=Math.random().toString(36).substring(2,12),e.src+=\"#?secret=\"+t,e.setAttribute(\"data-secret\",t)),e.contentWindow.postMessage({message:\"ready\",secret:t},\"*\")},!1)))}(window,document);\n\/\/# sourceURL=https:\/\/stuttgarti-katolikusok.de\/wp-includes\/js\/wp-embed.min.js\n\/* ]]> *\/\n<\/script>\n","description":"Programel\u0151zetes Tibor atya betegs\u00e9ge miatt az ulmi \u00e9s weingarteni h\u00e9tk\u00f6znapi-, illetve a biberachi \u00e9s eislingeni vas\u00e1rnapi szentmis\u00e9k elmaradnak! \u00a0 Szeptember 22-\u00e9n, p\u00e9nteken, Stuttgartban 17.50 \u00f3rakor r\u00f3zsaf\u00fcz\u00e9r \u00e1jtatoss\u00e1g, majd szentmise, keret\u00e9ben P\u00e9nteki Egyetem: Besz\u00e9lget\u00e9sek a Katekizmusr\u00f3l. Ut\u00e1na Sportklub. * Szeptember 23-\u00e1n, szombaton, Heidenheimban 15.30 \u00f3rakor igeistentisztelet.\u00a0 Ut\u00e1na \u00e1g\u00e1p\u00e9. Reutlingen 16.30 \u00f3rakor szentmise. Ut\u00e1na \u00e1g\u00e1p\u00e9. * Szeptember 24-\u00e9n, vas\u00e1rnap, Biberachban \u00a08.45 \u00f3rakor a szentmise ELMARAD! B\u00f6blingenben 9.30 \u00f3rakor szentmise. Ut\u00e1na \u00e1g\u00e1p\u00e9. \u00a0\u00a0\u00a0 Ulmban 10.00 \u00f3rakor nemzetek szentmis\u00e9je a nek\u00fcnk otthont ad\u00f3 n\u00e9met egyh\u00e1zk\u00f6zs\u00e9g templomb\u00facs\u00faja alkalm\u00e1b\u00f3l! Eislingenben 15.00 \u00f3rakor a szentmise ELMARAD! K\u00e9rj\u00fck H\u00edveinket, hogy vagy mondj\u00e1k el a r\u00f3zsaf\u00fcz\u00e9rt, majd gy\u0171ljenek \u00f6ssze \u00e1g\u00e1p\u00e9re. Vagy pedig menjenek a n\u00e9met-nyelv\u0171 szentmis\u00e9re! Heilbronnban 15.30 \u00f3rakor szentmise. Ut\u00e1na \u00e1g\u00e1p\u00e9. * Minden helyen mindenkit szeretettel v\u00e1r a k\u00f6z\u00f6ss\u00e9g, Imre atya \u00e9s Tibor atya! \u00a0 \u201eAz\u00e9rt vagyunk a vil\u00e1gon, hogy keress\u00fck a boldogs\u00e1got \u2013 nem pedig az\u00e9rt, hogy meg is tal\u00e1ljuk!\u201d (Sidonie-Gabrielle Colette) Sz\u00e9p napokat, j\u00f3 munk\u00e1t, tartalmas besz\u00e9lget\u00e9seket \u00e9s \u00f6r\u00f6mteli tal\u00e1lkoz\u00e1sokat k\u00edv\u00e1nunk minden Kedves H\u00edv\u00fcnknek!"}

Programelőzetes szeptember 18 és 24 között - Stuttgarti Katolikusok

<blockquote class="wp-embedded-content" data-secret="TTrz1WDwy1"><a href="https://stuttgarti-katolikusok.de/index.php/programelozetes-szeptember-18-es-24-kozott/">Programelőzetes szeptember 18 és 24 között</a></blockquote><iframe sandbox="allow-scripts" security="restricted" src="https://stuttgarti-katolikusok.de/index.php/programelozetes-szeptember-18-es-24-kozott/embed/#?secret=TTrz1WDwy1" width="600" height="338" title="&#8220;Programelőzetes szeptember 18 és 24 között&#8221; &#8212; Stuttgarti Katolikusok" data-secret="TTrz1WDwy1" frameborder="0" marginwidth="0" marginheight="0" scrolling="no" class="wp-embedded-content"></iframe><script type="text/javascript">
/* <![CDATA[ */
/*! This file is auto-generated */
!function(d,l){"use strict";l.querySelector&&d.addEventListener&&"undefined"!=typeof URL&&(d.wp=d.wp||{},d.wp.receiveEmbedMessage||(d.wp.receiveEmbedMessage=function(e){var t=e.data;if((t||t.secret||t.message||t.value)&&!/[^a-zA-Z0-9]/.test(t.secret)){for(var s,r,n,a=l.querySelectorAll('iframe[data-secret="'+t.secret+'"]'),o=l.querySelectorAll('blockquote[data-secret="'+t.secret+'"]'),c=new RegExp("^https?:$","i"),i=0;i<o.length;i++)o[i].style.display="none";for(i=0;i<a.length;i++)s=a[i],e.source===s.contentWindow&&(s.removeAttribute("style"),"height"===t.message?(1e3<(r=parseInt(t.value,10))?r=1e3:~~r<200&&(r=200),s.height=r):"link"===t.message&&(r=new URL(s.getAttribute("src")),n=new URL(t.value),c.test(n.protocol))&&n.host===r.host&&l.activeElement===s&&(d.top.location.href=t.value))}},d.addEventListener("message",d.wp.receiveEmbedMessage,!1),l.addEventListener("DOMContentLoaded",function(){for(var e,t,s=l.querySelectorAll("iframe.wp-embedded-content"),r=0;r<s.length;r++)(t=(e=s[r]).getAttribute("data-secret"))||(t=Math.random().toString(36).substring(2,12),e.src+="#?secret="+t,e.setAttribute("data-secret",t)),e.contentWindow.postMessage({message:"ready",secret:t},"*")},!1)))}(window,document);
//# sourceURL=https://stuttgarti-katolikusok.de/wp-includes/js/wp-embed.min.js
/* ]]> */
</script>

Programelőzetes Tibor atya betegsége miatt az ulmi és weingarteni hétköznapi-, illetve a biberachi és eislingeni vasárnapi szentmisék elmaradnak!   Szeptember 22-én, pénteken, Stuttgartban 17.50 órakor rózsafüzér ájtatosság, majd szentmise, keretében Pénteki Egyetem: Beszélgetések a Katekizmusról. Utána Sportklub. * Szeptember 23-án, szombaton, Heidenheimban 15.30 órakor igeistentisztelet.  Utána ágápé. Reutlingen 16.30 órakor szentmise. Utána ágápé. * Szeptember 24-én, vasárnap, Biberachban  8.45 órakor a szentmise ELMARAD! Böblingenben 9.30 órakor szentmise. Utána ágápé.     Ulmban 10.00 órakor nemzetek szentmiséje a nekünk otthont adó német egyházközség templombúcsúja alkalmából! Eislingenben 15.00 órakor a szentmise ELMARAD! Kérjük Híveinket, hogy vagy mondják el a rózsafüzért, majd gyűljenek össze ágápére. Vagy pedig menjenek a német-nyelvű szentmisére! Heilbronnban 15.30 órakor szentmise. Utána ágápé. * Minden helyen mindenkit szeretettel vár a közösség, Imre atya és Tibor atya!   „Azért vagyunk a világon, hogy keressük a boldogságot – nem pedig azért, hogy meg is találjuk!” (Sidonie-Gabrielle Colette) Szép napokat, jó munkát, tartalmas beszélgetéseket és örömteli találkozásokat kívánunk minden Kedves Hívünknek!
