{"version":"1.0","provider_name":"Stuttgarti Katolikusok","provider_url":"https:\/\/stuttgarti-katolikusok.de","title":"Programel\u0151zetes szeptember 12 \u00e9s 18 k\u00f6z\u00f6tt - Stuttgarti Katolikusok","type":"rich","width":600,"height":338,"html":"<blockquote class=\"wp-embedded-content\" data-secret=\"bpGn24Mroo\"><a href=\"https:\/\/stuttgarti-katolikusok.de\/index.php\/programelozetes-szeptember-12-es-18-kozott\/\">Programel\u0151zetes szeptember 12 \u00e9s 18 k\u00f6z\u00f6tt<\/a><\/blockquote><iframe sandbox=\"allow-scripts\" security=\"restricted\" src=\"https:\/\/stuttgarti-katolikusok.de\/index.php\/programelozetes-szeptember-12-es-18-kozott\/embed\/#?secret=bpGn24Mroo\" width=\"600\" height=\"338\" title=\"&#8220;Programel\u0151zetes szeptember 12 \u00e9s 18 k\u00f6z\u00f6tt&#8221; &#8212; Stuttgarti Katolikusok\" data-secret=\"bpGn24Mroo\" frameborder=\"0\" marginwidth=\"0\" marginheight=\"0\" scrolling=\"no\" class=\"wp-embedded-content\"><\/iframe><script type=\"text\/javascript\">\n\/* <![CDATA[ *\/\n\/*! This file is auto-generated *\/\n!function(d,l){\"use strict\";l.querySelector&&d.addEventListener&&\"undefined\"!=typeof URL&&(d.wp=d.wp||{},d.wp.receiveEmbedMessage||(d.wp.receiveEmbedMessage=function(e){var t=e.data;if((t||t.secret||t.message||t.value)&&!\/[^a-zA-Z0-9]\/.test(t.secret)){for(var s,r,n,a=l.querySelectorAll('iframe[data-secret=\"'+t.secret+'\"]'),o=l.querySelectorAll('blockquote[data-secret=\"'+t.secret+'\"]'),c=new RegExp(\"^https?:$\",\"i\"),i=0;i<o.length;i++)o[i].style.display=\"none\";for(i=0;i<a.length;i++)s=a[i],e.source===s.contentWindow&&(s.removeAttribute(\"style\"),\"height\"===t.message?(1e3<(r=parseInt(t.value,10))?r=1e3:~~r<200&&(r=200),s.height=r):\"link\"===t.message&&(r=new URL(s.getAttribute(\"src\")),n=new URL(t.value),c.test(n.protocol))&&n.host===r.host&&l.activeElement===s&&(d.top.location.href=t.value))}},d.addEventListener(\"message\",d.wp.receiveEmbedMessage,!1),l.addEventListener(\"DOMContentLoaded\",function(){for(var e,t,s=l.querySelectorAll(\"iframe.wp-embedded-content\"),r=0;r<s.length;r++)(t=(e=s[r]).getAttribute(\"data-secret\"))||(t=Math.random().toString(36).substring(2,12),e.src+=\"#?secret=\"+t,e.setAttribute(\"data-secret\",t)),e.contentWindow.postMessage({message:\"ready\",secret:t},\"*\")},!1)))}(window,document);\n\/\/# sourceURL=https:\/\/stuttgarti-katolikusok.de\/wp-includes\/js\/wp-embed.min.js\n\/* ]]> *\/\n<\/script>\n","thumbnail_url":"https:\/\/stuttgarti-katolikusok.de\/wp-content\/uploads\/2016\/09\/gellert-22.jpg","thumbnail_width":288,"thumbnail_height":287,"description":"Programel\u0151zetes \u00a0 Szeptember 15-\u00e9n, cs\u00fct\u00f6rt\u00f6k\u00f6n, Ulmban 17.30 \u00f3rakor szentmise, el\u0151tte gy\u00f3ntat\u00e1s, szentmise v\u00e9gezt\u00e9vel Besz\u00e9lget\u00e9s a Bibli\u00e1r\u00f3l. * Szeptember 16-\u00e1n, p\u00e9nteken, Stuttgartban 15.30 \u00f3rakor indul a Bar\u00e1ts\u00e1gklub. Kedves Vend\u00e9g\u00fcnk, Nm. \u00e9s Ft. B\u00f6cskei L\u00e1szl\u00f3 nagyv\u00e1radi p\u00fcsp\u00f6k. Minden kellemes t\u00e1rsas\u00e1gra v\u00e1gy\u00f3 \u00e9rdekl\u0151d\u0151t szeretettel v\u00e1r a Tags\u00e1g! 17.45 \u00f3rakor r\u00f3zsaf\u00fcz\u00e9r-\u00e1jtatoss\u00e1g, ut\u00e1na esti szentmise, amelyet L\u00e1szl\u00f3 p\u00fcsp\u00f6k mutat be, keret\u00e9ben b\u00e9rm\u00e1l\u00e1s. Ut\u00e1na Bibliak\u00f6r. Weingartenben, a St. Marien-templomban 18.30 \u00f3r\u00e1t\u00f3l szentmise, el\u0151tte gy\u00f3ntat\u00e1s, ut\u00e1na pedig Besz\u00e9lget\u00e9sek a Bibli\u00e1r\u00f3l. * Szeptember 17-\u00e9n, szombaton Stuttgartban Nyitott Templomok \u00c9jszak\u00e1ja. A program 19.00 \u00f3rakor indul egy k\u00e9pvet\u00edt\u00e9ses el\u0151ad\u00e1ssal, amelynek a c\u00edme: G\u00f3tikus templomok. Majd L\u00e1szl\u00f3 p\u00fcsp\u00f6k a nagyv\u00e1radi sz\u00e9kesegyh\u00e1zat mutatja be r\u00f6viden. Ut\u00e1na verses el\u0151ad\u00e1s a templomr\u00f3l. V\u00e9g\u00fcl programunkat a Himnusszal z\u00e1rjuk a templomt\u00e9ren l\u00e9v\u0151 Mindszenty-szoborn\u00e1l. * Szeptember 18-\u00e1n, vas\u00e1rnap, 9.30 \u00f3rakor Ludwigsburgban szentmise, ut\u00e1na \u00e1g\u00e1p\u00e9. Stuttgartban Egyh\u00e1zk\u00f6zs\u00e9g\u00fcnk v\u00e9d\u0151szentj\u00e9nek, Szent Gell\u00e9rt p\u00fcsp\u00f6k-v\u00e9rtan\u00fanak az \u00fcnnepe, templomb\u00facs\u00fa. 12.00 \u00f3rakor szentmise. F\u0151celebr\u00e1ns \u00e9s sz\u00f3nok Nm. \u00e9s Ft. B\u00f6cskei L\u00e1szl\u00f3 nagyv\u00e1radi p\u00fcsp\u00f6k atya. 13.30 \u00f3rakor k\u00f6z\u00f6s eb\u00e9d a templom el\u0151tti t\u00e9ren. 15.00 \u00f3rakor verses-zen\u00e9s interj\u00fa L\u00e1szl\u00f3 p\u00fcsp\u00f6kkel. El\u0151ad\u00f3k az Egyh\u00e1zk\u00f6zs\u00e9g h\u00edvei. Minden helyen mindenkit szeretettel v\u00e1r a k\u00f6z\u00f6ss\u00e9g, Imre atya \u00e9s Tibor atya! \u201eIsten\u00fcnk, ki Szent Gell\u00e9rt p\u00fcsp\u00f6knek v\u00e9rtan\u00fas\u00e1g\u00e1\u00e9rt megadtad a halhatatlans\u00e1g koron\u00e1j\u00e1t, engedd j\u00f3s\u00e1gosan, hogy akinek eml\u00e9kezet\u00e9t \u00e1h\u00edtattal \u00fclj\u00fck itt a f\u00f6ld\u00f6n, annak sz\u00fcntelen p\u00e1rtfog\u00e1sa v\u00e9delmezzen minket a mennyben! Sz\u00e9p napokat, j\u00f3 munk\u00e1t, tartalmas besz\u00e9lget\u00e9seket \u00e9s kellemes tal\u00e1lkoz\u00e1sokat k\u00edv\u00e1nunk minden kedves H\u00edv\u00fcnknek! &nbsp;"}

Programelőzetes szeptember 12 és 18 között - Stuttgarti Katolikusok

<blockquote class="wp-embedded-content" data-secret="bpGn24Mroo"><a href="https://stuttgarti-katolikusok.de/index.php/programelozetes-szeptember-12-es-18-kozott/">Programelőzetes szeptember 12 és 18 között</a></blockquote><iframe sandbox="allow-scripts" security="restricted" src="https://stuttgarti-katolikusok.de/index.php/programelozetes-szeptember-12-es-18-kozott/embed/#?secret=bpGn24Mroo" width="600" height="338" title="&#8220;Programelőzetes szeptember 12 és 18 között&#8221; &#8212; Stuttgarti Katolikusok" data-secret="bpGn24Mroo" frameborder="0" marginwidth="0" marginheight="0" scrolling="no" class="wp-embedded-content"></iframe><script type="text/javascript">
/* <![CDATA[ */
/*! This file is auto-generated */
!function(d,l){"use strict";l.querySelector&&d.addEventListener&&"undefined"!=typeof URL&&(d.wp=d.wp||{},d.wp.receiveEmbedMessage||(d.wp.receiveEmbedMessage=function(e){var t=e.data;if((t||t.secret||t.message||t.value)&&!/[^a-zA-Z0-9]/.test(t.secret)){for(var s,r,n,a=l.querySelectorAll('iframe[data-secret="'+t.secret+'"]'),o=l.querySelectorAll('blockquote[data-secret="'+t.secret+'"]'),c=new RegExp("^https?:$","i"),i=0;i<o.length;i++)o[i].style.display="none";for(i=0;i<a.length;i++)s=a[i],e.source===s.contentWindow&&(s.removeAttribute("style"),"height"===t.message?(1e3<(r=parseInt(t.value,10))?r=1e3:~~r<200&&(r=200),s.height=r):"link"===t.message&&(r=new URL(s.getAttribute("src")),n=new URL(t.value),c.test(n.protocol))&&n.host===r.host&&l.activeElement===s&&(d.top.location.href=t.value))}},d.addEventListener("message",d.wp.receiveEmbedMessage,!1),l.addEventListener("DOMContentLoaded",function(){for(var e,t,s=l.querySelectorAll("iframe.wp-embedded-content"),r=0;r<s.length;r++)(t=(e=s[r]).getAttribute("data-secret"))||(t=Math.random().toString(36).substring(2,12),e.src+="#?secret="+t,e.setAttribute("data-secret",t)),e.contentWindow.postMessage({message:"ready",secret:t},"*")},!1)))}(window,document);
//# sourceURL=https://stuttgarti-katolikusok.de/wp-includes/js/wp-embed.min.js
/* ]]> */
</script>

Programelőzetes   Szeptember 15-én, csütörtökön, Ulmban 17.30 órakor szentmise, előtte gyóntatás, szentmise végeztével Beszélgetés a Bibliáról. * Szeptember 16-án, pénteken, Stuttgartban 15.30 órakor indul a Barátságklub. Kedves Vendégünk, Nm. és Ft. Böcskei László nagyváradi püspök. Minden kellemes társaságra vágyó érdeklődőt szeretettel vár a Tagság! 17.45 órakor rózsafüzér-ájtatosság, utána esti szentmise, amelyet László püspök mutat be, keretében bérmálás. Utána Bibliakör. Weingartenben, a St. Marien-templomban 18.30 órától szentmise, előtte gyóntatás, utána pedig Beszélgetések a Bibliáról. * Szeptember 17-én, szombaton Stuttgartban Nyitott Templomok Éjszakája. A program 19.00 órakor indul egy képvetítéses előadással, amelynek a címe: Gótikus templomok. Majd László püspök a nagyváradi székesegyházat mutatja be röviden. Utána verses előadás a templomról. Végül programunkat a Himnusszal zárjuk a templomtéren lévő Mindszenty-szobornál. * Szeptember 18-án, vasárnap, 9.30 órakor Ludwigsburgban szentmise, utána ágápé. Stuttgartban Egyházközségünk védőszentjének, Szent Gellért püspök-vértanúnak az ünnepe, templombúcsú. 12.00 órakor szentmise. Főcelebráns és szónok Nm. és Ft. Böcskei László nagyváradi püspök atya. 13.30 órakor közös ebéd a templom előtti téren. 15.00 órakor verses-zenés interjú László püspökkel. Előadók az Egyházközség hívei. Minden helyen mindenkit szeretettel vár a közösség, Imre atya és Tibor atya! „Istenünk, ki Szent Gellért püspöknek vértanúságáért megadtad a halhatatlanság koronáját, engedd jóságosan, hogy akinek emlékezetét áhítattal üljük itt a földön, annak szüntelen pártfogása védelmezzen minket a mennyben! Szép napokat, jó munkát, tartalmas beszélgetéseket és kellemes találkozásokat kívánunk minden kedves Hívünknek! &nbsp;
