{"version":"1.0","provider_name":"Stuttgarti Katolikusok","provider_url":"https:\/\/stuttgarti-katolikusok.de","title":"Programel\u0151zetes okt\u00f3ber 9 \u00e9s 15 k\u00f6z\u00f6tt - Stuttgarti Katolikusok","type":"rich","width":600,"height":338,"html":"<blockquote class=\"wp-embedded-content\" data-secret=\"OZC70ptDgJ\"><a href=\"https:\/\/stuttgarti-katolikusok.de\/index.php\/programelozetes-oktober-9-es-15-kozott\/\">Programel\u0151zetes okt\u00f3ber 9 \u00e9s 15 k\u00f6z\u00f6tt<\/a><\/blockquote><iframe sandbox=\"allow-scripts\" security=\"restricted\" src=\"https:\/\/stuttgarti-katolikusok.de\/index.php\/programelozetes-oktober-9-es-15-kozott\/embed\/#?secret=OZC70ptDgJ\" width=\"600\" height=\"338\" title=\"&#8220;Programel\u0151zetes okt\u00f3ber 9 \u00e9s 15 k\u00f6z\u00f6tt&#8221; &#8212; Stuttgarti Katolikusok\" data-secret=\"OZC70ptDgJ\" frameborder=\"0\" marginwidth=\"0\" marginheight=\"0\" scrolling=\"no\" class=\"wp-embedded-content\"><\/iframe><script type=\"text\/javascript\">\n\/* <![CDATA[ *\/\n\/*! This file is auto-generated *\/\n!function(d,l){\"use strict\";l.querySelector&&d.addEventListener&&\"undefined\"!=typeof URL&&(d.wp=d.wp||{},d.wp.receiveEmbedMessage||(d.wp.receiveEmbedMessage=function(e){var t=e.data;if((t||t.secret||t.message||t.value)&&!\/[^a-zA-Z0-9]\/.test(t.secret)){for(var s,r,n,a=l.querySelectorAll('iframe[data-secret=\"'+t.secret+'\"]'),o=l.querySelectorAll('blockquote[data-secret=\"'+t.secret+'\"]'),c=new RegExp(\"^https?:$\",\"i\"),i=0;i<o.length;i++)o[i].style.display=\"none\";for(i=0;i<a.length;i++)s=a[i],e.source===s.contentWindow&&(s.removeAttribute(\"style\"),\"height\"===t.message?(1e3<(r=parseInt(t.value,10))?r=1e3:~~r<200&&(r=200),s.height=r):\"link\"===t.message&&(r=new URL(s.getAttribute(\"src\")),n=new URL(t.value),c.test(n.protocol))&&n.host===r.host&&l.activeElement===s&&(d.top.location.href=t.value))}},d.addEventListener(\"message\",d.wp.receiveEmbedMessage,!1),l.addEventListener(\"DOMContentLoaded\",function(){for(var e,t,s=l.querySelectorAll(\"iframe.wp-embedded-content\"),r=0;r<s.length;r++)(t=(e=s[r]).getAttribute(\"data-secret\"))||(t=Math.random().toString(36).substring(2,12),e.src+=\"#?secret=\"+t,e.setAttribute(\"data-secret\",t)),e.contentWindow.postMessage({message:\"ready\",secret:t},\"*\")},!1)))}(window,document);\n\/\/# sourceURL=https:\/\/stuttgarti-katolikusok.de\/wp-includes\/js\/wp-embed.min.js\n\/* ]]> *\/\n<\/script>\n","description":"Programel\u0151zetes Okt\u00f3ber 13-\u00e1n, p\u00e9nteken, Stuttgartban 16.00 \u00f3rakor Bar\u00e1ts\u00e1gklub. 17.50 \u00f3rakor r\u00f3zsaf\u00fcz\u00e9r \u00e1jtatoss\u00e1g. Ut\u00e1na szentmise, keret\u00e9ben P\u00e9nteki Egyetem (Besz\u00e9lget\u00e9sek a Katekizmusr\u00f3l). Majd Sportklub. * Okt\u00f3ber 14-\u00e9n, szombaton, Stuttgartban 9.00 \u00e9s 16.00 \u00f3ra k\u00f6z\u00f6tt Egyh\u00e1ztan\u00e1csosok \u00e9s Leg\u00e1tusok Napja. Friedrichshafenben 17.00 \u00f3rakor szentmise, ut\u00e1na \u00e1g\u00e1p\u00e9. * Okt\u00f3ber 15-\u00e9n, vas\u00e1rnap, Ludwigsburgban 9.30 \u00f3rakor szentmise, ut\u00e1na \u00e1g\u00e1p\u00e9. Stuttgartban Nemzeti \u00dcnnep. 15.00 \u00f3rakor \u00f6kumenikus istentisztelet. Ut\u00e1na megeml\u00e9kez\u00e9s az 1956-os forradalom \u00e9s szabads\u00e1gharcr\u00f3l. Az istentiszteleten Nt. G\u00e9mes Istv\u00e1n hirdet ig\u00e9t. Az 1956-os forradalomr\u00f3l sz\u00f3l\u00f3 ki\u00e1ll\u00edt\u00e1st Dr. Szab\u00f3 Dezs\u0151, a Magyar Kult\u00farint\u00e9zet vezet\u0151je ny\u00edtja meg. D\u00edszvend\u00e9g\u00fcnk Dr. Ber\u00e9nyi J\u00e1nos stuttgarti magyar f\u0151konzul. * Minden helyen mindenkit szeretettel v\u00e1r a k\u00f6z\u00f6ss\u00e9g, Imre atya \u00e9s Tibor atya!\u00a0 \u201eMinden n\u00e9p annyit \u00e9r, amennyi \u00e9rt\u00e9ket saj\u00e1t mag\u00e1b\u00f3l ki tud termelni.&#8221; (M\u00e1rton \u00c1ron &#8211; 1896-1980 &#8211; gyulafeh\u00e9rv\u00e1ri p\u00fcsp\u00f6k)\u00a0 Sz\u00e9p \u0151szi napokat, j\u00f3 munk\u00e1t, tartalmas besz\u00e9lget\u00e9seket \u00e9s \u00f6r\u00f6mteli tal\u00e1lkoz\u00e1sokat k\u00edv\u00e1nunk minden Kedves H\u00edv\u00fcnknek!"}

Programelőzetes október 9 és 15 között - Stuttgarti Katolikusok

<blockquote class="wp-embedded-content" data-secret="OZC70ptDgJ"><a href="https://stuttgarti-katolikusok.de/index.php/programelozetes-oktober-9-es-15-kozott/">Programelőzetes október 9 és 15 között</a></blockquote><iframe sandbox="allow-scripts" security="restricted" src="https://stuttgarti-katolikusok.de/index.php/programelozetes-oktober-9-es-15-kozott/embed/#?secret=OZC70ptDgJ" width="600" height="338" title="&#8220;Programelőzetes október 9 és 15 között&#8221; &#8212; Stuttgarti Katolikusok" data-secret="OZC70ptDgJ" frameborder="0" marginwidth="0" marginheight="0" scrolling="no" class="wp-embedded-content"></iframe><script type="text/javascript">
/* <![CDATA[ */
/*! This file is auto-generated */
!function(d,l){"use strict";l.querySelector&&d.addEventListener&&"undefined"!=typeof URL&&(d.wp=d.wp||{},d.wp.receiveEmbedMessage||(d.wp.receiveEmbedMessage=function(e){var t=e.data;if((t||t.secret||t.message||t.value)&&!/[^a-zA-Z0-9]/.test(t.secret)){for(var s,r,n,a=l.querySelectorAll('iframe[data-secret="'+t.secret+'"]'),o=l.querySelectorAll('blockquote[data-secret="'+t.secret+'"]'),c=new RegExp("^https?:$","i"),i=0;i<o.length;i++)o[i].style.display="none";for(i=0;i<a.length;i++)s=a[i],e.source===s.contentWindow&&(s.removeAttribute("style"),"height"===t.message?(1e3<(r=parseInt(t.value,10))?r=1e3:~~r<200&&(r=200),s.height=r):"link"===t.message&&(r=new URL(s.getAttribute("src")),n=new URL(t.value),c.test(n.protocol))&&n.host===r.host&&l.activeElement===s&&(d.top.location.href=t.value))}},d.addEventListener("message",d.wp.receiveEmbedMessage,!1),l.addEventListener("DOMContentLoaded",function(){for(var e,t,s=l.querySelectorAll("iframe.wp-embedded-content"),r=0;r<s.length;r++)(t=(e=s[r]).getAttribute("data-secret"))||(t=Math.random().toString(36).substring(2,12),e.src+="#?secret="+t,e.setAttribute("data-secret",t)),e.contentWindow.postMessage({message:"ready",secret:t},"*")},!1)))}(window,document);
//# sourceURL=https://stuttgarti-katolikusok.de/wp-includes/js/wp-embed.min.js
/* ]]> */
</script>

Programelőzetes Október 13-án, pénteken, Stuttgartban 16.00 órakor Barátságklub. 17.50 órakor rózsafüzér ájtatosság. Utána szentmise, keretében Pénteki Egyetem (Beszélgetések a Katekizmusról). Majd Sportklub. * Október 14-én, szombaton, Stuttgartban 9.00 és 16.00 óra között Egyháztanácsosok és Legátusok Napja. Friedrichshafenben 17.00 órakor szentmise, utána ágápé. * Október 15-én, vasárnap, Ludwigsburgban 9.30 órakor szentmise, utána ágápé. Stuttgartban Nemzeti Ünnep. 15.00 órakor ökumenikus istentisztelet. Utána megemlékezés az 1956-os forradalom és szabadságharcról. Az istentiszteleten Nt. Gémes István hirdet igét. Az 1956-os forradalomról szóló kiállítást Dr. Szabó Dezső, a Magyar Kultúrintézet vezetője nyítja meg. Díszvendégünk Dr. Berényi János stuttgarti magyar főkonzul. * Minden helyen mindenkit szeretettel vár a közösség, Imre atya és Tibor atya!  „Minden nép annyit ér, amennyi értéket saját magából ki tud termelni.&#8221; (Márton Áron &#8211; 1896-1980 &#8211; gyulafehérvári püspök)  Szép őszi napokat, jó munkát, tartalmas beszélgetéseket és örömteli találkozásokat kívánunk minden Kedves Hívünknek!
