{"version":"1.0","provider_name":"Stuttgarti Katolikusok","provider_url":"https:\/\/stuttgarti-katolikusok.de","title":"Programel\u0151zetes okt\u00f3ber 31 \u00e9s november 6 k\u00f6z\u00f6tt - Stuttgarti Katolikusok","type":"rich","width":600,"height":338,"html":"<blockquote class=\"wp-embedded-content\" data-secret=\"j0uLySZoLW\"><a href=\"https:\/\/stuttgarti-katolikusok.de\/index.php\/programelozetes-oktober-31-es-november-6-kozott\/\">Programel\u0151zetes okt\u00f3ber 31 \u00e9s november 6 k\u00f6z\u00f6tt<\/a><\/blockquote><iframe sandbox=\"allow-scripts\" security=\"restricted\" src=\"https:\/\/stuttgarti-katolikusok.de\/index.php\/programelozetes-oktober-31-es-november-6-kozott\/embed\/#?secret=j0uLySZoLW\" width=\"600\" height=\"338\" title=\"&#8220;Programel\u0151zetes okt\u00f3ber 31 \u00e9s november 6 k\u00f6z\u00f6tt&#8221; &#8212; Stuttgarti Katolikusok\" data-secret=\"j0uLySZoLW\" frameborder=\"0\" marginwidth=\"0\" marginheight=\"0\" scrolling=\"no\" class=\"wp-embedded-content\"><\/iframe><script type=\"text\/javascript\">\n\/* <![CDATA[ *\/\n\/*! This file is auto-generated *\/\n!function(d,l){\"use strict\";l.querySelector&&d.addEventListener&&\"undefined\"!=typeof URL&&(d.wp=d.wp||{},d.wp.receiveEmbedMessage||(d.wp.receiveEmbedMessage=function(e){var t=e.data;if((t||t.secret||t.message||t.value)&&!\/[^a-zA-Z0-9]\/.test(t.secret)){for(var s,r,n,a=l.querySelectorAll('iframe[data-secret=\"'+t.secret+'\"]'),o=l.querySelectorAll('blockquote[data-secret=\"'+t.secret+'\"]'),c=new RegExp(\"^https?:$\",\"i\"),i=0;i<o.length;i++)o[i].style.display=\"none\";for(i=0;i<a.length;i++)s=a[i],e.source===s.contentWindow&&(s.removeAttribute(\"style\"),\"height\"===t.message?(1e3<(r=parseInt(t.value,10))?r=1e3:~~r<200&&(r=200),s.height=r):\"link\"===t.message&&(r=new URL(s.getAttribute(\"src\")),n=new URL(t.value),c.test(n.protocol))&&n.host===r.host&&l.activeElement===s&&(d.top.location.href=t.value))}},d.addEventListener(\"message\",d.wp.receiveEmbedMessage,!1),l.addEventListener(\"DOMContentLoaded\",function(){for(var e,t,s=l.querySelectorAll(\"iframe.wp-embedded-content\"),r=0;r<s.length;r++)(t=(e=s[r]).getAttribute(\"data-secret\"))||(t=Math.random().toString(36).substring(2,12),e.src+=\"#?secret=\"+t,e.setAttribute(\"data-secret\",t)),e.contentWindow.postMessage({message:\"ready\",secret:t},\"*\")},!1)))}(window,document);\n\/\/# sourceURL=https:\/\/stuttgarti-katolikusok.de\/wp-includes\/js\/wp-embed.min.js\n\/* ]]> *\/\n<\/script>\n","description":"Programel\u0151zetes November 1-j\u00e9n, kedden, Mindenszentek \u00fcnnepe. Ulmban 17.00 \u00f3rakor, Stuttgartban pedig 18.00 \u00f3rakor szentmise, majd temet\u0151j\u00e1r\u00e1s. * November 3-\u00e1n, cs\u00fct\u00f6rt\u00f6k\u00f6n, Ulmban 17.30 \u00f3rakor szentmise. El\u0151tte gy\u00f3n\u00e1si lehet\u0151s\u00e9g, ut\u00e1na Besz\u00e9lget\u00e9sek a Bibli\u00e1r\u00f3l. * November 4-\u00e9n, p\u00e9nteken, 15.30 \u00f3rakor Stuttgartban Bar\u00e1ts\u00e1gklub. Minden kellemes t\u00e1rsas\u00e1gra v\u00e1gy\u00f3 \u00e9rdekl\u0151d\u0151 id\u0151st szeretettel v\u00e1r a Tags\u00e1g! Este 17.55 \u00f3rakor r\u00f3zsaf\u00fcz\u00e9r-\u00e1jtatoss\u00e1g, ut\u00e1na szentmise, majd Imak\u00f6r. Weingartenben 18.00 \u00f3rakor szentmise a St.Marien-templomban. El\u0151tte gy\u00f3ntat\u00e1s, ut\u00e1na Besz\u00e9lget\u00e9sek a Bibli\u00e1r\u00f3l. D\u00e9lut\u00e1n folyam\u00e1n az id\u0151seket \u00e9s a betegeket keresem fel. * November 5-\u00e9n, szombaton, 17.00 \u00f3rakor Balingenben szentmise. El\u0151tte gy\u00f3ntat\u00e1s, ut\u00e1na \u00e1g\u00e1p\u00e9. * November 6-\u00e1n, vas\u00e1rnap, 9.00 \u00f3rakor Munderkingenben szentmise. El\u0151tte gy\u00f3ntat\u00e1s. 9.30 \u00f3rakor Schw\u00e4bisch-Gm\u00fcndben szentmise. Ut\u00e1na \u00e1g\u00e1p\u00e9. 15.00 \u00f3rakor Stuttgartban szentmise az egyh\u00e1zk\u00f6zs\u00e9gben tiszts\u00e9get visel\u0151, de m\u00e1r elhunyt h\u00edveink lelki \u00fcdv\u00e9\u00e9rt. Ut\u00e1na a M\u00fcncheni Magyar Misszi\u00f3 K\u00f3rusa &#8211; Geng Ildik\u00f3 vezet\u00e9s\u00e9vel &#8211; j\u00f3t\u00e9konys\u00e1gi koncertet ad B\u00f6jte atya \u00e1rva gyermekei jav\u00e1ra. V\u00e9g\u00fcl \u00e1g\u00e1p\u00e9. Minden helyen mindenkit szeretettel v\u00e1r a k\u00f6z\u00f6ss\u00e9g, Imre atya \u00e9s Tibor atya! \u201eNaponta tanulom, nagyon sokszor szenved\u00e9sek k\u00f6zepette, hogy a t\u00fcrelem minden.\u201d (Rainer Maria Rilke \u2013 1875-1926 \u2013 n\u00e9met k\u00f6lt\u0151). Sz\u00e9p napokat, j\u00f3 munk\u00e1t, tartalmas besz\u00e9lget\u00e9seket \u00e9s kellemes tal\u00e1lkoz\u00e1sokat k\u00edv\u00e1nunk minden Kedves H\u00edv\u00fcnknek!"}

Programelőzetes október 31 és november 6 között - Stuttgarti Katolikusok

<blockquote class="wp-embedded-content" data-secret="j0uLySZoLW"><a href="https://stuttgarti-katolikusok.de/index.php/programelozetes-oktober-31-es-november-6-kozott/">Programelőzetes október 31 és november 6 között</a></blockquote><iframe sandbox="allow-scripts" security="restricted" src="https://stuttgarti-katolikusok.de/index.php/programelozetes-oktober-31-es-november-6-kozott/embed/#?secret=j0uLySZoLW" width="600" height="338" title="&#8220;Programelőzetes október 31 és november 6 között&#8221; &#8212; Stuttgarti Katolikusok" data-secret="j0uLySZoLW" frameborder="0" marginwidth="0" marginheight="0" scrolling="no" class="wp-embedded-content"></iframe><script type="text/javascript">
/* <![CDATA[ */
/*! This file is auto-generated */
!function(d,l){"use strict";l.querySelector&&d.addEventListener&&"undefined"!=typeof URL&&(d.wp=d.wp||{},d.wp.receiveEmbedMessage||(d.wp.receiveEmbedMessage=function(e){var t=e.data;if((t||t.secret||t.message||t.value)&&!/[^a-zA-Z0-9]/.test(t.secret)){for(var s,r,n,a=l.querySelectorAll('iframe[data-secret="'+t.secret+'"]'),o=l.querySelectorAll('blockquote[data-secret="'+t.secret+'"]'),c=new RegExp("^https?:$","i"),i=0;i<o.length;i++)o[i].style.display="none";for(i=0;i<a.length;i++)s=a[i],e.source===s.contentWindow&&(s.removeAttribute("style"),"height"===t.message?(1e3<(r=parseInt(t.value,10))?r=1e3:~~r<200&&(r=200),s.height=r):"link"===t.message&&(r=new URL(s.getAttribute("src")),n=new URL(t.value),c.test(n.protocol))&&n.host===r.host&&l.activeElement===s&&(d.top.location.href=t.value))}},d.addEventListener("message",d.wp.receiveEmbedMessage,!1),l.addEventListener("DOMContentLoaded",function(){for(var e,t,s=l.querySelectorAll("iframe.wp-embedded-content"),r=0;r<s.length;r++)(t=(e=s[r]).getAttribute("data-secret"))||(t=Math.random().toString(36).substring(2,12),e.src+="#?secret="+t,e.setAttribute("data-secret",t)),e.contentWindow.postMessage({message:"ready",secret:t},"*")},!1)))}(window,document);
//# sourceURL=https://stuttgarti-katolikusok.de/wp-includes/js/wp-embed.min.js
/* ]]> */
</script>

Programelőzetes November 1-jén, kedden, Mindenszentek ünnepe. Ulmban 17.00 órakor, Stuttgartban pedig 18.00 órakor szentmise, majd temetőjárás. * November 3-án, csütörtökön, Ulmban 17.30 órakor szentmise. Előtte gyónási lehetőség, utána Beszélgetések a Bibliáról. * November 4-én, pénteken, 15.30 órakor Stuttgartban Barátságklub. Minden kellemes társaságra vágyó érdeklődő időst szeretettel vár a Tagság! Este 17.55 órakor rózsafüzér-ájtatosság, utána szentmise, majd Imakör. Weingartenben 18.00 órakor szentmise a St.Marien-templomban. Előtte gyóntatás, utána Beszélgetések a Bibliáról. Délután folyamán az időseket és a betegeket keresem fel. * November 5-én, szombaton, 17.00 órakor Balingenben szentmise. Előtte gyóntatás, utána ágápé. * November 6-án, vasárnap, 9.00 órakor Munderkingenben szentmise. Előtte gyóntatás. 9.30 órakor Schwäbisch-Gmündben szentmise. Utána ágápé. 15.00 órakor Stuttgartban szentmise az egyházközségben tisztséget viselő, de már elhunyt híveink lelki üdvéért. Utána a Müncheni Magyar Misszió Kórusa &#8211; Geng Ildikó vezetésével &#8211; jótékonysági koncertet ad Böjte atya árva gyermekei javára. Végül ágápé. Minden helyen mindenkit szeretettel vár a közösség, Imre atya és Tibor atya! „Naponta tanulom, nagyon sokszor szenvedések közepette, hogy a türelem minden.” (Rainer Maria Rilke – 1875-1926 – német költő). Szép napokat, jó munkát, tartalmas beszélgetéseket és kellemes találkozásokat kívánunk minden Kedves Hívünknek!
