{"version":"1.0","provider_name":"Stuttgarti Katolikusok","provider_url":"https:\/\/stuttgarti-katolikusok.de","title":"Programel\u0151zetes okt\u00f3ber 3 \u00e9s 9 k\u00f6z\u00f6tt - Stuttgarti Katolikusok","type":"rich","width":600,"height":338,"html":"<blockquote class=\"wp-embedded-content\" data-secret=\"uGqGwnysAS\"><a href=\"https:\/\/stuttgarti-katolikusok.de\/index.php\/programelozetes-oktober-3-es-9-kozott\/\">Programel\u0151zetes okt\u00f3ber 3 \u00e9s 9 k\u00f6z\u00f6tt<\/a><\/blockquote><iframe sandbox=\"allow-scripts\" security=\"restricted\" src=\"https:\/\/stuttgarti-katolikusok.de\/index.php\/programelozetes-oktober-3-es-9-kozott\/embed\/#?secret=uGqGwnysAS\" width=\"600\" height=\"338\" title=\"&#8220;Programel\u0151zetes okt\u00f3ber 3 \u00e9s 9 k\u00f6z\u00f6tt&#8221; &#8212; Stuttgarti Katolikusok\" data-secret=\"uGqGwnysAS\" frameborder=\"0\" marginwidth=\"0\" marginheight=\"0\" scrolling=\"no\" class=\"wp-embedded-content\"><\/iframe><script type=\"text\/javascript\">\n\/* <![CDATA[ *\/\n\/*! This file is auto-generated *\/\n!function(d,l){\"use strict\";l.querySelector&&d.addEventListener&&\"undefined\"!=typeof URL&&(d.wp=d.wp||{},d.wp.receiveEmbedMessage||(d.wp.receiveEmbedMessage=function(e){var t=e.data;if((t||t.secret||t.message||t.value)&&!\/[^a-zA-Z0-9]\/.test(t.secret)){for(var s,r,n,a=l.querySelectorAll('iframe[data-secret=\"'+t.secret+'\"]'),o=l.querySelectorAll('blockquote[data-secret=\"'+t.secret+'\"]'),c=new RegExp(\"^https?:$\",\"i\"),i=0;i<o.length;i++)o[i].style.display=\"none\";for(i=0;i<a.length;i++)s=a[i],e.source===s.contentWindow&&(s.removeAttribute(\"style\"),\"height\"===t.message?(1e3<(r=parseInt(t.value,10))?r=1e3:~~r<200&&(r=200),s.height=r):\"link\"===t.message&&(r=new URL(s.getAttribute(\"src\")),n=new URL(t.value),c.test(n.protocol))&&n.host===r.host&&l.activeElement===s&&(d.top.location.href=t.value))}},d.addEventListener(\"message\",d.wp.receiveEmbedMessage,!1),l.addEventListener(\"DOMContentLoaded\",function(){for(var e,t,s=l.querySelectorAll(\"iframe.wp-embedded-content\"),r=0;r<s.length;r++)(t=(e=s[r]).getAttribute(\"data-secret\"))||(t=Math.random().toString(36).substring(2,12),e.src+=\"#?secret=\"+t,e.setAttribute(\"data-secret\",t)),e.contentWindow.postMessage({message:\"ready\",secret:t},\"*\")},!1)))}(window,document);\n\/\/# sourceURL=https:\/\/stuttgarti-katolikusok.de\/wp-includes\/js\/wp-embed.min.js\n\/* ]]> *\/\n<\/script>\n","description":"Programel\u0151zetes Okt\u00f3ber 6-\u00e1n, cs\u00fct\u00f6rt\u00f6k\u00f6n Ulmban \u00a017.30 \u00f3rakor okt\u00f3beri \u00e1jtatoss\u00e1g, ut\u00e1na szentmise. Ezt k\u00f6vet\u0151en Besz\u00e9lget\u00e9sek a Bibli\u00e1r\u00f3l. * Okt\u00f3ber 7-\u00e9n, p\u00e9nteken, Stuttgartban 15.30 \u00f3rakor a Bar\u00e1ts\u00e1gklub elmarad. 17.50 \u00f3rakor okt\u00f3beri-\u00e1jtatoss\u00e1g, ut\u00e1na szentmise, keret\u00e9ben P\u00e9nteki Egyetem (Besz\u00e9lget\u00e9sek a katekizmusr\u00f3l). 19.00 \u00f3r\u00e1t\u00f3l Imak\u00f6r. Weingartenben, a St. Marien-templomban 19.00 \u00f3rakor okt\u00f3beri \u00e1jtatoss\u00e1g, ut\u00e1na szentmise. Ezt k\u00f6vet\u0151en Besz\u00e9lget\u00e9sek a Bibli\u00e1r\u00f3l. * Okt\u00f3ber 8-\u00e1n, szombaton 17.00 \u00f3rakor Friedrichshafenben szentmise. Ut\u00e1na \u00e1g\u00e1p\u00e9. * Ugyancsak okt\u00f3ber 8-\u00e1n, szombaton este 19.00 \u00f3rakor Stuttgartban, a Bruder-Klaus templomban Bal\u00e1zs Fec\u00f3 koncert lesz. Aki szeretne r\u00e9szt venni rajta, az r\u00e9szv\u00e9teli sz\u00e1nd\u00e9k\u00e1t vagy a Magyar Kult\u00farint\u00e9zet vagy pedig az Egyh\u00e1zk\u00f6zs\u00e9g\u00fcnk Irod\u00e1j\u00e1n jelentse be. * Okt\u00f3ber 9-\u00e9n, vas\u00e1rnap, Weingartenben 10.00 \u00f3r\u00e1t\u00f3l szentmise, majd \u00e1g\u00e1p\u00e9. Ulmban templomb\u00facs\u00fa: Magyarok Nagyasszonya \u00fcnnepe. 15.00 \u00f3rakor szentmise, azut\u00e1n \u00e1g\u00e1p\u00e9. Tisztelj\u00fck meg az ulmiakat jelenl\u00e9t\u00fcnkkel! K\u00fcl\u00f6n\u00f6sen a k\u00f6zeli egyh\u00e1zk\u00f6zs\u00e9geink (Biberach, Heidenheim, Eislingen \u00e9s Munderkingen) h\u00edveire sz\u00e1m\u00edtunk! * Minden helyen mindenkit szeretettel v\u00e1r a k\u00f6z\u00f6ss\u00e9g, Imre atya \u00e9s Tibor atya \u201eVal\u00f3j\u00e1ban minden sz\u00e9p, amire az ember szeretettel tekint!\u201d \u00a0(Christian Morgenstern \u2013 1871-1914 &#8211; n\u00e9met \u00edr\u00f3 \u00e9s k\u00f6lt\u0151) Sz\u00e9p napokat, j\u00f3 munk\u00e1t, tartalmas besz\u00e9lget\u00e9seket \u00e9s kellemes tal\u00e1lkoz\u00e1sokat!"}

Programelőzetes október 3 és 9 között - Stuttgarti Katolikusok

<blockquote class="wp-embedded-content" data-secret="uGqGwnysAS"><a href="https://stuttgarti-katolikusok.de/index.php/programelozetes-oktober-3-es-9-kozott/">Programelőzetes október 3 és 9 között</a></blockquote><iframe sandbox="allow-scripts" security="restricted" src="https://stuttgarti-katolikusok.de/index.php/programelozetes-oktober-3-es-9-kozott/embed/#?secret=uGqGwnysAS" width="600" height="338" title="&#8220;Programelőzetes október 3 és 9 között&#8221; &#8212; Stuttgarti Katolikusok" data-secret="uGqGwnysAS" frameborder="0" marginwidth="0" marginheight="0" scrolling="no" class="wp-embedded-content"></iframe><script type="text/javascript">
/* <![CDATA[ */
/*! This file is auto-generated */
!function(d,l){"use strict";l.querySelector&&d.addEventListener&&"undefined"!=typeof URL&&(d.wp=d.wp||{},d.wp.receiveEmbedMessage||(d.wp.receiveEmbedMessage=function(e){var t=e.data;if((t||t.secret||t.message||t.value)&&!/[^a-zA-Z0-9]/.test(t.secret)){for(var s,r,n,a=l.querySelectorAll('iframe[data-secret="'+t.secret+'"]'),o=l.querySelectorAll('blockquote[data-secret="'+t.secret+'"]'),c=new RegExp("^https?:$","i"),i=0;i<o.length;i++)o[i].style.display="none";for(i=0;i<a.length;i++)s=a[i],e.source===s.contentWindow&&(s.removeAttribute("style"),"height"===t.message?(1e3<(r=parseInt(t.value,10))?r=1e3:~~r<200&&(r=200),s.height=r):"link"===t.message&&(r=new URL(s.getAttribute("src")),n=new URL(t.value),c.test(n.protocol))&&n.host===r.host&&l.activeElement===s&&(d.top.location.href=t.value))}},d.addEventListener("message",d.wp.receiveEmbedMessage,!1),l.addEventListener("DOMContentLoaded",function(){for(var e,t,s=l.querySelectorAll("iframe.wp-embedded-content"),r=0;r<s.length;r++)(t=(e=s[r]).getAttribute("data-secret"))||(t=Math.random().toString(36).substring(2,12),e.src+="#?secret="+t,e.setAttribute("data-secret",t)),e.contentWindow.postMessage({message:"ready",secret:t},"*")},!1)))}(window,document);
//# sourceURL=https://stuttgarti-katolikusok.de/wp-includes/js/wp-embed.min.js
/* ]]> */
</script>

Programelőzetes Október 6-án, csütörtökön Ulmban  17.30 órakor októberi ájtatosság, utána szentmise. Ezt követően Beszélgetések a Bibliáról. * Október 7-én, pénteken, Stuttgartban 15.30 órakor a Barátságklub elmarad. 17.50 órakor októberi-ájtatosság, utána szentmise, keretében Pénteki Egyetem (Beszélgetések a katekizmusról). 19.00 órától Imakör. Weingartenben, a St. Marien-templomban 19.00 órakor októberi ájtatosság, utána szentmise. Ezt követően Beszélgetések a Bibliáról. * Október 8-án, szombaton 17.00 órakor Friedrichshafenben szentmise. Utána ágápé. * Ugyancsak október 8-án, szombaton este 19.00 órakor Stuttgartban, a Bruder-Klaus templomban Balázs Fecó koncert lesz. Aki szeretne részt venni rajta, az részvételi szándékát vagy a Magyar Kultúrintézet vagy pedig az Egyházközségünk Irodáján jelentse be. * Október 9-én, vasárnap, Weingartenben 10.00 órától szentmise, majd ágápé. Ulmban templombúcsú: Magyarok Nagyasszonya ünnepe. 15.00 órakor szentmise, azután ágápé. Tiszteljük meg az ulmiakat jelenlétünkkel! Különösen a közeli egyházközségeink (Biberach, Heidenheim, Eislingen és Munderkingen) híveire számítunk! * Minden helyen mindenkit szeretettel vár a közösség, Imre atya és Tibor atya „Valójában minden szép, amire az ember szeretettel tekint!”  (Christian Morgenstern – 1871-1914 &#8211; német író és költő) Szép napokat, jó munkát, tartalmas beszélgetéseket és kellemes találkozásokat!
