{"version":"1.0","provider_name":"Stuttgarti Katolikusok","provider_url":"https:\/\/stuttgarti-katolikusok.de","title":"Programel\u0151zetes okt\u00f3ber 29 \u00e9s november 4 k\u00f6z\u00f6tt - Stuttgarti Katolikusok","type":"rich","width":600,"height":338,"html":"<blockquote class=\"wp-embedded-content\" data-secret=\"TXPpZIDmMI\"><a href=\"https:\/\/stuttgarti-katolikusok.de\/index.php\/programelozetes-oktober-29-es-november-4-kozott\/\">Programel\u0151zetes okt\u00f3ber 29 \u00e9s november 4 k\u00f6z\u00f6tt<\/a><\/blockquote><iframe sandbox=\"allow-scripts\" security=\"restricted\" src=\"https:\/\/stuttgarti-katolikusok.de\/index.php\/programelozetes-oktober-29-es-november-4-kozott\/embed\/#?secret=TXPpZIDmMI\" width=\"600\" height=\"338\" title=\"&#8220;Programel\u0151zetes okt\u00f3ber 29 \u00e9s november 4 k\u00f6z\u00f6tt&#8221; &#8212; Stuttgarti Katolikusok\" data-secret=\"TXPpZIDmMI\" frameborder=\"0\" marginwidth=\"0\" marginheight=\"0\" scrolling=\"no\" class=\"wp-embedded-content\"><\/iframe><script type=\"text\/javascript\">\n\/* <![CDATA[ *\/\n\/*! This file is auto-generated *\/\n!function(d,l){\"use strict\";l.querySelector&&d.addEventListener&&\"undefined\"!=typeof URL&&(d.wp=d.wp||{},d.wp.receiveEmbedMessage||(d.wp.receiveEmbedMessage=function(e){var t=e.data;if((t||t.secret||t.message||t.value)&&!\/[^a-zA-Z0-9]\/.test(t.secret)){for(var s,r,n,a=l.querySelectorAll('iframe[data-secret=\"'+t.secret+'\"]'),o=l.querySelectorAll('blockquote[data-secret=\"'+t.secret+'\"]'),c=new RegExp(\"^https?:$\",\"i\"),i=0;i<o.length;i++)o[i].style.display=\"none\";for(i=0;i<a.length;i++)s=a[i],e.source===s.contentWindow&&(s.removeAttribute(\"style\"),\"height\"===t.message?(1e3<(r=parseInt(t.value,10))?r=1e3:~~r<200&&(r=200),s.height=r):\"link\"===t.message&&(r=new URL(s.getAttribute(\"src\")),n=new URL(t.value),c.test(n.protocol))&&n.host===r.host&&l.activeElement===s&&(d.top.location.href=t.value))}},d.addEventListener(\"message\",d.wp.receiveEmbedMessage,!1),l.addEventListener(\"DOMContentLoaded\",function(){for(var e,t,s=l.querySelectorAll(\"iframe.wp-embedded-content\"),r=0;r<s.length;r++)(t=(e=s[r]).getAttribute(\"data-secret\"))||(t=Math.random().toString(36).substring(2,12),e.src+=\"#?secret=\"+t,e.setAttribute(\"data-secret\",t)),e.contentWindow.postMessage({message:\"ready\",secret:t},\"*\")},!1)))}(window,document);\n\/\/# sourceURL=https:\/\/stuttgarti-katolikusok.de\/wp-includes\/js\/wp-embed.min.js\n\/* ]]> *\/\n<\/script>\n","description":"Programel\u0151zetes &nbsp; Okt\u00f3ber 31-\u00e9n, \u00a0szerd\u00e1n, Stuttgartban 10.15 \u00f3rakor n\u00e9metnyelv\u0171 szentmise. * November 1-j\u00e9n, cs\u00fct\u00f6rt\u00f6k\u00f6n, Mindenszentek \u00fcnnep\u00e9n, Weingartenben 10.00 \u00f3r\u00e1t\u00f3l szentmise, ut\u00e1na ima a halottak\u00e9rt a Marien Kirche melletti temet\u0151ben. Ulmban 17.30 \u00f3r\u00e1t\u00f3l szentmise, ut\u00e1na halottakr\u00f3l val\u00f3 megeml\u00e9kez\u00e9s\u00a0a Georgs Kirche melletti v\u00e1rosi k\u00f6ztemet\u0151ben. Stuttgartban 18.00 \u00f3rakor szentmise, majd temet\u0151j\u00e1r\u00e1s, v\u00e9g\u00fcl \u00e1g\u00e1p\u00e9. * November 2-\u00e1n, p\u00e9nteken, Halottak Napj\u00e1n, Stuttgartban, 16.00 \u00f3rakor a Bar\u00e1ts\u00e1gklub. 17.50 \u00f3rakor r\u00f3zsaf\u00fcz\u00e9r-\u00e1jtatoss\u00e1g. 18.00 \u00f3rakor szentmise. Ut\u00e1na Imak\u00f6r. Keret\u00e9ben szents\u00e9gim\u00e1d\u00e1s. * November \u00a03-\u00e1n, szombaton, Balingenben, 17.00 \u00f3rakor szentmise. Ut\u00e1na \u00e1g\u00e1p\u00e9. * November 4-\u00e9n, \u00e9vk\u00f6zi 31. vas\u00e1rnapon, Munderkingenben 9.00 \u00f3rakor szentmise. Ut\u00e1na halottakr\u00f3l val\u00f3 megeml\u00e9kez\u00e9s a temet\u0151ben. Schw\u00e4bisch-Gm\u00fcndben 9.30 \u00f3rakor szentmise. Ut\u00e1na \u00e1g\u00e1p\u00e9. Stuttgartban 15.00 \u00f3rakor szentmise. Ut\u00e1na Dr. Kubassek J\u00e1nos el\u0151ad\u00e1sa Az 1956-os forradalom emigr\u00e1ns magyar tud\u00f3sai \u00f6t vil\u00e1gr\u00e9szen, a sarkk\u00f6rt\u0151l az egyenl\u00edt\u0151ig c\u00edmmel. Majd \u00e1g\u00e1p\u00e9. Tuttlingenben 15.00 \u00f3rakor szentmise, ut\u00e1na \u00e1g\u00e1p\u00e9. * Minden helyen mindenkit szeretettel v\u00e1r a k\u00f6z\u00f6ss\u00e9g, Imre atya \u00e9s Tibor atya! &nbsp; \u201eA szentek: fel\u00fclr\u0151l adott v\u00e1laszok az alulr\u00f3l j\u00f6v\u0151 k\u00e9rd\u00e9sekre.\u201d (Hans Urs von Balthasar \u2013 1905-1988 \u2013 sv\u00e1jci teol\u00f3gus.) Sz\u00e9p novemberi napokat, j\u00f3 munk\u00e1t, tartalmas besz\u00e9lget\u00e9seket \u00e9s \u00f6r\u00f6mteli tal\u00e1lkoz\u00e1sokat k\u00edv\u00e1nunk minden Kedves H\u00edv\u00fcnknek!"}

Programelőzetes október 29 és november 4 között - Stuttgarti Katolikusok

<blockquote class="wp-embedded-content" data-secret="TXPpZIDmMI"><a href="https://stuttgarti-katolikusok.de/index.php/programelozetes-oktober-29-es-november-4-kozott/">Programelőzetes október 29 és november 4 között</a></blockquote><iframe sandbox="allow-scripts" security="restricted" src="https://stuttgarti-katolikusok.de/index.php/programelozetes-oktober-29-es-november-4-kozott/embed/#?secret=TXPpZIDmMI" width="600" height="338" title="&#8220;Programelőzetes október 29 és november 4 között&#8221; &#8212; Stuttgarti Katolikusok" data-secret="TXPpZIDmMI" frameborder="0" marginwidth="0" marginheight="0" scrolling="no" class="wp-embedded-content"></iframe><script type="text/javascript">
/* <![CDATA[ */
/*! This file is auto-generated */
!function(d,l){"use strict";l.querySelector&&d.addEventListener&&"undefined"!=typeof URL&&(d.wp=d.wp||{},d.wp.receiveEmbedMessage||(d.wp.receiveEmbedMessage=function(e){var t=e.data;if((t||t.secret||t.message||t.value)&&!/[^a-zA-Z0-9]/.test(t.secret)){for(var s,r,n,a=l.querySelectorAll('iframe[data-secret="'+t.secret+'"]'),o=l.querySelectorAll('blockquote[data-secret="'+t.secret+'"]'),c=new RegExp("^https?:$","i"),i=0;i<o.length;i++)o[i].style.display="none";for(i=0;i<a.length;i++)s=a[i],e.source===s.contentWindow&&(s.removeAttribute("style"),"height"===t.message?(1e3<(r=parseInt(t.value,10))?r=1e3:~~r<200&&(r=200),s.height=r):"link"===t.message&&(r=new URL(s.getAttribute("src")),n=new URL(t.value),c.test(n.protocol))&&n.host===r.host&&l.activeElement===s&&(d.top.location.href=t.value))}},d.addEventListener("message",d.wp.receiveEmbedMessage,!1),l.addEventListener("DOMContentLoaded",function(){for(var e,t,s=l.querySelectorAll("iframe.wp-embedded-content"),r=0;r<s.length;r++)(t=(e=s[r]).getAttribute("data-secret"))||(t=Math.random().toString(36).substring(2,12),e.src+="#?secret="+t,e.setAttribute("data-secret",t)),e.contentWindow.postMessage({message:"ready",secret:t},"*")},!1)))}(window,document);
//# sourceURL=https://stuttgarti-katolikusok.de/wp-includes/js/wp-embed.min.js
/* ]]> */
</script>

Programelőzetes &nbsp; Október 31-én,  szerdán, Stuttgartban 10.15 órakor németnyelvű szentmise. * November 1-jén, csütörtökön, Mindenszentek ünnepén, Weingartenben 10.00 órától szentmise, utána ima a halottakért a Marien Kirche melletti temetőben. Ulmban 17.30 órától szentmise, utána halottakról való megemlékezés a Georgs Kirche melletti városi köztemetőben. Stuttgartban 18.00 órakor szentmise, majd temetőjárás, végül ágápé. * November 2-án, pénteken, Halottak Napján, Stuttgartban, 16.00 órakor a Barátságklub. 17.50 órakor rózsafüzér-ájtatosság. 18.00 órakor szentmise. Utána Imakör. Keretében szentségimádás. * November  3-án, szombaton, Balingenben, 17.00 órakor szentmise. Utána ágápé. * November 4-én, évközi 31. vasárnapon, Munderkingenben 9.00 órakor szentmise. Utána halottakról való megemlékezés a temetőben. Schwäbisch-Gmündben 9.30 órakor szentmise. Utána ágápé. Stuttgartban 15.00 órakor szentmise. Utána Dr. Kubassek János előadása Az 1956-os forradalom emigráns magyar tudósai öt világrészen, a sarkkörtől az egyenlítőig címmel. Majd ágápé. Tuttlingenben 15.00 órakor szentmise, utána ágápé. * Minden helyen mindenkit szeretettel vár a közösség, Imre atya és Tibor atya! &nbsp; „A szentek: felülről adott válaszok az alulról jövő kérdésekre.” (Hans Urs von Balthasar – 1905-1988 – svájci teológus.) Szép novemberi napokat, jó munkát, tartalmas beszélgetéseket és örömteli találkozásokat kívánunk minden Kedves Hívünknek!
