{"version":"1.0","provider_name":"Stuttgarti Katolikusok","provider_url":"https:\/\/stuttgarti-katolikusok.de","title":"Programel\u0151zetes okt\u00f3ber 22 \u00e9s 28 k\u00f6z\u00f6tt - Stuttgarti Katolikusok","type":"rich","width":600,"height":338,"html":"<blockquote class=\"wp-embedded-content\" data-secret=\"wBwXXuDkvQ\"><a href=\"https:\/\/stuttgarti-katolikusok.de\/index.php\/programelozetes-oktober-22-es-28-kozott\/\">Programel\u0151zetes okt\u00f3ber 22 \u00e9s 28 k\u00f6z\u00f6tt<\/a><\/blockquote><iframe sandbox=\"allow-scripts\" security=\"restricted\" src=\"https:\/\/stuttgarti-katolikusok.de\/index.php\/programelozetes-oktober-22-es-28-kozott\/embed\/#?secret=wBwXXuDkvQ\" width=\"600\" height=\"338\" title=\"&#8220;Programel\u0151zetes okt\u00f3ber 22 \u00e9s 28 k\u00f6z\u00f6tt&#8221; &#8212; Stuttgarti Katolikusok\" data-secret=\"wBwXXuDkvQ\" frameborder=\"0\" marginwidth=\"0\" marginheight=\"0\" scrolling=\"no\" class=\"wp-embedded-content\"><\/iframe><script type=\"text\/javascript\">\n\/* <![CDATA[ *\/\n\/*! This file is auto-generated *\/\n!function(d,l){\"use strict\";l.querySelector&&d.addEventListener&&\"undefined\"!=typeof URL&&(d.wp=d.wp||{},d.wp.receiveEmbedMessage||(d.wp.receiveEmbedMessage=function(e){var t=e.data;if((t||t.secret||t.message||t.value)&&!\/[^a-zA-Z0-9]\/.test(t.secret)){for(var s,r,n,a=l.querySelectorAll('iframe[data-secret=\"'+t.secret+'\"]'),o=l.querySelectorAll('blockquote[data-secret=\"'+t.secret+'\"]'),c=new RegExp(\"^https?:$\",\"i\"),i=0;i<o.length;i++)o[i].style.display=\"none\";for(i=0;i<a.length;i++)s=a[i],e.source===s.contentWindow&&(s.removeAttribute(\"style\"),\"height\"===t.message?(1e3<(r=parseInt(t.value,10))?r=1e3:~~r<200&&(r=200),s.height=r):\"link\"===t.message&&(r=new URL(s.getAttribute(\"src\")),n=new URL(t.value),c.test(n.protocol))&&n.host===r.host&&l.activeElement===s&&(d.top.location.href=t.value))}},d.addEventListener(\"message\",d.wp.receiveEmbedMessage,!1),l.addEventListener(\"DOMContentLoaded\",function(){for(var e,t,s=l.querySelectorAll(\"iframe.wp-embedded-content\"),r=0;r<s.length;r++)(t=(e=s[r]).getAttribute(\"data-secret\"))||(t=Math.random().toString(36).substring(2,12),e.src+=\"#?secret=\"+t,e.setAttribute(\"data-secret\",t)),e.contentWindow.postMessage({message:\"ready\",secret:t},\"*\")},!1)))}(window,document);\n\/\/# sourceURL=https:\/\/stuttgarti-katolikusok.de\/wp-includes\/js\/wp-embed.min.js\n\/* ]]> *\/\n<\/script>\n","thumbnail_url":"https:\/\/stuttgarti-katolikusok.de\/wp-content\/uploads\/2018\/10\/vargacsaba.jpg","thumbnail_width":710,"thumbnail_height":408,"description":"Programel\u0151zetes Okt\u00f3ber 24-\u00e9n, szerd\u00e1n, Stuttgartban 10.15 \u00f3rakor n\u00e9met nyelv\u0171 szentmise. * Okt\u00f3ber 25-\u00e9n, cs\u00fct\u00f6rt\u00f6k\u00f6n, Ulmban17.30 \u00f3r\u00e1t\u00f3l okt\u00f3beri \u00a0\u00e1jtatoss\u00e1g, ut\u00e1na szentmise. * Okt\u00f3ber 26-\u00e1n, p\u00e9nteken, Stuttgartban 16.00 \u00f3rakor Bar\u00e1ts\u00e1gklub. 17.50 \u00f3rakor okt\u00f3beri \u00e1jtatoss\u00e1g, majd szentmise. Keret\u00e9ben P\u00e9nteki Egyetem (Besz\u00e9lget\u00e9sek a Katekizmusr\u00f3l). 19.00 \u00f3rakor Sportklub. Weingarteni d\u00e9lut\u00e1n a 14 Nothelfer Kapelle-ben (!) 18.00-kor okt\u00f3beri \u00e1jtatoss\u00e1g. 18.30 \u00f3rakor pedig szentmise. * Okt\u00f3ber 27-\u00e9n, szombaton, Heidenheimban 15.30 \u00f3rakor szentmise. Ut\u00e1na \u00e1g\u00e1p\u00e9. Reutlingenben 16.30 \u00f3rakor szentmise. Ut\u00e1na \u00e1g\u00e1p\u00e9. * Okt\u00f3ber \u00a028-\u00e1n, \u00e9vk\u00f6zi 30. vas\u00e1rnapon, Biberachban 8.45 \u00f3rakor szentmise. Ut\u00e1na \u00e1g\u00e1p\u00e9. B\u00f6blingenben 9.30 \u00f3rakor szentmise. Ut\u00e1na \u00e1g\u00e1p\u00e9. \u00a0\u00a0\u00a0\u00a0 Ulmban 12.00 \u00f3rakor szentmise. Eislingenben 15.00 \u00f3rakor a szentmise. Ut\u00e1na \u00e1g\u00e1p\u00e9. Heilbronnban 15.30 \u00f3rakor szentmise. Ut\u00e1na \u00e1g\u00e1p\u00e9. * Minden helyen mindenkit szeretettel v\u00e1r a k\u00f6z\u00f6ss\u00e9g, Imre atya \u00e9s Tibor atya! \u00a0\u201eAz emberek nagy t\u00e1vols\u00e1gokat megtesznek, hogy megcsod\u00e1lj\u00e1k a hegycs\u00facsokat. \u00d6nmaguk mellett azonban figyelmetlen\u00fcl elhaladnak&#8230;\u201d (Szent \u00c1goston \u2013 354-430 \u2013 egyh\u00e1zatya) Sz\u00e9p \u0151szi napokat, j\u00f3 munk\u00e1t, tartalmas besz\u00e9lget\u00e9seket \u00e9s \u00f6r\u00f6mteli tal\u00e1lkoz\u00e1sokat k\u00edv\u00e1nunk minden Kedves H\u00edv\u00fcnknek!"}

Programelőzetes október 22 és 28 között - Stuttgarti Katolikusok

<blockquote class="wp-embedded-content" data-secret="wBwXXuDkvQ"><a href="https://stuttgarti-katolikusok.de/index.php/programelozetes-oktober-22-es-28-kozott/">Programelőzetes október 22 és 28 között</a></blockquote><iframe sandbox="allow-scripts" security="restricted" src="https://stuttgarti-katolikusok.de/index.php/programelozetes-oktober-22-es-28-kozott/embed/#?secret=wBwXXuDkvQ" width="600" height="338" title="&#8220;Programelőzetes október 22 és 28 között&#8221; &#8212; Stuttgarti Katolikusok" data-secret="wBwXXuDkvQ" frameborder="0" marginwidth="0" marginheight="0" scrolling="no" class="wp-embedded-content"></iframe><script type="text/javascript">
/* <![CDATA[ */
/*! This file is auto-generated */
!function(d,l){"use strict";l.querySelector&&d.addEventListener&&"undefined"!=typeof URL&&(d.wp=d.wp||{},d.wp.receiveEmbedMessage||(d.wp.receiveEmbedMessage=function(e){var t=e.data;if((t||t.secret||t.message||t.value)&&!/[^a-zA-Z0-9]/.test(t.secret)){for(var s,r,n,a=l.querySelectorAll('iframe[data-secret="'+t.secret+'"]'),o=l.querySelectorAll('blockquote[data-secret="'+t.secret+'"]'),c=new RegExp("^https?:$","i"),i=0;i<o.length;i++)o[i].style.display="none";for(i=0;i<a.length;i++)s=a[i],e.source===s.contentWindow&&(s.removeAttribute("style"),"height"===t.message?(1e3<(r=parseInt(t.value,10))?r=1e3:~~r<200&&(r=200),s.height=r):"link"===t.message&&(r=new URL(s.getAttribute("src")),n=new URL(t.value),c.test(n.protocol))&&n.host===r.host&&l.activeElement===s&&(d.top.location.href=t.value))}},d.addEventListener("message",d.wp.receiveEmbedMessage,!1),l.addEventListener("DOMContentLoaded",function(){for(var e,t,s=l.querySelectorAll("iframe.wp-embedded-content"),r=0;r<s.length;r++)(t=(e=s[r]).getAttribute("data-secret"))||(t=Math.random().toString(36).substring(2,12),e.src+="#?secret="+t,e.setAttribute("data-secret",t)),e.contentWindow.postMessage({message:"ready",secret:t},"*")},!1)))}(window,document);
//# sourceURL=https://stuttgarti-katolikusok.de/wp-includes/js/wp-embed.min.js
/* ]]> */
</script>

Programelőzetes Október 24-én, szerdán, Stuttgartban 10.15 órakor német nyelvű szentmise. * Október 25-én, csütörtökön, Ulmban17.30 órától októberi  ájtatosság, utána szentmise. * Október 26-án, pénteken, Stuttgartban 16.00 órakor Barátságklub. 17.50 órakor októberi ájtatosság, majd szentmise. Keretében Pénteki Egyetem (Beszélgetések a Katekizmusról). 19.00 órakor Sportklub. Weingarteni délután a 14 Nothelfer Kapelle-ben (!) 18.00-kor októberi ájtatosság. 18.30 órakor pedig szentmise. * Október 27-én, szombaton, Heidenheimban 15.30 órakor szentmise. Utána ágápé. Reutlingenben 16.30 órakor szentmise. Utána ágápé. * Október  28-án, évközi 30. vasárnapon, Biberachban 8.45 órakor szentmise. Utána ágápé. Böblingenben 9.30 órakor szentmise. Utána ágápé.      Ulmban 12.00 órakor szentmise. Eislingenben 15.00 órakor a szentmise. Utána ágápé. Heilbronnban 15.30 órakor szentmise. Utána ágápé. * Minden helyen mindenkit szeretettel vár a közösség, Imre atya és Tibor atya!  „Az emberek nagy távolságokat megtesznek, hogy megcsodálják a hegycsúcsokat. Önmaguk mellett azonban figyelmetlenül elhaladnak&#8230;” (Szent Ágoston – 354-430 – egyházatya) Szép őszi napokat, jó munkát, tartalmas beszélgetéseket és örömteli találkozásokat kívánunk minden Kedves Hívünknek!
