{"version":"1.0","provider_name":"Stuttgarti Katolikusok","provider_url":"https:\/\/stuttgarti-katolikusok.de","title":"Programel\u0151zetes okt\u00f3ber 16 \u00e9s 29 k\u00f6z\u00f6tt - Stuttgarti Katolikusok","type":"rich","width":600,"height":338,"html":"<blockquote class=\"wp-embedded-content\" data-secret=\"RO9kyrukJ7\"><a href=\"https:\/\/stuttgarti-katolikusok.de\/index.php\/programelozetes-oktober-16-es-29-kozott\/\">Programel\u0151zetes okt\u00f3ber 16 \u00e9s 29 k\u00f6z\u00f6tt<\/a><\/blockquote><iframe sandbox=\"allow-scripts\" security=\"restricted\" src=\"https:\/\/stuttgarti-katolikusok.de\/index.php\/programelozetes-oktober-16-es-29-kozott\/embed\/#?secret=RO9kyrukJ7\" width=\"600\" height=\"338\" title=\"&#8220;Programel\u0151zetes okt\u00f3ber 16 \u00e9s 29 k\u00f6z\u00f6tt&#8221; &#8212; Stuttgarti Katolikusok\" data-secret=\"RO9kyrukJ7\" frameborder=\"0\" marginwidth=\"0\" marginheight=\"0\" scrolling=\"no\" class=\"wp-embedded-content\"><\/iframe><script type=\"text\/javascript\">\n\/* <![CDATA[ *\/\n\/*! This file is auto-generated *\/\n!function(d,l){\"use strict\";l.querySelector&&d.addEventListener&&\"undefined\"!=typeof URL&&(d.wp=d.wp||{},d.wp.receiveEmbedMessage||(d.wp.receiveEmbedMessage=function(e){var t=e.data;if((t||t.secret||t.message||t.value)&&!\/[^a-zA-Z0-9]\/.test(t.secret)){for(var s,r,n,a=l.querySelectorAll('iframe[data-secret=\"'+t.secret+'\"]'),o=l.querySelectorAll('blockquote[data-secret=\"'+t.secret+'\"]'),c=new RegExp(\"^https?:$\",\"i\"),i=0;i<o.length;i++)o[i].style.display=\"none\";for(i=0;i<a.length;i++)s=a[i],e.source===s.contentWindow&&(s.removeAttribute(\"style\"),\"height\"===t.message?(1e3<(r=parseInt(t.value,10))?r=1e3:~~r<200&&(r=200),s.height=r):\"link\"===t.message&&(r=new URL(s.getAttribute(\"src\")),n=new URL(t.value),c.test(n.protocol))&&n.host===r.host&&l.activeElement===s&&(d.top.location.href=t.value))}},d.addEventListener(\"message\",d.wp.receiveEmbedMessage,!1),l.addEventListener(\"DOMContentLoaded\",function(){for(var e,t,s=l.querySelectorAll(\"iframe.wp-embedded-content\"),r=0;r<s.length;r++)(t=(e=s[r]).getAttribute(\"data-secret\"))||(t=Math.random().toString(36).substring(2,12),e.src+=\"#?secret=\"+t,e.setAttribute(\"data-secret\",t)),e.contentWindow.postMessage({message:\"ready\",secret:t},\"*\")},!1)))}(window,document);\n\/\/# sourceURL=https:\/\/stuttgarti-katolikusok.de\/wp-includes\/js\/wp-embed.min.js\n\/* ]]> *\/\n<\/script>\n","description":"Programel\u0151zetes Okt\u00f3ber 20-\u00e1n, p\u00e9nteken, Stuttgartban 16.00 \u00f3rakor Bar\u00e1ts\u00e1gklub. 17.50 \u00f3rakor okt\u00f3beri \u00e1jtatoss\u00e1g. Ut\u00e1na szentmise, keret\u00e9ben P\u00e9nteki Egyetem (Besz\u00e9lget\u00e9sek a Katekizmusr\u00f3l). Majd Bibliak\u00f6r. * Okt\u00f3ber 21-\u00e9n, szombaton, Heidenheimban 15.30 \u00f3rakor szentmise. Ut\u00e1na \u00e1g\u00e1p\u00e9. Reutlingenben a szentmise ez\u00fattal ELMARAD! * Okt\u00f3ber 22-\u00e9n, vas\u00e1rnap, Biberachban\u00a0 8.45 \u00f3rakor szentmise. Ut\u00e1na \u00e1g\u00e1p\u00e9. B\u00f6blingenben 9.30 \u00f3rakor szentmise. Ut\u00e1na \u00e1g\u00e1p\u00e9. \u00a0\u00a0\u00a0 Ulmban 12.00 \u00f3rakor szentmise. Eislingenben 15.00 \u00f3rakor szentmise. Ut\u00e1na \u00e1g\u00e1p\u00e9. Heilbronnban 15.30 \u00f3rakor szentmise. Ut\u00e1na \u00e1g\u00e1p\u00e9. * Okt\u00f3ber 27-\u00e9n, p\u00e9nteken, Stuttgartban 16.00 \u00f3rakor Bar\u00e1ts\u00e1gklub. 17.50 \u00f3rakor okt\u00f3beri \u00e1jtatoss\u00e1g. Ut\u00e1na szentmise, keret\u00e9ben P\u00e9nteki Egyetem (Besz\u00e9lget\u00e9sek a Katekizmusr\u00f3l). Majd K\u00f3rus \u00e9s Sportklub. * Okt\u00f3ber 29-\u00e9n, vas\u00e1rnap, Aachenben 14.00 \u00f3rakor szentmise a magyar k\u00e1polna fenn\u00e1ll\u00e1s\u00e1nak 650. \u00e9vfordul\u00f3ja alkalm\u00e1b\u00f3l. Ut\u00e1na el\u0151ad\u00e1s \u00e9s a h\u00edres kincst\u00e1r megtekint\u00e9se. Stuttgartb\u00f3l zar\u00e1ndokbusz indul reggel 7.00 \u00f3rakor. Tuttlingenben 15.00 \u00f3rakor szentmise. Ut\u00e1na \u00e1g\u00e1p\u00e9. \u00a0 * Minden helyen mindenkit szeretettel v\u00e1r a k\u00f6z\u00f6ss\u00e9g, Imre atya \u00e9s Tibor atya! \u00a0\u201eAz \u00e9rtelem figyelmeztet arra, hogy mit kell elker\u00fcln\u00fcnk, de a sz\u00edv mondja meg azt, hogy mit kell cselekedn\u00fcnk.\u201d (Joseph Joubert \u2013 1754-1824 \u2013 francia \u00edr\u00f3) Sz\u00e9p \u0151szi napokat, j\u00f3 munk\u00e1t, tartalmas besz\u00e9lget\u00e9seket \u00e9s \u00f6r\u00f6mteli tal\u00e1lkoz\u00e1sokat k\u00edv\u00e1nunk minden Kedves H\u00edv\u00fcnknek! \u00a0 &nbsp;"}

Programelőzetes október 16 és 29 között - Stuttgarti Katolikusok

<blockquote class="wp-embedded-content" data-secret="RO9kyrukJ7"><a href="https://stuttgarti-katolikusok.de/index.php/programelozetes-oktober-16-es-29-kozott/">Programelőzetes október 16 és 29 között</a></blockquote><iframe sandbox="allow-scripts" security="restricted" src="https://stuttgarti-katolikusok.de/index.php/programelozetes-oktober-16-es-29-kozott/embed/#?secret=RO9kyrukJ7" width="600" height="338" title="&#8220;Programelőzetes október 16 és 29 között&#8221; &#8212; Stuttgarti Katolikusok" data-secret="RO9kyrukJ7" frameborder="0" marginwidth="0" marginheight="0" scrolling="no" class="wp-embedded-content"></iframe><script type="text/javascript">
/* <![CDATA[ */
/*! This file is auto-generated */
!function(d,l){"use strict";l.querySelector&&d.addEventListener&&"undefined"!=typeof URL&&(d.wp=d.wp||{},d.wp.receiveEmbedMessage||(d.wp.receiveEmbedMessage=function(e){var t=e.data;if((t||t.secret||t.message||t.value)&&!/[^a-zA-Z0-9]/.test(t.secret)){for(var s,r,n,a=l.querySelectorAll('iframe[data-secret="'+t.secret+'"]'),o=l.querySelectorAll('blockquote[data-secret="'+t.secret+'"]'),c=new RegExp("^https?:$","i"),i=0;i<o.length;i++)o[i].style.display="none";for(i=0;i<a.length;i++)s=a[i],e.source===s.contentWindow&&(s.removeAttribute("style"),"height"===t.message?(1e3<(r=parseInt(t.value,10))?r=1e3:~~r<200&&(r=200),s.height=r):"link"===t.message&&(r=new URL(s.getAttribute("src")),n=new URL(t.value),c.test(n.protocol))&&n.host===r.host&&l.activeElement===s&&(d.top.location.href=t.value))}},d.addEventListener("message",d.wp.receiveEmbedMessage,!1),l.addEventListener("DOMContentLoaded",function(){for(var e,t,s=l.querySelectorAll("iframe.wp-embedded-content"),r=0;r<s.length;r++)(t=(e=s[r]).getAttribute("data-secret"))||(t=Math.random().toString(36).substring(2,12),e.src+="#?secret="+t,e.setAttribute("data-secret",t)),e.contentWindow.postMessage({message:"ready",secret:t},"*")},!1)))}(window,document);
//# sourceURL=https://stuttgarti-katolikusok.de/wp-includes/js/wp-embed.min.js
/* ]]> */
</script>

Programelőzetes Október 20-án, pénteken, Stuttgartban 16.00 órakor Barátságklub. 17.50 órakor októberi ájtatosság. Utána szentmise, keretében Pénteki Egyetem (Beszélgetések a Katekizmusról). Majd Bibliakör. * Október 21-én, szombaton, Heidenheimban 15.30 órakor szentmise. Utána ágápé. Reutlingenben a szentmise ezúttal ELMARAD! * Október 22-én, vasárnap, Biberachban  8.45 órakor szentmise. Utána ágápé. Böblingenben 9.30 órakor szentmise. Utána ágápé.     Ulmban 12.00 órakor szentmise. Eislingenben 15.00 órakor szentmise. Utána ágápé. Heilbronnban 15.30 órakor szentmise. Utána ágápé. * Október 27-én, pénteken, Stuttgartban 16.00 órakor Barátságklub. 17.50 órakor októberi ájtatosság. Utána szentmise, keretében Pénteki Egyetem (Beszélgetések a Katekizmusról). Majd Kórus és Sportklub. * Október 29-én, vasárnap, Aachenben 14.00 órakor szentmise a magyar kápolna fennállásának 650. évfordulója alkalmából. Utána előadás és a híres kincstár megtekintése. Stuttgartból zarándokbusz indul reggel 7.00 órakor. Tuttlingenben 15.00 órakor szentmise. Utána ágápé.   * Minden helyen mindenkit szeretettel vár a közösség, Imre atya és Tibor atya!  „Az értelem figyelmeztet arra, hogy mit kell elkerülnünk, de a szív mondja meg azt, hogy mit kell cselekednünk.” (Joseph Joubert – 1754-1824 – francia író) Szép őszi napokat, jó munkát, tartalmas beszélgetéseket és örömteli találkozásokat kívánunk minden Kedves Hívünknek!   &nbsp;
