{"version":"1.0","provider_name":"Stuttgarti Katolikusok","provider_url":"https:\/\/stuttgarti-katolikusok.de","title":"Programel\u0151zetes okt\u00f3ber 15 \u00e9s 21 k\u00f6z\u00f6tt - Stuttgarti Katolikusok","type":"rich","width":600,"height":338,"html":"<blockquote class=\"wp-embedded-content\" data-secret=\"uBTWxd6Wgu\"><a href=\"https:\/\/stuttgarti-katolikusok.de\/index.php\/programelozetes-oktober-15-es-21-kozott\/\">Programel\u0151zetes okt\u00f3ber 15 \u00e9s 21 k\u00f6z\u00f6tt<\/a><\/blockquote><iframe sandbox=\"allow-scripts\" security=\"restricted\" src=\"https:\/\/stuttgarti-katolikusok.de\/index.php\/programelozetes-oktober-15-es-21-kozott\/embed\/#?secret=uBTWxd6Wgu\" width=\"600\" height=\"338\" title=\"&#8220;Programel\u0151zetes okt\u00f3ber 15 \u00e9s 21 k\u00f6z\u00f6tt&#8221; &#8212; Stuttgarti Katolikusok\" data-secret=\"uBTWxd6Wgu\" frameborder=\"0\" marginwidth=\"0\" marginheight=\"0\" scrolling=\"no\" class=\"wp-embedded-content\"><\/iframe><script type=\"text\/javascript\">\n\/* <![CDATA[ *\/\n\/*! This file is auto-generated *\/\n!function(d,l){\"use strict\";l.querySelector&&d.addEventListener&&\"undefined\"!=typeof URL&&(d.wp=d.wp||{},d.wp.receiveEmbedMessage||(d.wp.receiveEmbedMessage=function(e){var t=e.data;if((t||t.secret||t.message||t.value)&&!\/[^a-zA-Z0-9]\/.test(t.secret)){for(var s,r,n,a=l.querySelectorAll('iframe[data-secret=\"'+t.secret+'\"]'),o=l.querySelectorAll('blockquote[data-secret=\"'+t.secret+'\"]'),c=new RegExp(\"^https?:$\",\"i\"),i=0;i<o.length;i++)o[i].style.display=\"none\";for(i=0;i<a.length;i++)s=a[i],e.source===s.contentWindow&&(s.removeAttribute(\"style\"),\"height\"===t.message?(1e3<(r=parseInt(t.value,10))?r=1e3:~~r<200&&(r=200),s.height=r):\"link\"===t.message&&(r=new URL(s.getAttribute(\"src\")),n=new URL(t.value),c.test(n.protocol))&&n.host===r.host&&l.activeElement===s&&(d.top.location.href=t.value))}},d.addEventListener(\"message\",d.wp.receiveEmbedMessage,!1),l.addEventListener(\"DOMContentLoaded\",function(){for(var e,t,s=l.querySelectorAll(\"iframe.wp-embedded-content\"),r=0;r<s.length;r++)(t=(e=s[r]).getAttribute(\"data-secret\"))||(t=Math.random().toString(36).substring(2,12),e.src+=\"#?secret=\"+t,e.setAttribute(\"data-secret\",t)),e.contentWindow.postMessage({message:\"ready\",secret:t},\"*\")},!1)))}(window,document);\n\/\/# sourceURL=https:\/\/stuttgarti-katolikusok.de\/wp-includes\/js\/wp-embed.min.js\n\/* ]]> *\/\n<\/script>\n","description":"Programel\u0151zetes\u00a0 Okt\u00f3ber 18-\u00e1n, cs\u00fct\u00f6rt\u00f6k\u00f6n, Ulmban17.30 \u00f3r\u00e1t\u00f3l okt\u00f3beri \u00e1jtatoss\u00e1g, el\u0151tte gy\u00f3ntat\u00e1s, ut\u00e1na szentmise. Azut\u00e1n Besz\u00e9lget\u00e9sek a Bibli\u00e1r\u00f3l. * Okt\u00f3ber 19-\u00e9n, p\u00e9nteken, Stuttgartban 16.00 \u00f3rakor Bar\u00e1ts\u00e1gklub. 17.50 \u00f3rakor okt\u00f3beri \u00e1jtatoss\u00e1g, majd szentmise. 19.00 \u00f3r\u00e1t\u00f3l Bibliak\u00f6r a pl\u00e9b\u00e1ni\u00e1n. Weingarteni d\u00e9lut\u00e1n a Marien Kirche-ben. 18.30 \u00f3rakor okt\u00f3beri \u00e1jtatoss\u00e1g. 19.00 \u00f3rakor szentmise, azut\u00e1n Besz\u00e9lget\u00e9sek a Bibli\u00e1r\u00f3l. * Okt\u00f3ber 21-\u00e9n, \u00e9vk\u00f6zi 29. vas\u00e1rnapon, Ludwigsburgban 9.30 \u00f3rakor szentmise. Ut\u00e1na \u00e1g\u00e1p\u00e9. Stuttgartban Nemzeti \u00dcnnep. 15.00 \u00f3rakor \u00f6kumenikus istentisztelet. Ig\u00e9t hirdet Nt. G\u00e9mes P\u00e1l evang\u00e9likus lelk\u00e9sz. Ut\u00e1na kult\u00farm\u0171sor. V\u00e9g\u00fcl \u00e1ll\u00f3fogad\u00e1s a K\u00f6z\u00f6ss\u00e9gi Teremben. * Minden helyen mindenkit szeretettel v\u00e1r a k\u00f6z\u00f6ss\u00e9g Imre atya \u00e9s Tibor atya! \u201eSzeretetet n\u00e9lk\u00fcl magunk sz\u00e1m\u00e1ra is csak teher vagyunk. A szeretetben viszont egym\u00e1st is tudjuk hordozni.\u201d (Szent \u00c1goston \u2013 354-430 \u2013 egyh\u00e1zatya) Sz\u00e9p \u0151szi napokat, j\u00f3 munk\u00e1t, tartalmas besz\u00e9lget\u00e9seket \u00e9s \u00f6r\u00f6mteli tal\u00e1lkoz\u00e1sokat k\u00edv\u00e1nunk minden Kedves H\u00edv\u00fcnknek!"}

Programelőzetes október 15 és 21 között - Stuttgarti Katolikusok

<blockquote class="wp-embedded-content" data-secret="uBTWxd6Wgu"><a href="https://stuttgarti-katolikusok.de/index.php/programelozetes-oktober-15-es-21-kozott/">Programelőzetes október 15 és 21 között</a></blockquote><iframe sandbox="allow-scripts" security="restricted" src="https://stuttgarti-katolikusok.de/index.php/programelozetes-oktober-15-es-21-kozott/embed/#?secret=uBTWxd6Wgu" width="600" height="338" title="&#8220;Programelőzetes október 15 és 21 között&#8221; &#8212; Stuttgarti Katolikusok" data-secret="uBTWxd6Wgu" frameborder="0" marginwidth="0" marginheight="0" scrolling="no" class="wp-embedded-content"></iframe><script type="text/javascript">
/* <![CDATA[ */
/*! This file is auto-generated */
!function(d,l){"use strict";l.querySelector&&d.addEventListener&&"undefined"!=typeof URL&&(d.wp=d.wp||{},d.wp.receiveEmbedMessage||(d.wp.receiveEmbedMessage=function(e){var t=e.data;if((t||t.secret||t.message||t.value)&&!/[^a-zA-Z0-9]/.test(t.secret)){for(var s,r,n,a=l.querySelectorAll('iframe[data-secret="'+t.secret+'"]'),o=l.querySelectorAll('blockquote[data-secret="'+t.secret+'"]'),c=new RegExp("^https?:$","i"),i=0;i<o.length;i++)o[i].style.display="none";for(i=0;i<a.length;i++)s=a[i],e.source===s.contentWindow&&(s.removeAttribute("style"),"height"===t.message?(1e3<(r=parseInt(t.value,10))?r=1e3:~~r<200&&(r=200),s.height=r):"link"===t.message&&(r=new URL(s.getAttribute("src")),n=new URL(t.value),c.test(n.protocol))&&n.host===r.host&&l.activeElement===s&&(d.top.location.href=t.value))}},d.addEventListener("message",d.wp.receiveEmbedMessage,!1),l.addEventListener("DOMContentLoaded",function(){for(var e,t,s=l.querySelectorAll("iframe.wp-embedded-content"),r=0;r<s.length;r++)(t=(e=s[r]).getAttribute("data-secret"))||(t=Math.random().toString(36).substring(2,12),e.src+="#?secret="+t,e.setAttribute("data-secret",t)),e.contentWindow.postMessage({message:"ready",secret:t},"*")},!1)))}(window,document);
//# sourceURL=https://stuttgarti-katolikusok.de/wp-includes/js/wp-embed.min.js
/* ]]> */
</script>

Programelőzetes  Október 18-án, csütörtökön, Ulmban17.30 órától októberi ájtatosság, előtte gyóntatás, utána szentmise. Azután Beszélgetések a Bibliáról. * Október 19-én, pénteken, Stuttgartban 16.00 órakor Barátságklub. 17.50 órakor októberi ájtatosság, majd szentmise. 19.00 órától Bibliakör a plébánián. Weingarteni délután a Marien Kirche-ben. 18.30 órakor októberi ájtatosság. 19.00 órakor szentmise, azután Beszélgetések a Bibliáról. * Október 21-én, évközi 29. vasárnapon, Ludwigsburgban 9.30 órakor szentmise. Utána ágápé. Stuttgartban Nemzeti Ünnep. 15.00 órakor ökumenikus istentisztelet. Igét hirdet Nt. Gémes Pál evangélikus lelkész. Utána kultúrműsor. Végül állófogadás a Közösségi Teremben. * Minden helyen mindenkit szeretettel vár a közösség Imre atya és Tibor atya! „Szeretetet nélkül magunk számára is csak teher vagyunk. A szeretetben viszont egymást is tudjuk hordozni.” (Szent Ágoston – 354-430 – egyházatya) Szép őszi napokat, jó munkát, tartalmas beszélgetéseket és örömteli találkozásokat kívánunk minden Kedves Hívünknek!
