{"version":"1.0","provider_name":"Stuttgarti Katolikusok","provider_url":"https:\/\/stuttgarti-katolikusok.de","title":"Programel\u0151zetes okt\u00f3ber 10 \u00e9s 16 k\u00f6z\u00f6tt - Stuttgarti Katolikusok","type":"rich","width":600,"height":338,"html":"<blockquote class=\"wp-embedded-content\" data-secret=\"Hqi8Onk9wN\"><a href=\"https:\/\/stuttgarti-katolikusok.de\/index.php\/programelozetes-oktober-10-es-16-kozott\/\">Programel\u0151zetes okt\u00f3ber 10 \u00e9s 16 k\u00f6z\u00f6tt<\/a><\/blockquote><iframe sandbox=\"allow-scripts\" security=\"restricted\" src=\"https:\/\/stuttgarti-katolikusok.de\/index.php\/programelozetes-oktober-10-es-16-kozott\/embed\/#?secret=Hqi8Onk9wN\" width=\"600\" height=\"338\" title=\"&#8220;Programel\u0151zetes okt\u00f3ber 10 \u00e9s 16 k\u00f6z\u00f6tt&#8221; &#8212; Stuttgarti Katolikusok\" data-secret=\"Hqi8Onk9wN\" frameborder=\"0\" marginwidth=\"0\" marginheight=\"0\" scrolling=\"no\" class=\"wp-embedded-content\"><\/iframe><script type=\"text\/javascript\">\n\/* <![CDATA[ *\/\n\/*! This file is auto-generated *\/\n!function(d,l){\"use strict\";l.querySelector&&d.addEventListener&&\"undefined\"!=typeof URL&&(d.wp=d.wp||{},d.wp.receiveEmbedMessage||(d.wp.receiveEmbedMessage=function(e){var t=e.data;if((t||t.secret||t.message||t.value)&&!\/[^a-zA-Z0-9]\/.test(t.secret)){for(var s,r,n,a=l.querySelectorAll('iframe[data-secret=\"'+t.secret+'\"]'),o=l.querySelectorAll('blockquote[data-secret=\"'+t.secret+'\"]'),c=new RegExp(\"^https?:$\",\"i\"),i=0;i<o.length;i++)o[i].style.display=\"none\";for(i=0;i<a.length;i++)s=a[i],e.source===s.contentWindow&&(s.removeAttribute(\"style\"),\"height\"===t.message?(1e3<(r=parseInt(t.value,10))?r=1e3:~~r<200&&(r=200),s.height=r):\"link\"===t.message&&(r=new URL(s.getAttribute(\"src\")),n=new URL(t.value),c.test(n.protocol))&&n.host===r.host&&l.activeElement===s&&(d.top.location.href=t.value))}},d.addEventListener(\"message\",d.wp.receiveEmbedMessage,!1),l.addEventListener(\"DOMContentLoaded\",function(){for(var e,t,s=l.querySelectorAll(\"iframe.wp-embedded-content\"),r=0;r<s.length;r++)(t=(e=s[r]).getAttribute(\"data-secret\"))||(t=Math.random().toString(36).substring(2,12),e.src+=\"#?secret=\"+t,e.setAttribute(\"data-secret\",t)),e.contentWindow.postMessage({message:\"ready\",secret:t},\"*\")},!1)))}(window,document);\n\/\/# sourceURL=https:\/\/stuttgarti-katolikusok.de\/wp-includes\/js\/wp-embed.min.js\n\/* ]]> *\/\n<\/script>\n","description":"Programel\u0151zetes Okt\u00f3ber 13-\u00e1n, cs\u00fct\u00f6rt\u00f6k\u00f6n, Ulmban 17.30 \u00f3rakor okt\u00f3beri \u00e1jtatoss\u00e1g, ezt k\u00f6vet\u0151en szentmise. A szentmise v\u00e9gezt\u00e9vel Besz\u00e9lget\u00e9s a Bibli\u00e1r\u00f3l. * Okt\u00f3ber 14-\u00e9n, p\u00e9nteken, Stuttgartban 15.30 \u00f3rakor indul a Bar\u00e1ts\u00e1gklub. Minden kellemes t\u00e1rsas\u00e1gra v\u00e1gy\u00f3 \u00e9rdekl\u0151d\u0151t szeretettel v\u00e1r a Tags\u00e1g! 17.45 \u00f3rakor okt\u00f3beri-\u00e1jtatoss\u00e1g, majd esti szentmise, keret\u00e9ben P\u00e9nteki Egyetem. Ut\u00e1na Sportklub illetve K\u00f3rus. Weingartenben, a St. Marien-templomban 18.30 \u00f3r\u00e1t\u00f3l okt\u00f3beri \u00e1jtatoss\u00e1g \u00e9s szentmise, el\u0151tte gy\u00f3ntat\u00e1s. Szentmise ut\u00e1na pedig Besz\u00e9lget\u00e9sek a Bibli\u00e1r\u00f3l. * Okt\u00f3ber 16-\u00e1n, vas\u00e1rnap, 9.30 \u00f3rakor Ludwigsburgban szentmise, ut\u00e1na \u00e1g\u00e1p\u00e9. Stuttgartban 12.00 \u00f3rakor szentmise, ut\u00e1na tal\u00e1lkoz\u00f3 az els\u0151\u00e1ldoz\u00f3k sz\u00fcleivel, majd az Aranykapu zenekar ad gyermekeink sz\u00e1m\u00e1ra koncertet a K\u00f6z\u00f6ss\u00e9gi Teremben. A bel\u00e9p\u0151 5,-EUR. Minden helyen mindenkit szeretettel v\u00e1r a k\u00f6z\u00f6ss\u00e9g, Imre atya \u00e9s Tibor atya! \u201eHogy k\u00f6rnyezet\u00fcnkben ne az er\u0151szak kerekedjen fel\u00fcl, ahhoz olyan emberekre van sz\u00fcks\u00e9g, akik meg\u0151rzik nyugalmukat \u00e9s minden dolgot j\u00f3l megfontolnak! (XXIII. J\u00e1nos p\u00e1pa \u2013 1958-1962) Sz\u00e9p napokat, j\u00f3 munk\u00e1t, tartalmas besz\u00e9lget\u00e9seket \u00e9s kellemes tal\u00e1lkoz\u00e1sokat k\u00edv\u00e1nunk minden kedves H\u00edv\u00fcnknek! &nbsp;"}

Programelőzetes október 10 és 16 között - Stuttgarti Katolikusok

<blockquote class="wp-embedded-content" data-secret="Hqi8Onk9wN"><a href="https://stuttgarti-katolikusok.de/index.php/programelozetes-oktober-10-es-16-kozott/">Programelőzetes október 10 és 16 között</a></blockquote><iframe sandbox="allow-scripts" security="restricted" src="https://stuttgarti-katolikusok.de/index.php/programelozetes-oktober-10-es-16-kozott/embed/#?secret=Hqi8Onk9wN" width="600" height="338" title="&#8220;Programelőzetes október 10 és 16 között&#8221; &#8212; Stuttgarti Katolikusok" data-secret="Hqi8Onk9wN" frameborder="0" marginwidth="0" marginheight="0" scrolling="no" class="wp-embedded-content"></iframe><script type="text/javascript">
/* <![CDATA[ */
/*! This file is auto-generated */
!function(d,l){"use strict";l.querySelector&&d.addEventListener&&"undefined"!=typeof URL&&(d.wp=d.wp||{},d.wp.receiveEmbedMessage||(d.wp.receiveEmbedMessage=function(e){var t=e.data;if((t||t.secret||t.message||t.value)&&!/[^a-zA-Z0-9]/.test(t.secret)){for(var s,r,n,a=l.querySelectorAll('iframe[data-secret="'+t.secret+'"]'),o=l.querySelectorAll('blockquote[data-secret="'+t.secret+'"]'),c=new RegExp("^https?:$","i"),i=0;i<o.length;i++)o[i].style.display="none";for(i=0;i<a.length;i++)s=a[i],e.source===s.contentWindow&&(s.removeAttribute("style"),"height"===t.message?(1e3<(r=parseInt(t.value,10))?r=1e3:~~r<200&&(r=200),s.height=r):"link"===t.message&&(r=new URL(s.getAttribute("src")),n=new URL(t.value),c.test(n.protocol))&&n.host===r.host&&l.activeElement===s&&(d.top.location.href=t.value))}},d.addEventListener("message",d.wp.receiveEmbedMessage,!1),l.addEventListener("DOMContentLoaded",function(){for(var e,t,s=l.querySelectorAll("iframe.wp-embedded-content"),r=0;r<s.length;r++)(t=(e=s[r]).getAttribute("data-secret"))||(t=Math.random().toString(36).substring(2,12),e.src+="#?secret="+t,e.setAttribute("data-secret",t)),e.contentWindow.postMessage({message:"ready",secret:t},"*")},!1)))}(window,document);
//# sourceURL=https://stuttgarti-katolikusok.de/wp-includes/js/wp-embed.min.js
/* ]]> */
</script>

Programelőzetes Október 13-án, csütörtökön, Ulmban 17.30 órakor októberi ájtatosság, ezt követően szentmise. A szentmise végeztével Beszélgetés a Bibliáról. * Október 14-én, pénteken, Stuttgartban 15.30 órakor indul a Barátságklub. Minden kellemes társaságra vágyó érdeklődőt szeretettel vár a Tagság! 17.45 órakor októberi-ájtatosság, majd esti szentmise, keretében Pénteki Egyetem. Utána Sportklub illetve Kórus. Weingartenben, a St. Marien-templomban 18.30 órától októberi ájtatosság és szentmise, előtte gyóntatás. Szentmise utána pedig Beszélgetések a Bibliáról. * Október 16-án, vasárnap, 9.30 órakor Ludwigsburgban szentmise, utána ágápé. Stuttgartban 12.00 órakor szentmise, utána találkozó az elsőáldozók szüleivel, majd az Aranykapu zenekar ad gyermekeink számára koncertet a Közösségi Teremben. A belépő 5,-EUR. Minden helyen mindenkit szeretettel vár a közösség, Imre atya és Tibor atya! „Hogy környezetünkben ne az erőszak kerekedjen felül, ahhoz olyan emberekre van szükség, akik megőrzik nyugalmukat és minden dolgot jól megfontolnak! (XXIII. János pápa – 1958-1962) Szép napokat, jó munkát, tartalmas beszélgetéseket és kellemes találkozásokat kívánunk minden kedves Hívünknek! &nbsp;
