{"version":"1.0","provider_name":"Stuttgarti Katolikusok","provider_url":"https:\/\/stuttgarti-katolikusok.de","title":"Programel\u0151zetes november 7 \u00e9s 13 k\u00f6z\u00f6tt - Stuttgarti Katolikusok","type":"rich","width":600,"height":338,"html":"<blockquote class=\"wp-embedded-content\" data-secret=\"44wSEmllCf\"><a href=\"https:\/\/stuttgarti-katolikusok.de\/index.php\/programelozetes-november-7-es-13-kozott\/\">Programel\u0151zetes november 7 \u00e9s 13 k\u00f6z\u00f6tt<\/a><\/blockquote><iframe sandbox=\"allow-scripts\" security=\"restricted\" src=\"https:\/\/stuttgarti-katolikusok.de\/index.php\/programelozetes-november-7-es-13-kozott\/embed\/#?secret=44wSEmllCf\" width=\"600\" height=\"338\" title=\"&#8220;Programel\u0151zetes november 7 \u00e9s 13 k\u00f6z\u00f6tt&#8221; &#8212; Stuttgarti Katolikusok\" data-secret=\"44wSEmllCf\" frameborder=\"0\" marginwidth=\"0\" marginheight=\"0\" scrolling=\"no\" class=\"wp-embedded-content\"><\/iframe><script type=\"text\/javascript\">\n\/* <![CDATA[ *\/\n\/*! This file is auto-generated *\/\n!function(d,l){\"use strict\";l.querySelector&&d.addEventListener&&\"undefined\"!=typeof URL&&(d.wp=d.wp||{},d.wp.receiveEmbedMessage||(d.wp.receiveEmbedMessage=function(e){var t=e.data;if((t||t.secret||t.message||t.value)&&!\/[^a-zA-Z0-9]\/.test(t.secret)){for(var s,r,n,a=l.querySelectorAll('iframe[data-secret=\"'+t.secret+'\"]'),o=l.querySelectorAll('blockquote[data-secret=\"'+t.secret+'\"]'),c=new RegExp(\"^https?:$\",\"i\"),i=0;i<o.length;i++)o[i].style.display=\"none\";for(i=0;i<a.length;i++)s=a[i],e.source===s.contentWindow&&(s.removeAttribute(\"style\"),\"height\"===t.message?(1e3<(r=parseInt(t.value,10))?r=1e3:~~r<200&&(r=200),s.height=r):\"link\"===t.message&&(r=new URL(s.getAttribute(\"src\")),n=new URL(t.value),c.test(n.protocol))&&n.host===r.host&&l.activeElement===s&&(d.top.location.href=t.value))}},d.addEventListener(\"message\",d.wp.receiveEmbedMessage,!1),l.addEventListener(\"DOMContentLoaded\",function(){for(var e,t,s=l.querySelectorAll(\"iframe.wp-embedded-content\"),r=0;r<s.length;r++)(t=(e=s[r]).getAttribute(\"data-secret\"))||(t=Math.random().toString(36).substring(2,12),e.src+=\"#?secret=\"+t,e.setAttribute(\"data-secret\",t)),e.contentWindow.postMessage({message:\"ready\",secret:t},\"*\")},!1)))}(window,document);\n\/\/# sourceURL=https:\/\/stuttgarti-katolikusok.de\/wp-includes\/js\/wp-embed.min.js\n\/* ]]> *\/\n<\/script>\n","thumbnail_url":"https:\/\/stuttgarti-katolikusok.de\/wp-content\/uploads\/2016\/11\/2016_szent_marton_2_10_ezer_h.png","thumbnail_width":500,"thumbnail_height":500,"description":"Programel\u0151zetes November 10-\u00e9n, cs\u00fct\u00f6rt\u00f6k\u00f6n Ulmban\u00a0 17.30 \u00f3rakor r\u00f3zsaf\u00fcz\u00e9r-\u00e1jtatoss\u00e1g, ut\u00e1na szentmise. Ezt k\u00f6vet\u0151en Besz\u00e9lget\u00e9sek a Bibli\u00e1r\u00f3l. * November 11-\u00e9n, p\u00e9nteken, kezd\u0151dnek Stuttgartban az \u00fan. Szent-M\u00e1rton-Napok. 17.45 \u00f3rakor gy\u00fclekez\u0151 a Bruder Klaus templom el\u0151tti t\u00e9ren. 18.00 \u00f3r\u00e1t\u00f3l szentmise, keret\u00e9ben r\u00f6vid szentbesz\u00e9d Szent M\u00e1rtonr\u00f3l. Ut\u00e1na pedig a K\u00f6z\u00f6ss\u00e9gi Teremben \u00e1ll\u00f3fogad\u00e1s. Vend\u00e9gl\u00e1t\u00f3nk a Stuttgarti Magyar F\u0151konzul\u00e1tus. Weingartenben, a St. Marien-templomban 17.30 \u00f3rakor r\u00f3zsaf\u00fcz\u00e9r-\u00e1jtatoss\u00e1g, ut\u00e1na szentmise. Ezt k\u00f6vet\u0151en Besz\u00e9lget\u00e9sek a Bibli\u00e1r\u00f3l. * November 12-\u00e9n, szombaton, Weingartenben templomb\u00facs\u00fa: Szent Imre \u00fcnnepe. 16.00 \u00f3r\u00e1t\u00f3l szentmise a St. Marien-templomban. Ezt k\u00f6vet\u0151en bar\u00e1ti egy\u00fcttl\u00e9t a K\u00f6z\u00f6ss\u00e9gi Teremben. Tisztelj\u00fck meg a weingartenieket jelenl\u00e9t\u00fcnkkel! K\u00fcl\u00f6n\u00f6sen a k\u00f6zeli egyh\u00e1zk\u00f6zs\u00e9geink (Friedrichshafen, Biberach \u00e9s Munderkingen) h\u00edveire sz\u00e1m\u00edtunk! Stuttgartb\u00f3l k\u00fcl\u00f6n aut\u00f3busz indul! * November 13-\u00e1n, vas\u00e1rnap, Stuttgartban, a Szent-M\u00e1rton-Napok z\u00e1r\u00f3akkordjak\u00e9nt, 9.30 \u00f3rakor a Bruder Klaus templomban n\u00e9met-magyar nyelv\u0171 szentmise. Ut\u00e1na a Sator egy\u00fcttes \u00e9s Lovasi Andr\u00e1s k\u00f6z\u00e9pkori himnuszok \u00e1tdolgoz\u00e1b\u00f3l \u00e1ll\u00edtott \u00f6ssze egy csokorraval\u00f3t Szent M\u00e1rton tisztelet\u00e9re. Ulmban 15.00 \u00f3rakor szentmise, azut\u00e1n \u00e1g\u00e1p\u00e9. * Minden helyen mindenkit szeretettel v\u00e1r a k\u00f6z\u00f6ss\u00e9g, Imre atya \u00e9s Tibor atya! \u201eA legf\u0151bb dolog ezen a vil\u00e1gon nem az, hogy sokat gondolkozzunk \u00e9s t\u00f6prengj\u00fcnk, hanem, hogy nagyon szeress\u00fcnk. Isten ugyanis nem azt fogja k\u00e9rdezni t\u0151l\u00fcnk, hogy : \u201eMit tanult\u00e1l a f\u00f6ld\u00f6n?\u201d Hanem azt, hogy: \u201eHogyan szerett\u00e9l?\u201d \u00a0(Lisieuxi Kis Szent Ter\u00e9z \u2013 1873-1897) Sz\u00e9p napokat, j\u00f3 munk\u00e1t, tartalmas besz\u00e9lget\u00e9seket \u00e9s kellemes tal\u00e1lkoz\u00e1sokat!"}

Programelőzetes november 7 és 13 között - Stuttgarti Katolikusok

<blockquote class="wp-embedded-content" data-secret="44wSEmllCf"><a href="https://stuttgarti-katolikusok.de/index.php/programelozetes-november-7-es-13-kozott/">Programelőzetes november 7 és 13 között</a></blockquote><iframe sandbox="allow-scripts" security="restricted" src="https://stuttgarti-katolikusok.de/index.php/programelozetes-november-7-es-13-kozott/embed/#?secret=44wSEmllCf" width="600" height="338" title="&#8220;Programelőzetes november 7 és 13 között&#8221; &#8212; Stuttgarti Katolikusok" data-secret="44wSEmllCf" frameborder="0" marginwidth="0" marginheight="0" scrolling="no" class="wp-embedded-content"></iframe><script type="text/javascript">
/* <![CDATA[ */
/*! This file is auto-generated */
!function(d,l){"use strict";l.querySelector&&d.addEventListener&&"undefined"!=typeof URL&&(d.wp=d.wp||{},d.wp.receiveEmbedMessage||(d.wp.receiveEmbedMessage=function(e){var t=e.data;if((t||t.secret||t.message||t.value)&&!/[^a-zA-Z0-9]/.test(t.secret)){for(var s,r,n,a=l.querySelectorAll('iframe[data-secret="'+t.secret+'"]'),o=l.querySelectorAll('blockquote[data-secret="'+t.secret+'"]'),c=new RegExp("^https?:$","i"),i=0;i<o.length;i++)o[i].style.display="none";for(i=0;i<a.length;i++)s=a[i],e.source===s.contentWindow&&(s.removeAttribute("style"),"height"===t.message?(1e3<(r=parseInt(t.value,10))?r=1e3:~~r<200&&(r=200),s.height=r):"link"===t.message&&(r=new URL(s.getAttribute("src")),n=new URL(t.value),c.test(n.protocol))&&n.host===r.host&&l.activeElement===s&&(d.top.location.href=t.value))}},d.addEventListener("message",d.wp.receiveEmbedMessage,!1),l.addEventListener("DOMContentLoaded",function(){for(var e,t,s=l.querySelectorAll("iframe.wp-embedded-content"),r=0;r<s.length;r++)(t=(e=s[r]).getAttribute("data-secret"))||(t=Math.random().toString(36).substring(2,12),e.src+="#?secret="+t,e.setAttribute("data-secret",t)),e.contentWindow.postMessage({message:"ready",secret:t},"*")},!1)))}(window,document);
//# sourceURL=https://stuttgarti-katolikusok.de/wp-includes/js/wp-embed.min.js
/* ]]> */
</script>

Programelőzetes November 10-én, csütörtökön Ulmban  17.30 órakor rózsafüzér-ájtatosság, utána szentmise. Ezt követően Beszélgetések a Bibliáról. * November 11-én, pénteken, kezdődnek Stuttgartban az ún. Szent-Márton-Napok. 17.45 órakor gyülekező a Bruder Klaus templom előtti téren. 18.00 órától szentmise, keretében rövid szentbeszéd Szent Mártonról. Utána pedig a Közösségi Teremben állófogadás. Vendéglátónk a Stuttgarti Magyar Főkonzulátus. Weingartenben, a St. Marien-templomban 17.30 órakor rózsafüzér-ájtatosság, utána szentmise. Ezt követően Beszélgetések a Bibliáról. * November 12-én, szombaton, Weingartenben templombúcsú: Szent Imre ünnepe. 16.00 órától szentmise a St. Marien-templomban. Ezt követően baráti együttlét a Közösségi Teremben. Tiszteljük meg a weingartenieket jelenlétünkkel! Különösen a közeli egyházközségeink (Friedrichshafen, Biberach és Munderkingen) híveire számítunk! Stuttgartból külön autóbusz indul! * November 13-án, vasárnap, Stuttgartban, a Szent-Márton-Napok záróakkordjaként, 9.30 órakor a Bruder Klaus templomban német-magyar nyelvű szentmise. Utána a Sator együttes és Lovasi András középkori himnuszok átdolgozából állított össze egy csokorravalót Szent Márton tiszteletére. Ulmban 15.00 órakor szentmise, azután ágápé. * Minden helyen mindenkit szeretettel vár a közösség, Imre atya és Tibor atya! „A legfőbb dolog ezen a világon nem az, hogy sokat gondolkozzunk és töprengjünk, hanem, hogy nagyon szeressünk. Isten ugyanis nem azt fogja kérdezni tőlünk, hogy : „Mit tanultál a földön?” Hanem azt, hogy: „Hogyan szerettél?”  (Lisieuxi Kis Szent Teréz – 1873-1897) Szép napokat, jó munkát, tartalmas beszélgetéseket és kellemes találkozásokat!
