{"version":"1.0","provider_name":"Stuttgarti Katolikusok","provider_url":"https:\/\/stuttgarti-katolikusok.de","title":"Programel\u0151zetes november 27 \u00e9s december 4 k\u00f6z\u00f6tt - Stuttgarti Katolikusok","type":"rich","width":600,"height":338,"html":"<blockquote class=\"wp-embedded-content\" data-secret=\"DX6myHR3rU\"><a href=\"https:\/\/stuttgarti-katolikusok.de\/index.php\/programelozetes-november-27-es-december-4-kozott\/\">Programel\u0151zetes november 27 \u00e9s december 4 k\u00f6z\u00f6tt<\/a><\/blockquote><iframe sandbox=\"allow-scripts\" security=\"restricted\" src=\"https:\/\/stuttgarti-katolikusok.de\/index.php\/programelozetes-november-27-es-december-4-kozott\/embed\/#?secret=DX6myHR3rU\" width=\"600\" height=\"338\" title=\"&#8220;Programel\u0151zetes november 27 \u00e9s december 4 k\u00f6z\u00f6tt&#8221; &#8212; Stuttgarti Katolikusok\" data-secret=\"DX6myHR3rU\" frameborder=\"0\" marginwidth=\"0\" marginheight=\"0\" scrolling=\"no\" class=\"wp-embedded-content\"><\/iframe><script type=\"text\/javascript\">\n\/* <![CDATA[ *\/\n\/*! This file is auto-generated *\/\n!function(d,l){\"use strict\";l.querySelector&&d.addEventListener&&\"undefined\"!=typeof URL&&(d.wp=d.wp||{},d.wp.receiveEmbedMessage||(d.wp.receiveEmbedMessage=function(e){var t=e.data;if((t||t.secret||t.message||t.value)&&!\/[^a-zA-Z0-9]\/.test(t.secret)){for(var s,r,n,a=l.querySelectorAll('iframe[data-secret=\"'+t.secret+'\"]'),o=l.querySelectorAll('blockquote[data-secret=\"'+t.secret+'\"]'),c=new RegExp(\"^https?:$\",\"i\"),i=0;i<o.length;i++)o[i].style.display=\"none\";for(i=0;i<a.length;i++)s=a[i],e.source===s.contentWindow&&(s.removeAttribute(\"style\"),\"height\"===t.message?(1e3<(r=parseInt(t.value,10))?r=1e3:~~r<200&&(r=200),s.height=r):\"link\"===t.message&&(r=new URL(s.getAttribute(\"src\")),n=new URL(t.value),c.test(n.protocol))&&n.host===r.host&&l.activeElement===s&&(d.top.location.href=t.value))}},d.addEventListener(\"message\",d.wp.receiveEmbedMessage,!1),l.addEventListener(\"DOMContentLoaded\",function(){for(var e,t,s=l.querySelectorAll(\"iframe.wp-embedded-content\"),r=0;r<s.length;r++)(t=(e=s[r]).getAttribute(\"data-secret\"))||(t=Math.random().toString(36).substring(2,12),e.src+=\"#?secret=\"+t,e.setAttribute(\"data-secret\",t)),e.contentWindow.postMessage({message:\"ready\",secret:t},\"*\")},!1)))}(window,document);\n\/\/# sourceURL=https:\/\/stuttgarti-katolikusok.de\/wp-includes\/js\/wp-embed.min.js\n\/* ]]> *\/\n<\/script>\n","description":"Programel\u0151zetes November 30-\u00e1n, cs\u00fct\u00f6rt\u00f6k\u00f6n, Ulmban 17.30 \u00f3r\u00e1t\u00f3l szentmise, el\u0151tte r\u00f3zsaf\u00fcz\u00e9r, ut\u00e1na Besz\u00e9lget\u00e9sek a Bibli\u00e1r\u00f3l. \u00a0 * December 1-j\u00e9n, p\u00e9nteken, Stuttgartban 16.00 \u00f3rakor Bar\u00e1ts\u00e1gklub. 17.50 \u00f3rakor r\u00f3zsaf\u00fcz\u00e9r \u00e1jtatoss\u00e1g. Ut\u00e1na szentmise, keret\u00e9ben P\u00e9nteki Egyetem (Besz\u00e9lget\u00e9sek a Katekizmusr\u00f3l). Majd Imak\u00f6r \u2013 szents\u00e9gim\u00e1d\u00e1s \u2013 k\u00e9r\u00e9seink felaj\u00e1nl\u00e1sa az Olt\u00e1riszents\u00e9gben jelenl\u00e9v\u0151 Krisztusnak. Weingarteni d\u00e9lut\u00e1n a Marien Kirche-ben. 17.30 \u00f3rakor r\u00f3zsaf\u00fcz\u00e9r im\u00e1ds\u00e1g, 18.00 \u00f3rakor szentmise, azt k\u00f6vet\u0151en pedig Besz\u00e9lget\u00e9sek a Bibli\u00e1r\u00f3l. Els\u0151p\u00e9ntekes betegeket is felkeresem d\u00e9lut\u00e1n folyam\u00e1n. * December 2-\u00e1n, szombaton, Balingenben 17.00 \u00f3rakor szentmise. El\u0151tte gy\u00f3ntat\u00e1s, ut\u00e1na \u00e1g\u00e1p\u00e9. * December 3-\u00e1n, Advent I. vas\u00e1rnapja, Munderkingenben 9.00 \u00f3rakor szentmise. Schw\u00e4bisch-Gm\u00fcndben 9.30 \u00f3rakor szentmise. Ut\u00e1na \u00e1g\u00e1p\u00e9. Stuttgartban 15.00 \u00f3rakor szentmise. Ut\u00e1na, 16.00 \u00f3r\u00e1t\u00f3l Adventi Koncert a Trio Colore el\u0151ad\u00e1s\u00e1ban. V\u00e9g\u00fcl r\u00f6vid \u00e1g\u00e1p\u00e9 * Minden helyen mindenkit szeretettel v\u00e1r a k\u00f6z\u00f6ss\u00e9g, Imre atya \u00e9s Tibor atya! \u201eAdvent az az id\u0151, amelyben id\u0151t kellene szak\u00edtanunk arra, hogy j\u00f3l meggondoljuk: mivel \u00e9rdemes elt\u00f6lten\u00fcnk az id\u0151nket?\u201d (Gudrun Kropp &#8211; *1955 \u2013 n\u00e9met k\u00f6lt\u0151n\u0151) Sz\u00e9p adventi napokat, j\u00f3 munk\u00e1t, tartalmas besz\u00e9lget\u00e9seket \u00e9s \u00f6r\u00f6mteli tal\u00e1lkoz\u00e1sokat k\u00edv\u00e1nunk minden Kedves H\u00edv\u00fcnknek!"}

Programelőzetes november 27 és december 4 között - Stuttgarti Katolikusok

<blockquote class="wp-embedded-content" data-secret="DX6myHR3rU"><a href="https://stuttgarti-katolikusok.de/index.php/programelozetes-november-27-es-december-4-kozott/">Programelőzetes november 27 és december 4 között</a></blockquote><iframe sandbox="allow-scripts" security="restricted" src="https://stuttgarti-katolikusok.de/index.php/programelozetes-november-27-es-december-4-kozott/embed/#?secret=DX6myHR3rU" width="600" height="338" title="&#8220;Programelőzetes november 27 és december 4 között&#8221; &#8212; Stuttgarti Katolikusok" data-secret="DX6myHR3rU" frameborder="0" marginwidth="0" marginheight="0" scrolling="no" class="wp-embedded-content"></iframe><script type="text/javascript">
/* <![CDATA[ */
/*! This file is auto-generated */
!function(d,l){"use strict";l.querySelector&&d.addEventListener&&"undefined"!=typeof URL&&(d.wp=d.wp||{},d.wp.receiveEmbedMessage||(d.wp.receiveEmbedMessage=function(e){var t=e.data;if((t||t.secret||t.message||t.value)&&!/[^a-zA-Z0-9]/.test(t.secret)){for(var s,r,n,a=l.querySelectorAll('iframe[data-secret="'+t.secret+'"]'),o=l.querySelectorAll('blockquote[data-secret="'+t.secret+'"]'),c=new RegExp("^https?:$","i"),i=0;i<o.length;i++)o[i].style.display="none";for(i=0;i<a.length;i++)s=a[i],e.source===s.contentWindow&&(s.removeAttribute("style"),"height"===t.message?(1e3<(r=parseInt(t.value,10))?r=1e3:~~r<200&&(r=200),s.height=r):"link"===t.message&&(r=new URL(s.getAttribute("src")),n=new URL(t.value),c.test(n.protocol))&&n.host===r.host&&l.activeElement===s&&(d.top.location.href=t.value))}},d.addEventListener("message",d.wp.receiveEmbedMessage,!1),l.addEventListener("DOMContentLoaded",function(){for(var e,t,s=l.querySelectorAll("iframe.wp-embedded-content"),r=0;r<s.length;r++)(t=(e=s[r]).getAttribute("data-secret"))||(t=Math.random().toString(36).substring(2,12),e.src+="#?secret="+t,e.setAttribute("data-secret",t)),e.contentWindow.postMessage({message:"ready",secret:t},"*")},!1)))}(window,document);
//# sourceURL=https://stuttgarti-katolikusok.de/wp-includes/js/wp-embed.min.js
/* ]]> */
</script>

Programelőzetes November 30-án, csütörtökön, Ulmban 17.30 órától szentmise, előtte rózsafüzér, utána Beszélgetések a Bibliáról.   * December 1-jén, pénteken, Stuttgartban 16.00 órakor Barátságklub. 17.50 órakor rózsafüzér ájtatosság. Utána szentmise, keretében Pénteki Egyetem (Beszélgetések a Katekizmusról). Majd Imakör – szentségimádás – kéréseink felajánlása az Oltáriszentségben jelenlévő Krisztusnak. Weingarteni délután a Marien Kirche-ben. 17.30 órakor rózsafüzér imádság, 18.00 órakor szentmise, azt követően pedig Beszélgetések a Bibliáról. Elsőpéntekes betegeket is felkeresem délután folyamán. * December 2-án, szombaton, Balingenben 17.00 órakor szentmise. Előtte gyóntatás, utána ágápé. * December 3-án, Advent I. vasárnapja, Munderkingenben 9.00 órakor szentmise. Schwäbisch-Gmündben 9.30 órakor szentmise. Utána ágápé. Stuttgartban 15.00 órakor szentmise. Utána, 16.00 órától Adventi Koncert a Trio Colore előadásában. Végül rövid ágápé * Minden helyen mindenkit szeretettel vár a közösség, Imre atya és Tibor atya! „Advent az az idő, amelyben időt kellene szakítanunk arra, hogy jól meggondoljuk: mivel érdemes eltöltenünk az időnket?” (Gudrun Kropp &#8211; *1955 – német költőnő) Szép adventi napokat, jó munkát, tartalmas beszélgetéseket és örömteli találkozásokat kívánunk minden Kedves Hívünknek!
