{"version":"1.0","provider_name":"Stuttgarti Katolikusok","provider_url":"https:\/\/stuttgarti-katolikusok.de","title":"Programel\u0151zetes m\u00e1rcius 9 \u00e9s 15 k\u00f6z\u00f6tt - Stuttgarti Katolikusok","type":"rich","width":600,"height":338,"html":"<blockquote class=\"wp-embedded-content\" data-secret=\"oHQxwedd5c\"><a href=\"https:\/\/stuttgarti-katolikusok.de\/index.php\/programelozetes-marcius-9-es-15-kozott\/\">Programel\u0151zetes m\u00e1rcius 9 \u00e9s 15 k\u00f6z\u00f6tt<\/a><\/blockquote><iframe sandbox=\"allow-scripts\" security=\"restricted\" src=\"https:\/\/stuttgarti-katolikusok.de\/index.php\/programelozetes-marcius-9-es-15-kozott\/embed\/#?secret=oHQxwedd5c\" width=\"600\" height=\"338\" title=\"&#8220;Programel\u0151zetes m\u00e1rcius 9 \u00e9s 15 k\u00f6z\u00f6tt&#8221; &#8212; Stuttgarti Katolikusok\" data-secret=\"oHQxwedd5c\" frameborder=\"0\" marginwidth=\"0\" marginheight=\"0\" scrolling=\"no\" class=\"wp-embedded-content\"><\/iframe><script type=\"text\/javascript\">\n\/* <![CDATA[ *\/\n\/*! This file is auto-generated *\/\n!function(d,l){\"use strict\";l.querySelector&&d.addEventListener&&\"undefined\"!=typeof URL&&(d.wp=d.wp||{},d.wp.receiveEmbedMessage||(d.wp.receiveEmbedMessage=function(e){var t=e.data;if((t||t.secret||t.message||t.value)&&!\/[^a-zA-Z0-9]\/.test(t.secret)){for(var s,r,n,a=l.querySelectorAll('iframe[data-secret=\"'+t.secret+'\"]'),o=l.querySelectorAll('blockquote[data-secret=\"'+t.secret+'\"]'),c=new RegExp(\"^https?:$\",\"i\"),i=0;i<o.length;i++)o[i].style.display=\"none\";for(i=0;i<a.length;i++)s=a[i],e.source===s.contentWindow&&(s.removeAttribute(\"style\"),\"height\"===t.message?(1e3<(r=parseInt(t.value,10))?r=1e3:~~r<200&&(r=200),s.height=r):\"link\"===t.message&&(r=new URL(s.getAttribute(\"src\")),n=new URL(t.value),c.test(n.protocol))&&n.host===r.host&&l.activeElement===s&&(d.top.location.href=t.value))}},d.addEventListener(\"message\",d.wp.receiveEmbedMessage,!1),l.addEventListener(\"DOMContentLoaded\",function(){for(var e,t,s=l.querySelectorAll(\"iframe.wp-embedded-content\"),r=0;r<s.length;r++)(t=(e=s[r]).getAttribute(\"data-secret\"))||(t=Math.random().toString(36).substring(2,12),e.src+=\"#?secret=\"+t,e.setAttribute(\"data-secret\",t)),e.contentWindow.postMessage({message:\"ready\",secret:t},\"*\")},!1)))}(window,document);\n\/\/# sourceURL=https:\/\/stuttgarti-katolikusok.de\/wp-includes\/js\/wp-embed.min.js\n\/* ]]> *\/\n<\/script>\n","description":"Programel\u0151zetes M\u00e1rcius 11-\u00e9n, szerd\u00e1n, Stuttgartban 10.15 \u00f3rakor n\u00e9met nyelv\u0171 szentmise. * M\u00e1rcius 12-\u00e9n, cs\u00fct\u00f6rt\u00f6k\u00f6n, Ulmi d\u00e9lut\u00e1n, 17.30 \u00f3rakor kereszt\u00fat, ut\u00e1na szentmise. Keret\u00e9ben: Besz\u00e9lget\u00e9sek a Katekizmusr\u00f3l. * M\u00e1rcius 13-\u00e1n, p\u00e9nteken, Stuttgartban 16.00 \u00f3rakor Bar\u00e1ts\u00e1gklub. 18.00 \u00f3rakor kereszt\u00fat. 19.00 \u00f3r\u00e1t\u00f3l Sportklub. *\u00a0 \u00a0 \u00a0 \u00a0 \u00a0 M\u00e1rcius 13 \u2013 15. k\u00f6z\u00f6tt Weingarteni Csendes Napok. Moder\u00e1tor: Ft. P\u00e9k S\u00e1ndor esperes (Nagyv\u00e1radi Egyh\u00e1zmegye). P\u00e9ntek \u2013 17.30 \u00f3rakor szentmise a 14 Nothelfer Kapelle-ben. Szombat \u2013 9.00 \u00f3r\u00e1t\u00f3l \u2013 16.00 \u00f3r\u00e1ig lelkinap a St. Martin templom k\u00f6z\u00f6ss\u00e9gi h\u00e1z\u00e1ban \u00a0\u00a0\u00a0\u00a0\u00a0\u00a0\u00a0\u00a0\u00a0\u00a0\u00a0\u00a0\u00a0\u00a0\u00a0\u00a0\u00a0\u00a0 Schlierben. Vas\u00e1rnap \u2013 10.00 \u00f3rakor szentmise a 14 Nothelfer Kapelle-ben. * M\u00e1rcius 14-\u00e9n, szombaton, Friedrichshafenben 17.00 \u00f3rakor szentmise, ut\u00e1na \u00e1g\u00e1p\u00e9. * M\u00e1rcius 15-\u00e9n, nagyb\u00f6jt 3. vas\u00e1rnapj\u00e1n, Ludwigsburgban 9.30 \u00f3rakor szentmise, ut\u00e1na \u00e1g\u00e1p\u00e9. Weingartenben 10.00 \u00f3rakor a lelkigyakorlat z\u00e1r\u00f3szentmis\u00e9je a 14 Nothelfer Kapelle-ben. Stuttgartban 12.00 \u00f3rakor szentmise. Ut\u00e1na a Kratochvil dal\u00e1rda Nemzeti \u00dcnnep\u00fcnkre k\u00e9sz\u00edtett \u00fcnnepi m\u0171sora. * Minden helyen mindenkit szeretettel v\u00e1r a k\u00f6z\u00f6ss\u00e9g, Imre atya \u00e9s Tibor atya! \u201eAz im\u00e1ds\u00e1g kieszk\u00f6zli az er\u0151t a b\u00f6jt\u00f6l\u00e9shez, a b\u00f6jt\u00f6l\u00e9s pedig m\u00e9lt\u00f3v\u00e1 tesz az im\u00e1ds\u00e1g kegyelmeire. A b\u00f6jt er\u0151s\u00edti az im\u00e1ds\u00e1got, az im\u00e1ds\u00e1g megszenteli a b\u00f6jt\u00f6t, \u00e9s bemutatja az \u00darnak.\u201d Bens\u0151s\u00e9ges nagyb\u00f6jti napokat, j\u00f3 munk\u00e1t, tartalmas besz\u00e9lget\u00e9seket \u00e9s \u00f6r\u00f6mteli tal\u00e1lkoz\u00e1sokat k\u00edv\u00e1nunk minden Kedves H\u00edv\u00fcnknek! \u00a0"}

Programelőzetes március 9 és 15 között - Stuttgarti Katolikusok

<blockquote class="wp-embedded-content" data-secret="oHQxwedd5c"><a href="https://stuttgarti-katolikusok.de/index.php/programelozetes-marcius-9-es-15-kozott/">Programelőzetes március 9 és 15 között</a></blockquote><iframe sandbox="allow-scripts" security="restricted" src="https://stuttgarti-katolikusok.de/index.php/programelozetes-marcius-9-es-15-kozott/embed/#?secret=oHQxwedd5c" width="600" height="338" title="&#8220;Programelőzetes március 9 és 15 között&#8221; &#8212; Stuttgarti Katolikusok" data-secret="oHQxwedd5c" frameborder="0" marginwidth="0" marginheight="0" scrolling="no" class="wp-embedded-content"></iframe><script type="text/javascript">
/* <![CDATA[ */
/*! This file is auto-generated */
!function(d,l){"use strict";l.querySelector&&d.addEventListener&&"undefined"!=typeof URL&&(d.wp=d.wp||{},d.wp.receiveEmbedMessage||(d.wp.receiveEmbedMessage=function(e){var t=e.data;if((t||t.secret||t.message||t.value)&&!/[^a-zA-Z0-9]/.test(t.secret)){for(var s,r,n,a=l.querySelectorAll('iframe[data-secret="'+t.secret+'"]'),o=l.querySelectorAll('blockquote[data-secret="'+t.secret+'"]'),c=new RegExp("^https?:$","i"),i=0;i<o.length;i++)o[i].style.display="none";for(i=0;i<a.length;i++)s=a[i],e.source===s.contentWindow&&(s.removeAttribute("style"),"height"===t.message?(1e3<(r=parseInt(t.value,10))?r=1e3:~~r<200&&(r=200),s.height=r):"link"===t.message&&(r=new URL(s.getAttribute("src")),n=new URL(t.value),c.test(n.protocol))&&n.host===r.host&&l.activeElement===s&&(d.top.location.href=t.value))}},d.addEventListener("message",d.wp.receiveEmbedMessage,!1),l.addEventListener("DOMContentLoaded",function(){for(var e,t,s=l.querySelectorAll("iframe.wp-embedded-content"),r=0;r<s.length;r++)(t=(e=s[r]).getAttribute("data-secret"))||(t=Math.random().toString(36).substring(2,12),e.src+="#?secret="+t,e.setAttribute("data-secret",t)),e.contentWindow.postMessage({message:"ready",secret:t},"*")},!1)))}(window,document);
//# sourceURL=https://stuttgarti-katolikusok.de/wp-includes/js/wp-embed.min.js
/* ]]> */
</script>

Programelőzetes Március 11-én, szerdán, Stuttgartban 10.15 órakor német nyelvű szentmise. * Március 12-én, csütörtökön, Ulmi délután, 17.30 órakor keresztút, utána szentmise. Keretében: Beszélgetések a Katekizmusról. * Március 13-án, pénteken, Stuttgartban 16.00 órakor Barátságklub. 18.00 órakor keresztút. 19.00 órától Sportklub. *          Március 13 – 15. között Weingarteni Csendes Napok. Moderátor: Ft. Pék Sándor esperes (Nagyváradi Egyházmegye). Péntek – 17.30 órakor szentmise a 14 Nothelfer Kapelle-ben. Szombat – 9.00 órától – 16.00 óráig lelkinap a St. Martin templom közösségi házában                    Schlierben. Vasárnap – 10.00 órakor szentmise a 14 Nothelfer Kapelle-ben. * Március 14-én, szombaton, Friedrichshafenben 17.00 órakor szentmise, utána ágápé. * Március 15-én, nagyböjt 3. vasárnapján, Ludwigsburgban 9.30 órakor szentmise, utána ágápé. Weingartenben 10.00 órakor a lelkigyakorlat zárószentmiséje a 14 Nothelfer Kapelle-ben. Stuttgartban 12.00 órakor szentmise. Utána a Kratochvil dalárda Nemzeti Ünnepünkre készített ünnepi műsora. * Minden helyen mindenkit szeretettel vár a közösség, Imre atya és Tibor atya! „Az imádság kieszközli az erőt a böjtöléshez, a böjtölés pedig méltóvá tesz az imádság kegyelmeire. A böjt erősíti az imádságot, az imádság megszenteli a böjtöt, és bemutatja az Úrnak.” Bensőséges nagyböjti napokat, jó munkát, tartalmas beszélgetéseket és örömteli találkozásokat kívánunk minden Kedves Hívünknek!
