{"version":"1.0","provider_name":"Stuttgarti Katolikusok","provider_url":"https:\/\/stuttgarti-katolikusok.de","title":"Programel\u0151zetes m\u00e1rcius 6 \u00e9s 12 k\u00f6z\u00f6tt - Stuttgarti Katolikusok","type":"rich","width":600,"height":338,"html":"<blockquote class=\"wp-embedded-content\" data-secret=\"lIwF6ebmKv\"><a href=\"https:\/\/stuttgarti-katolikusok.de\/index.php\/programelozetes-marcius-6-es-12-kozott\/\">Programel\u0151zetes m\u00e1rcius 6 \u00e9s 12 k\u00f6z\u00f6tt<\/a><\/blockquote><iframe sandbox=\"allow-scripts\" security=\"restricted\" src=\"https:\/\/stuttgarti-katolikusok.de\/index.php\/programelozetes-marcius-6-es-12-kozott\/embed\/#?secret=lIwF6ebmKv\" width=\"600\" height=\"338\" title=\"&#8220;Programel\u0151zetes m\u00e1rcius 6 \u00e9s 12 k\u00f6z\u00f6tt&#8221; &#8212; Stuttgarti Katolikusok\" data-secret=\"lIwF6ebmKv\" frameborder=\"0\" marginwidth=\"0\" marginheight=\"0\" scrolling=\"no\" class=\"wp-embedded-content\"><\/iframe><script type=\"text\/javascript\">\n\/* <![CDATA[ *\/\n\/*! This file is auto-generated *\/\n!function(d,l){\"use strict\";l.querySelector&&d.addEventListener&&\"undefined\"!=typeof URL&&(d.wp=d.wp||{},d.wp.receiveEmbedMessage||(d.wp.receiveEmbedMessage=function(e){var t=e.data;if((t||t.secret||t.message||t.value)&&!\/[^a-zA-Z0-9]\/.test(t.secret)){for(var s,r,n,a=l.querySelectorAll('iframe[data-secret=\"'+t.secret+'\"]'),o=l.querySelectorAll('blockquote[data-secret=\"'+t.secret+'\"]'),c=new RegExp(\"^https?:$\",\"i\"),i=0;i<o.length;i++)o[i].style.display=\"none\";for(i=0;i<a.length;i++)s=a[i],e.source===s.contentWindow&&(s.removeAttribute(\"style\"),\"height\"===t.message?(1e3<(r=parseInt(t.value,10))?r=1e3:~~r<200&&(r=200),s.height=r):\"link\"===t.message&&(r=new URL(s.getAttribute(\"src\")),n=new URL(t.value),c.test(n.protocol))&&n.host===r.host&&l.activeElement===s&&(d.top.location.href=t.value))}},d.addEventListener(\"message\",d.wp.receiveEmbedMessage,!1),l.addEventListener(\"DOMContentLoaded\",function(){for(var e,t,s=l.querySelectorAll(\"iframe.wp-embedded-content\"),r=0;r<s.length;r++)(t=(e=s[r]).getAttribute(\"data-secret\"))||(t=Math.random().toString(36).substring(2,12),e.src+=\"#?secret=\"+t,e.setAttribute(\"data-secret\",t)),e.contentWindow.postMessage({message:\"ready\",secret:t},\"*\")},!1)))}(window,document);\n\/\/# sourceURL=https:\/\/stuttgarti-katolikusok.de\/wp-includes\/js\/wp-embed.min.js\n\/* ]]> *\/\n<\/script>\n","thumbnail_url":"https:\/\/stuttgarti-katolikusok.de\/wp-content\/uploads\/2017\/03\/az-imadsag.jpg","thumbnail_width":450,"thumbnail_height":353,"description":"Programel\u0151zetes M\u00e1rcius 9-\u00e9n, cs\u00fct\u00f6rt\u00f6k\u00f6n, Ulmban \u00a017.30 kereszt\u00fati \u00e1jtatoss\u00e1g, el\u0151tte gy\u00f3ntat\u00e1s, szentmise. Ut\u00e1na Besz\u00e9lget\u00e9sek a Bibli\u00e1r\u00f3l (B\u0171nb\u00e1nat az \u00d3sz\u00f6vets\u00e9gben). * M\u00e1rcius 10-\u00e9n, p\u00e9nteken, Stuttgartban 16.00 \u00f3rakor a Bar\u00e1ts\u00e1gklub ELMARAD!\u00a018.00 \u00f3r\u00e1t\u00f3l kereszt\u00fati \u00e1jtatoss\u00e1g. \u00a0A szentmise ELMARAD!\u00a0Z\u00fcrichben tartok lelkigyakorlatot. 19.00 \u00f3r\u00e1t\u00f3l Sportklub. * Weingartenben a Marien Kirche-ben, 17.30 kereszt\u00fati \u00e1jtatoss\u00e1g, el\u0151tte gy\u00f3ntat\u00e1s, majd szentmise. Ut\u00e1na Besz\u00e9lget\u00e9sek a Bibli\u00e1r\u00f3l (B\u0171nb\u00e1nat az \u00d3sz\u00f6vets\u00e9gben). * M\u00e1rcius 11-\u00e9n, szombaton, Friedrichshafenben 17.00 \u00f3rakor szentmise, keret\u00e9ben hamvaz\u00e1s, ut\u00e1na \u00e1g\u00e1p\u00e9. * M\u00e1rcius 12-\u00e9n, vas\u00e1rnap, Weingartenben 10.00 \u00f3rakor szentmise, keret\u00e9ben hamvaz\u00e1s, ut\u00e1na \u00e1g\u00e1p\u00e9. Ulmban 15.00 \u00f3rakor szentmise, keret\u00e9ben hamvaz\u00e1s, ut\u00e1na \u00e1g\u00e1p\u00e9. * Minden helyen mindenkit szeretettel v\u00e1r a k\u00f6z\u00f6ss\u00e9g, Imre atya \u00e9s Tibor atya! \u201eAz ima az a kulcs, amellyel reggel kinyitom \u00e9s este bez\u00e1rom a napot.\u201d (Ghandi \u2013 1869-1948 \u2013 indiai aszk\u00e9ta \u00e9s b\u00e9keharcos) Kegyelemteljes nagyb\u00f6jti napokat, j\u00f3 munk\u00e1t, tartalmas besz\u00e9lget\u00e9seket \u00e9s \u00f6r\u00f6mteli tal\u00e1lkoz\u00e1sokat k\u00edv\u00e1nunk minden Kedves H\u00edv\u00fcnknek!"}

Programelőzetes március 6 és 12 között - Stuttgarti Katolikusok

<blockquote class="wp-embedded-content" data-secret="lIwF6ebmKv"><a href="https://stuttgarti-katolikusok.de/index.php/programelozetes-marcius-6-es-12-kozott/">Programelőzetes március 6 és 12 között</a></blockquote><iframe sandbox="allow-scripts" security="restricted" src="https://stuttgarti-katolikusok.de/index.php/programelozetes-marcius-6-es-12-kozott/embed/#?secret=lIwF6ebmKv" width="600" height="338" title="&#8220;Programelőzetes március 6 és 12 között&#8221; &#8212; Stuttgarti Katolikusok" data-secret="lIwF6ebmKv" frameborder="0" marginwidth="0" marginheight="0" scrolling="no" class="wp-embedded-content"></iframe><script type="text/javascript">
/* <![CDATA[ */
/*! This file is auto-generated */
!function(d,l){"use strict";l.querySelector&&d.addEventListener&&"undefined"!=typeof URL&&(d.wp=d.wp||{},d.wp.receiveEmbedMessage||(d.wp.receiveEmbedMessage=function(e){var t=e.data;if((t||t.secret||t.message||t.value)&&!/[^a-zA-Z0-9]/.test(t.secret)){for(var s,r,n,a=l.querySelectorAll('iframe[data-secret="'+t.secret+'"]'),o=l.querySelectorAll('blockquote[data-secret="'+t.secret+'"]'),c=new RegExp("^https?:$","i"),i=0;i<o.length;i++)o[i].style.display="none";for(i=0;i<a.length;i++)s=a[i],e.source===s.contentWindow&&(s.removeAttribute("style"),"height"===t.message?(1e3<(r=parseInt(t.value,10))?r=1e3:~~r<200&&(r=200),s.height=r):"link"===t.message&&(r=new URL(s.getAttribute("src")),n=new URL(t.value),c.test(n.protocol))&&n.host===r.host&&l.activeElement===s&&(d.top.location.href=t.value))}},d.addEventListener("message",d.wp.receiveEmbedMessage,!1),l.addEventListener("DOMContentLoaded",function(){for(var e,t,s=l.querySelectorAll("iframe.wp-embedded-content"),r=0;r<s.length;r++)(t=(e=s[r]).getAttribute("data-secret"))||(t=Math.random().toString(36).substring(2,12),e.src+="#?secret="+t,e.setAttribute("data-secret",t)),e.contentWindow.postMessage({message:"ready",secret:t},"*")},!1)))}(window,document);
//# sourceURL=https://stuttgarti-katolikusok.de/wp-includes/js/wp-embed.min.js
/* ]]> */
</script>

Programelőzetes Március 9-én, csütörtökön, Ulmban  17.30 keresztúti ájtatosság, előtte gyóntatás, szentmise. Utána Beszélgetések a Bibliáról (Bűnbánat az Ószövetségben). * Március 10-én, pénteken, Stuttgartban 16.00 órakor a Barátságklub ELMARAD! 18.00 órától keresztúti ájtatosság.  A szentmise ELMARAD! Zürichben tartok lelkigyakorlatot. 19.00 órától Sportklub. * Weingartenben a Marien Kirche-ben, 17.30 keresztúti ájtatosság, előtte gyóntatás, majd szentmise. Utána Beszélgetések a Bibliáról (Bűnbánat az Ószövetségben). * Március 11-én, szombaton, Friedrichshafenben 17.00 órakor szentmise, keretében hamvazás, utána ágápé. * Március 12-én, vasárnap, Weingartenben 10.00 órakor szentmise, keretében hamvazás, utána ágápé. Ulmban 15.00 órakor szentmise, keretében hamvazás, utána ágápé. * Minden helyen mindenkit szeretettel vár a közösség, Imre atya és Tibor atya! „Az ima az a kulcs, amellyel reggel kinyitom és este bezárom a napot.” (Ghandi – 1869-1948 – indiai aszkéta és békeharcos) Kegyelemteljes nagyböjti napokat, jó munkát, tartalmas beszélgetéseket és örömteli találkozásokat kívánunk minden Kedves Hívünknek!
