{"version":"1.0","provider_name":"Stuttgarti Katolikusok","provider_url":"https:\/\/stuttgarti-katolikusok.de","title":"Programel\u0151zetes m\u00e1rcius 27 \u00e9s \u00e1prilis 2 k\u00f6z\u00f6tt - Stuttgarti Katolikusok","type":"rich","width":600,"height":338,"html":"<blockquote class=\"wp-embedded-content\" data-secret=\"EtapZBI2uH\"><a href=\"https:\/\/stuttgarti-katolikusok.de\/index.php\/programelozetes-marcius-27-es-aprilis-2-kozott\/\">Programel\u0151zetes m\u00e1rcius 27 \u00e9s \u00e1prilis 2 k\u00f6z\u00f6tt<\/a><\/blockquote><iframe sandbox=\"allow-scripts\" security=\"restricted\" src=\"https:\/\/stuttgarti-katolikusok.de\/index.php\/programelozetes-marcius-27-es-aprilis-2-kozott\/embed\/#?secret=EtapZBI2uH\" width=\"600\" height=\"338\" title=\"&#8220;Programel\u0151zetes m\u00e1rcius 27 \u00e9s \u00e1prilis 2 k\u00f6z\u00f6tt&#8221; &#8212; Stuttgarti Katolikusok\" data-secret=\"EtapZBI2uH\" frameborder=\"0\" marginwidth=\"0\" marginheight=\"0\" scrolling=\"no\" class=\"wp-embedded-content\"><\/iframe><script type=\"text\/javascript\">\n\/* <![CDATA[ *\/\n\/*! This file is auto-generated *\/\n!function(d,l){\"use strict\";l.querySelector&&d.addEventListener&&\"undefined\"!=typeof URL&&(d.wp=d.wp||{},d.wp.receiveEmbedMessage||(d.wp.receiveEmbedMessage=function(e){var t=e.data;if((t||t.secret||t.message||t.value)&&!\/[^a-zA-Z0-9]\/.test(t.secret)){for(var s,r,n,a=l.querySelectorAll('iframe[data-secret=\"'+t.secret+'\"]'),o=l.querySelectorAll('blockquote[data-secret=\"'+t.secret+'\"]'),c=new RegExp(\"^https?:$\",\"i\"),i=0;i<o.length;i++)o[i].style.display=\"none\";for(i=0;i<a.length;i++)s=a[i],e.source===s.contentWindow&&(s.removeAttribute(\"style\"),\"height\"===t.message?(1e3<(r=parseInt(t.value,10))?r=1e3:~~r<200&&(r=200),s.height=r):\"link\"===t.message&&(r=new URL(s.getAttribute(\"src\")),n=new URL(t.value),c.test(n.protocol))&&n.host===r.host&&l.activeElement===s&&(d.top.location.href=t.value))}},d.addEventListener(\"message\",d.wp.receiveEmbedMessage,!1),l.addEventListener(\"DOMContentLoaded\",function(){for(var e,t,s=l.querySelectorAll(\"iframe.wp-embedded-content\"),r=0;r<s.length;r++)(t=(e=s[r]).getAttribute(\"data-secret\"))||(t=Math.random().toString(36).substring(2,12),e.src+=\"#?secret=\"+t,e.setAttribute(\"data-secret\",t)),e.contentWindow.postMessage({message:\"ready\",secret:t},\"*\")},!1)))}(window,document);\n\/\/# sourceURL=https:\/\/stuttgarti-katolikusok.de\/wp-includes\/js\/wp-embed.min.js\n\/* ]]> *\/\n<\/script>\n","description":"Programel\u0151zetes M\u00e1rcius 30-\u00e1n, cs\u00fct\u00f6rt\u00f6k\u00f6n 17.30 \u00f3r\u00e1t\u00f3l Ulmban kereszt\u00fati \u00e1jtatoss\u00e1g, el\u0151tte gy\u00f3ntat\u00e1s, szentmise. Ut\u00e1na Besz\u00e9lget\u00e9sek a Bibli\u00e1r\u00f3l \/b\u0171nb\u00e1nat az \u00d3sz\u00f6vets\u00e9gben\/. * M\u00e1rcius 31-e \u00e9s \u00e1prilis 2-a k\u00f6z\u00f6tt STUTTGARTI CSENDES NAPOK. \u00a0 M\u00e1rcius 31-\u00e9n, p\u00e9nteken, 16.00 \u00f3rakor Bar\u00e1ts\u00e1gklub. 17.50 \u00f3rakor kereszt\u00fati \u00e1jtatoss\u00e1g. Ut\u00e1na szentmise, a lelkigyakorlatok kezdete: Puszta, csend (ut\u00e1na gy\u00f3ntat\u00e1s). Moder\u00e1tor: P. F\u0151cze Bonavent\u00fara, ferences atya D\u00e9v\u00e1r\u00f3l. Weingartenben, a Marien Kirche-ben, 18.30 kereszt\u00fati \u00e1jtatoss\u00e1g, el\u0151tte gy\u00f3ntat\u00e1s, majd szentmise. Ut\u00e1na Besz\u00e9lget\u00e9sek a Bibli\u00e1r\u00f3l \/b\u0171nb\u00e1nat az \u00d3sz\u00f6vets\u00e9gben\/. * \u00c1prilis 1-j\u00e9n, szombaton, Stuttgartban folytat\u00f3dik a lelkigyakorlat. 9.00\u00a0\u00a0\u00a0\u00a0\u00a0\u00a0\u00a0\u00a0\u00a0\u00a0\u00a0\u00a0\u00a0\u00a0\u00a0\u00a0 gy\u00fclekez\u0151 \u00e9s k\u00f6z\u00f6s reggeli 10.00 \u00a0\u00a0 \u00a0\u00a0\u00a0\u00a0\u00a0\u00a0\u00a0\u00a0\u00a0\u00a0\u00a0 I. elm\u00e9lked\u00e9s: Mag\u00e1nyoss\u00e1g (ut\u00e1na gy\u00f3ntat\u00e1s) 11.00 \u00a0\u00a0\u00a0\u00a0\u00a0\u00a0\u00a0\u00a0\u00a0\u00a0\u00a0\u00a0\u00a0 II. elm\u00e9lked\u00e9s: K\u00eds\u00e9rt\u00e9s (ut\u00e1na gy\u00f3ntat\u00e1s) 12.00 \u00a0\u00a0 \u00a0\u00a0\u00a0\u00a0\u00a0\u00a0\u00a0\u00a0\u00a0\u00a0\u00a0 k\u00f6z\u00f6s eb\u00e9d 13.30 \u00a0\u00a0\u00a0\u00a0\u00a0\u00a0\u00a0\u00a0\u00a0\u00a0\u00a0\u00a0\u00a0 kereszt\u00fati \u00e1jtatoss\u00e1g\u00a0 (alatta gy\u00f3ntat\u00e1s) 14.30 \u00a0\u00a0\u00a0\u00a0\u00a0\u00a0\u00a0\u00a0\u00a0\u00a0\u00a0\u00a0\u00a0 III. elm\u00e9lked\u00e9s: A puszt\u00e1ban \u2013 mag\u00e1nyomban \u2013 Istennel val\u00f3 tal\u00e1lkoz\u00e1saim (ut\u00e1na \u00a0\u00a0\u00a0\u00a0\u00a0\u00a0\u00a0\u00a0\u00a0\u00a0\u00a0 \u00a0\u00a0\u00a0\u00a0\u00a0\u00a0\u00a0\u00a0\u00a0\u00a0\u00a0 el\u0151k\u00e9sz\u00fclet a szentmis\u00e9re) 15.30 \u00a0\u00a0\u00a0\u00a0\u00a0\u00a0\u00a0\u00a0\u00a0\u00a0\u00a0\u00a0\u00a0 IV. elm\u00e9lked\u00e9s (szentmise keret\u00e9ben): B\u0171nb\u00e1nat Balingenben 17.00 \u00f3rakor szentmise. El\u0151tte gy\u00f3ntat\u00e1s, ut\u00e1na \u00e1g\u00e1p\u00e9. Keret\u00e9ben el\u0151ad\u00e1s a nagyb\u00f6jtr\u0151l. * \u00c1prilis 2-\u00e1n, vas\u00e1rnap 9.00 \u00f3rakor Munderkingenben \u00a0szentmise. El\u0151tte gy\u00f3ntat\u00e1s. 9.30 \u00f3rakor Schw\u00e4bisch-Gm\u00fcndben szentmise. Keret\u00e9ben a Stuttgarti Csendes Napok befejez\u0151 elm\u00e9lked\u00e9se. El\u0151tte gy\u00f3ntat\u00e1s, ut\u00e1na \u00e1g\u00e1p\u00e9. 15.00 \u00f3rakor Stuttgartban szentmise. Keret\u00e9ben a Stuttgarti Csendes Napok befejez\u0151 elm\u00e9lked\u00e9se \u2013 \u00e9s \u00c1rp\u00e1dh\u00e1zi Szent Erzs\u00e9bet erekly\u00e9inek \u00e1tv\u00e9tele. Ut\u00e1na \u00e1g\u00e1p\u00e9. Alatta a Kisk\u00f6nyvt\u00e1rban els\u0151\u00e1ldoz\u00f3k el\u0151k\u00e9sz\u00edt\u0151je. Minden helyen mindenkit szeretettel v\u00e1r a k\u00f6z\u00f6ss\u00e9g, Imre atya \u00e9s Tibor atya! \u201eAki \u00e9let\u00e9b\u0151l kiveszi a keresztet, a koron\u00e1j\u00e1t\u00f3l fosztja meg azt\u201d. (Walter Goes \u2013 *1950 \u2013 n\u00e9met m\u0171v\u00e9sz) Kegyelemteljes nagyb\u00f6jti napokat, j\u00f3 munk\u00e1t, tartalmas besz\u00e9lget\u00e9seket \u00e9s \u00f6r\u00f6mteli tal\u00e1lkoz\u00e1sokat k\u00edv\u00e1nunk minden Kedves H\u00edv\u00fcnknek! \u00a0"}

Programelőzetes március 27 és április 2 között - Stuttgarti Katolikusok

<blockquote class="wp-embedded-content" data-secret="EtapZBI2uH"><a href="https://stuttgarti-katolikusok.de/index.php/programelozetes-marcius-27-es-aprilis-2-kozott/">Programelőzetes március 27 és április 2 között</a></blockquote><iframe sandbox="allow-scripts" security="restricted" src="https://stuttgarti-katolikusok.de/index.php/programelozetes-marcius-27-es-aprilis-2-kozott/embed/#?secret=EtapZBI2uH" width="600" height="338" title="&#8220;Programelőzetes március 27 és április 2 között&#8221; &#8212; Stuttgarti Katolikusok" data-secret="EtapZBI2uH" frameborder="0" marginwidth="0" marginheight="0" scrolling="no" class="wp-embedded-content"></iframe><script type="text/javascript">
/* <![CDATA[ */
/*! This file is auto-generated */
!function(d,l){"use strict";l.querySelector&&d.addEventListener&&"undefined"!=typeof URL&&(d.wp=d.wp||{},d.wp.receiveEmbedMessage||(d.wp.receiveEmbedMessage=function(e){var t=e.data;if((t||t.secret||t.message||t.value)&&!/[^a-zA-Z0-9]/.test(t.secret)){for(var s,r,n,a=l.querySelectorAll('iframe[data-secret="'+t.secret+'"]'),o=l.querySelectorAll('blockquote[data-secret="'+t.secret+'"]'),c=new RegExp("^https?:$","i"),i=0;i<o.length;i++)o[i].style.display="none";for(i=0;i<a.length;i++)s=a[i],e.source===s.contentWindow&&(s.removeAttribute("style"),"height"===t.message?(1e3<(r=parseInt(t.value,10))?r=1e3:~~r<200&&(r=200),s.height=r):"link"===t.message&&(r=new URL(s.getAttribute("src")),n=new URL(t.value),c.test(n.protocol))&&n.host===r.host&&l.activeElement===s&&(d.top.location.href=t.value))}},d.addEventListener("message",d.wp.receiveEmbedMessage,!1),l.addEventListener("DOMContentLoaded",function(){for(var e,t,s=l.querySelectorAll("iframe.wp-embedded-content"),r=0;r<s.length;r++)(t=(e=s[r]).getAttribute("data-secret"))||(t=Math.random().toString(36).substring(2,12),e.src+="#?secret="+t,e.setAttribute("data-secret",t)),e.contentWindow.postMessage({message:"ready",secret:t},"*")},!1)))}(window,document);
//# sourceURL=https://stuttgarti-katolikusok.de/wp-includes/js/wp-embed.min.js
/* ]]> */
</script>

Programelőzetes Március 30-án, csütörtökön 17.30 órától Ulmban keresztúti ájtatosság, előtte gyóntatás, szentmise. Utána Beszélgetések a Bibliáról /bűnbánat az Ószövetségben/. * Március 31-e és április 2-a között STUTTGARTI CSENDES NAPOK.   Március 31-én, pénteken, 16.00 órakor Barátságklub. 17.50 órakor keresztúti ájtatosság. Utána szentmise, a lelkigyakorlatok kezdete: Puszta, csend (utána gyóntatás). Moderátor: P. Főcze Bonaventúra, ferences atya Déváról. Weingartenben, a Marien Kirche-ben, 18.30 keresztúti ájtatosság, előtte gyóntatás, majd szentmise. Utána Beszélgetések a Bibliáról /bűnbánat az Ószövetségben/. * Április 1-jén, szombaton, Stuttgartban folytatódik a lelkigyakorlat. 9.00                 gyülekező és közös reggeli 10.00                I. elmélkedés: Magányosság (utána gyóntatás) 11.00               II. elmélkedés: Kísértés (utána gyóntatás) 12.00                közös ebéd 13.30               keresztúti ájtatosság  (alatta gyóntatás) 14.30               III. elmélkedés: A pusztában – magányomban – Istennel való találkozásaim (utána                         előkészület a szentmisére) 15.30               IV. elmélkedés (szentmise keretében): Bűnbánat Balingenben 17.00 órakor szentmise. Előtte gyóntatás, utána ágápé. Keretében előadás a nagyböjtről. * Április 2-án, vasárnap 9.00 órakor Munderkingenben  szentmise. Előtte gyóntatás. 9.30 órakor Schwäbisch-Gmündben szentmise. Keretében a Stuttgarti Csendes Napok befejező elmélkedése. Előtte gyóntatás, utána ágápé. 15.00 órakor Stuttgartban szentmise. Keretében a Stuttgarti Csendes Napok befejező elmélkedése – és Árpádházi Szent Erzsébet ereklyéinek átvétele. Utána ágápé. Alatta a Kiskönyvtárban elsőáldozók előkészítője. Minden helyen mindenkit szeretettel vár a közösség, Imre atya és Tibor atya! „Aki életéből kiveszi a keresztet, a koronájától fosztja meg azt”. (Walter Goes – *1950 – német művész) Kegyelemteljes nagyböjti napokat, jó munkát, tartalmas beszélgetéseket és örömteli találkozásokat kívánunk minden Kedves Hívünknek!
