{"version":"1.0","provider_name":"Stuttgarti Katolikusok","provider_url":"https:\/\/stuttgarti-katolikusok.de","title":"Programel\u0151zetes m\u00e1rcius 21 \u00e9s \u00e1prilis 3 k\u00f6z\u00f6tt - Stuttgarti Katolikusok","type":"rich","width":600,"height":338,"html":"<blockquote class=\"wp-embedded-content\" data-secret=\"Q9hqwyAmMU\"><a href=\"https:\/\/stuttgarti-katolikusok.de\/index.php\/programelozetes-marcius-21-es-aprilis-3-kozott\/\">Programel\u0151zetes m\u00e1rcius 21 \u00e9s \u00e1prilis 3 k\u00f6z\u00f6tt<\/a><\/blockquote><iframe sandbox=\"allow-scripts\" security=\"restricted\" src=\"https:\/\/stuttgarti-katolikusok.de\/index.php\/programelozetes-marcius-21-es-aprilis-3-kozott\/embed\/#?secret=Q9hqwyAmMU\" width=\"600\" height=\"338\" title=\"&#8220;Programel\u0151zetes m\u00e1rcius 21 \u00e9s \u00e1prilis 3 k\u00f6z\u00f6tt&#8221; &#8212; Stuttgarti Katolikusok\" data-secret=\"Q9hqwyAmMU\" frameborder=\"0\" marginwidth=\"0\" marginheight=\"0\" scrolling=\"no\" class=\"wp-embedded-content\"><\/iframe><script type=\"text\/javascript\">\n\/* <![CDATA[ *\/\n\/*! This file is auto-generated *\/\n!function(d,l){\"use strict\";l.querySelector&&d.addEventListener&&\"undefined\"!=typeof URL&&(d.wp=d.wp||{},d.wp.receiveEmbedMessage||(d.wp.receiveEmbedMessage=function(e){var t=e.data;if((t||t.secret||t.message||t.value)&&!\/[^a-zA-Z0-9]\/.test(t.secret)){for(var s,r,n,a=l.querySelectorAll('iframe[data-secret=\"'+t.secret+'\"]'),o=l.querySelectorAll('blockquote[data-secret=\"'+t.secret+'\"]'),c=new RegExp(\"^https?:$\",\"i\"),i=0;i<o.length;i++)o[i].style.display=\"none\";for(i=0;i<a.length;i++)s=a[i],e.source===s.contentWindow&&(s.removeAttribute(\"style\"),\"height\"===t.message?(1e3<(r=parseInt(t.value,10))?r=1e3:~~r<200&&(r=200),s.height=r):\"link\"===t.message&&(r=new URL(s.getAttribute(\"src\")),n=new URL(t.value),c.test(n.protocol))&&n.host===r.host&&l.activeElement===s&&(d.top.location.href=t.value))}},d.addEventListener(\"message\",d.wp.receiveEmbedMessage,!1),l.addEventListener(\"DOMContentLoaded\",function(){for(var e,t,s=l.querySelectorAll(\"iframe.wp-embedded-content\"),r=0;r<s.length;r++)(t=(e=s[r]).getAttribute(\"data-secret\"))||(t=Math.random().toString(36).substring(2,12),e.src+=\"#?secret=\"+t,e.setAttribute(\"data-secret\",t)),e.contentWindow.postMessage({message:\"ready\",secret:t},\"*\")},!1)))}(window,document);\n\/\/# sourceURL=https:\/\/stuttgarti-katolikusok.de\/wp-includes\/js\/wp-embed.min.js\n\/* ]]> *\/\n<\/script>\n","description":"Programel\u0151zetes M\u00c1RCIUS 24-\u00c9N, NAGYCS\u00dcT\u00d6RT\u00d6K\u00d6N 19.00 \u00f3rakor Stuttgartban, 19.00 \u00f3rakor Weingartenben szentmise. M\u00c1RCIUS 25-\u00c9N, NAGYP\u00c9NTEKEN 15.00 \u00f3rakor Weingartenben, 18.00 \u00f3rakor Stuttgartban nagyp\u00e9nteki szertart\u00e1s. M\u00c1RCIUS 26-\u00c1N, NAGYSZOMBATON 20.00 \u00f3rakor Stuttgartban, 20.00 \u00f3rakor Weingartenben felt\u00e1mad\u00e1si szertart\u00e1s \u00e9s szentmise. M\u00c1RCIUS 27-\u00c9N, H\u00daSV\u00c9TVAS\u00c1RNAP 08.45 \u00f3rakor Biberachban, 09.30 \u00f3rakor B\u00f6blingenben, 10.00 \u00f3rakor Weingartenben, 12.00 \u00f3rakor Stuttgartban, 15.00 \u00f3rakor Ulmban, 15.30 \u00f3rakor Heilbronnban \u00fcnnepi szentmise. M\u00c1RCIUS 28-\u00c1N, H\u00daSV\u00c9TH\u00c9TF\u0150N 10.30 \u00f3rakor Stuttgartban n\u00e9met-magyar nyelv\u0171 szentmise. * \u00c1prilis 1-j\u00e9n, p\u00e9nteken, Stuttgartban, 18.00 \u00f3orakor szentmise. Ut\u00e1na Imak\u00f6r: im\u00e1d\u00e1sunk, h\u00e1l\u00e1nk \u00e9s k\u00e9r\u00e9seink felaj\u00e1nl\u00e1sa J\u00e9zusnak, a legm\u00e9lt\u00f3s\u00e1gosabb Olt\u00e1riszents\u00e9gben. Mindenkit szeretettel v\u00e1r a k\u00f6z\u00f6ss\u00e9g \u00e9s Imre atya! Weingartenben, a St. Marien-templomban 19.00 \u00f3r\u00e1t\u00f3l szentmise. El\u0151tte gy\u00f3ntat\u00e1s, ut\u00e1na Bibliak\u00f6r (Kivonul\u00e1s K\u00f6nyve). Mindenkit szeretettel v\u00e1r a k\u00f6z\u00f6ss\u00e9g \u00e9s Tibor atya! * \u00c1prilis 2-\u00e1n, szombaton, Balingenben, 17.00 \u00f3rakor szentmise. El\u0151tte gy\u00f3ntat\u00e1s, ut\u00e1na \u00e1g\u00e1p\u00e9. Mindenkit szeretettel v\u00e1r a k\u00f6z\u00f6ss\u00e9g \u00e9s Tibor atya! * \u00c1prilis 3-\u00e1n, vas\u00e1rnap, Munderkingenben, 9.00 \u00f3rakor szentmise. El\u0151tte gy\u00f3ntat\u00e1s. Mindenkit szeretettel v\u00e1r a k\u00f6z\u00f6ss\u00e9g \u00e9s Tibor atya! Schw\u00e4bisch-Gm\u00fcndben 9.30 \u00f3rakor szentmise. Ut\u00e1na \u00e1g\u00e1p\u00e9. Mindenkit szeretettel v\u00e1r a k\u00f6z\u00f6ss\u00e9g \u00e9s Imre atya! Stuttgartban 15.00 \u00f3rakor szentmise. Keret\u00e9ben lektor-avat\u00e1s. Ut\u00e1na \u00e1g\u00e1p\u00e9. Mindenkit szeretettel v\u00e1r a k\u00f6z\u00f6ss\u00e9g \u00e9s Imre atya! \u201eA kereszt az egyik oldala annak, aminek a m\u00e1sik oldal\u00e1t felt\u00e1mad\u00e1snak h\u00edvjuk.\u201d Kellemes H\u00fasv\u00e9ti \u00dcnnepeket k\u00edv\u00e1nunk minden H\u00edv\u00fcnknek, \u00e9s minden j\u00f3sz\u00e1nd\u00e9k\u00fa embernek Egyh\u00e1zk\u00f6zs\u00e9g\u00fcnk (Misszi\u00f3nk) ter\u00fclet\u00e9n!"}

Programelőzetes március 21 és április 3 között - Stuttgarti Katolikusok

<blockquote class="wp-embedded-content" data-secret="Q9hqwyAmMU"><a href="https://stuttgarti-katolikusok.de/index.php/programelozetes-marcius-21-es-aprilis-3-kozott/">Programelőzetes március 21 és április 3 között</a></blockquote><iframe sandbox="allow-scripts" security="restricted" src="https://stuttgarti-katolikusok.de/index.php/programelozetes-marcius-21-es-aprilis-3-kozott/embed/#?secret=Q9hqwyAmMU" width="600" height="338" title="&#8220;Programelőzetes március 21 és április 3 között&#8221; &#8212; Stuttgarti Katolikusok" data-secret="Q9hqwyAmMU" frameborder="0" marginwidth="0" marginheight="0" scrolling="no" class="wp-embedded-content"></iframe><script type="text/javascript">
/* <![CDATA[ */
/*! This file is auto-generated */
!function(d,l){"use strict";l.querySelector&&d.addEventListener&&"undefined"!=typeof URL&&(d.wp=d.wp||{},d.wp.receiveEmbedMessage||(d.wp.receiveEmbedMessage=function(e){var t=e.data;if((t||t.secret||t.message||t.value)&&!/[^a-zA-Z0-9]/.test(t.secret)){for(var s,r,n,a=l.querySelectorAll('iframe[data-secret="'+t.secret+'"]'),o=l.querySelectorAll('blockquote[data-secret="'+t.secret+'"]'),c=new RegExp("^https?:$","i"),i=0;i<o.length;i++)o[i].style.display="none";for(i=0;i<a.length;i++)s=a[i],e.source===s.contentWindow&&(s.removeAttribute("style"),"height"===t.message?(1e3<(r=parseInt(t.value,10))?r=1e3:~~r<200&&(r=200),s.height=r):"link"===t.message&&(r=new URL(s.getAttribute("src")),n=new URL(t.value),c.test(n.protocol))&&n.host===r.host&&l.activeElement===s&&(d.top.location.href=t.value))}},d.addEventListener("message",d.wp.receiveEmbedMessage,!1),l.addEventListener("DOMContentLoaded",function(){for(var e,t,s=l.querySelectorAll("iframe.wp-embedded-content"),r=0;r<s.length;r++)(t=(e=s[r]).getAttribute("data-secret"))||(t=Math.random().toString(36).substring(2,12),e.src+="#?secret="+t,e.setAttribute("data-secret",t)),e.contentWindow.postMessage({message:"ready",secret:t},"*")},!1)))}(window,document);
//# sourceURL=https://stuttgarti-katolikusok.de/wp-includes/js/wp-embed.min.js
/* ]]> */
</script>

Programelőzetes MÁRCIUS 24-ÉN, NAGYCSÜTÖRTÖKÖN 19.00 órakor Stuttgartban, 19.00 órakor Weingartenben szentmise. MÁRCIUS 25-ÉN, NAGYPÉNTEKEN 15.00 órakor Weingartenben, 18.00 órakor Stuttgartban nagypénteki szertartás. MÁRCIUS 26-ÁN, NAGYSZOMBATON 20.00 órakor Stuttgartban, 20.00 órakor Weingartenben feltámadási szertartás és szentmise. MÁRCIUS 27-ÉN, HÚSVÉTVASÁRNAP 08.45 órakor Biberachban, 09.30 órakor Böblingenben, 10.00 órakor Weingartenben, 12.00 órakor Stuttgartban, 15.00 órakor Ulmban, 15.30 órakor Heilbronnban ünnepi szentmise. MÁRCIUS 28-ÁN, HÚSVÉTHÉTFŐN 10.30 órakor Stuttgartban német-magyar nyelvű szentmise. * Április 1-jén, pénteken, Stuttgartban, 18.00 óorakor szentmise. Utána Imakör: imádásunk, hálánk és kéréseink felajánlása Jézusnak, a legméltóságosabb Oltáriszentségben. Mindenkit szeretettel vár a közösség és Imre atya! Weingartenben, a St. Marien-templomban 19.00 órától szentmise. Előtte gyóntatás, utána Bibliakör (Kivonulás Könyve). Mindenkit szeretettel vár a közösség és Tibor atya! * Április 2-án, szombaton, Balingenben, 17.00 órakor szentmise. Előtte gyóntatás, utána ágápé. Mindenkit szeretettel vár a közösség és Tibor atya! * Április 3-án, vasárnap, Munderkingenben, 9.00 órakor szentmise. Előtte gyóntatás. Mindenkit szeretettel vár a közösség és Tibor atya! Schwäbisch-Gmündben 9.30 órakor szentmise. Utána ágápé. Mindenkit szeretettel vár a közösség és Imre atya! Stuttgartban 15.00 órakor szentmise. Keretében lektor-avatás. Utána ágápé. Mindenkit szeretettel vár a közösség és Imre atya! „A kereszt az egyik oldala annak, aminek a másik oldalát feltámadásnak hívjuk.” Kellemes Húsvéti Ünnepeket kívánunk minden Hívünknek, és minden jószándékú embernek Egyházközségünk (Missziónk) területén!
