{"version":"1.0","provider_name":"Stuttgarti Katolikusok","provider_url":"https:\/\/stuttgarti-katolikusok.de","title":"Programel\u0151zetes m\u00e1rcius 20 \u00e9s 26 k\u00f6z\u00f6tt - Stuttgarti Katolikusok","type":"rich","width":600,"height":338,"html":"<blockquote class=\"wp-embedded-content\" data-secret=\"6PWtUsfimz\"><a href=\"https:\/\/stuttgarti-katolikusok.de\/index.php\/programelozetes-marcius-20-es-26-kozott\/\">Programel\u0151zetes m\u00e1rcius 20 \u00e9s 26 k\u00f6z\u00f6tt<\/a><\/blockquote><iframe sandbox=\"allow-scripts\" security=\"restricted\" src=\"https:\/\/stuttgarti-katolikusok.de\/index.php\/programelozetes-marcius-20-es-26-kozott\/embed\/#?secret=6PWtUsfimz\" width=\"600\" height=\"338\" title=\"&#8220;Programel\u0151zetes m\u00e1rcius 20 \u00e9s 26 k\u00f6z\u00f6tt&#8221; &#8212; Stuttgarti Katolikusok\" data-secret=\"6PWtUsfimz\" frameborder=\"0\" marginwidth=\"0\" marginheight=\"0\" scrolling=\"no\" class=\"wp-embedded-content\"><\/iframe><script type=\"text\/javascript\">\n\/* <![CDATA[ *\/\n\/*! This file is auto-generated *\/\n!function(d,l){\"use strict\";l.querySelector&&d.addEventListener&&\"undefined\"!=typeof URL&&(d.wp=d.wp||{},d.wp.receiveEmbedMessage||(d.wp.receiveEmbedMessage=function(e){var t=e.data;if((t||t.secret||t.message||t.value)&&!\/[^a-zA-Z0-9]\/.test(t.secret)){for(var s,r,n,a=l.querySelectorAll('iframe[data-secret=\"'+t.secret+'\"]'),o=l.querySelectorAll('blockquote[data-secret=\"'+t.secret+'\"]'),c=new RegExp(\"^https?:$\",\"i\"),i=0;i<o.length;i++)o[i].style.display=\"none\";for(i=0;i<a.length;i++)s=a[i],e.source===s.contentWindow&&(s.removeAttribute(\"style\"),\"height\"===t.message?(1e3<(r=parseInt(t.value,10))?r=1e3:~~r<200&&(r=200),s.height=r):\"link\"===t.message&&(r=new URL(s.getAttribute(\"src\")),n=new URL(t.value),c.test(n.protocol))&&n.host===r.host&&l.activeElement===s&&(d.top.location.href=t.value))}},d.addEventListener(\"message\",d.wp.receiveEmbedMessage,!1),l.addEventListener(\"DOMContentLoaded\",function(){for(var e,t,s=l.querySelectorAll(\"iframe.wp-embedded-content\"),r=0;r<s.length;r++)(t=(e=s[r]).getAttribute(\"data-secret\"))||(t=Math.random().toString(36).substring(2,12),e.src+=\"#?secret=\"+t,e.setAttribute(\"data-secret\",t)),e.contentWindow.postMessage({message:\"ready\",secret:t},\"*\")},!1)))}(window,document);\n\/\/# sourceURL=https:\/\/stuttgarti-katolikusok.de\/wp-includes\/js\/wp-embed.min.js\n\/* ]]> *\/\n<\/script>\n","description":"Programel\u0151zetes M\u00e1rcius 23-\u00e1n, cs\u00fct\u00f6rt\u00f6k\u00f6n, 17.30 \u00f3rakor Ulmban kereszt\u00fati \u00e1jtatoss\u00e1g, el\u0151tte gy\u00f3ntat\u00e1s, szentmise. Ut\u00e1na Besz\u00e9lget\u00e9sek a Bibli\u00e1r\u00f3l \/b\u0171nb\u00e1nat az \u00d3sz\u00f6vets\u00e9gben\/. * M\u00e1rcius 24-\u00e9n, p\u00e9nteken, Stuttgartban 16.00 \u00f3rakor Bar\u00e1ts\u00e1gklub. 18.00 \u00f3rakor kereszt\u00fati \u00e1jtatoss\u00e1g, ut\u00e1na szentmise, keret\u00e9ben P\u00e9nteki Egyetem. 19.00 \u00f3r\u00e1t\u00f3l Sportklub \u00e9s K\u00f3rus. Weingartenben a Marien Kirche-ben, 17.30 kereszt\u00fati \u00e1jtatoss\u00e1g, el\u0151tte gy\u00f3ntat\u00e1s, szentmise. Ut\u00e1na Besz\u00e9lget\u00e9sek a Bibli\u00e1r\u00f3l \/b\u0171nb\u00e1nat az \u00d3sz\u00f6vets\u00e9gben\/. * M\u00e1rcius 25-\u00e9n, szombaton, Heidenheimban 14.30 \u00f3rakor el\u0151ad\u00e1s nagyb\u00f6jtr\u0151l, 15.30 \u00f3rakor szentmise, ut\u00e1na \u00e1g\u00e1p\u00e9. 16.30 \u00f3rakor Reutlingenben szentmise, majd ut\u00e1na \u00e1g\u00e1p\u00e9. * M\u00e1rcius 26-\u00e1n, vas\u00e1rnap, 8.45 \u00f3rakor Biberachban szentmise, majd \u00e1g\u00e1p\u00e9. Keret\u00e9ben el\u0151ad\u00e1s a nagyb\u00f6jtr\u0151l. 9.30 \u00f3rakor B\u00f6blingenben szentmise, ut\u00e1na \u00e1g\u00e1p\u00e9. 12.00 \u00f3rakor Ulmban szentmise. 15.30 \u00f3rakor Heilbronnban szentmise, ut\u00e1na \u00e1g\u00e1p\u00e9. 15.00 \u00f3rakor Eislingenben szentmise, majd \u00e1g\u00e1p\u00e9. Keret\u00e9ben el\u0151ad\u00e1s a nagyb\u00f6jtr\u0151l. 19.00 \u00f3rakor Stuttgartban, a Bruder Klaus templomban Ella Istv\u00e1n Liszt-d\u00edjas orgonam\u0171v\u00e9sz \u00e9s a budapesti Bach K\u00f3rus hangverselyt ad Kod\u00e1ly Zolt\u00e1n m\u0171veib\u0151l. Minden helyen mindenkit szeretettel v\u00e1r a k\u00f6z\u00f6ss\u00e9g, Imre atya \u00e9s Tibor atya! \u201eAz a t\u00e9ny, hogy az id\u0151 visszahozhatatlanul elm\u00falik, az adja meg a jelen \u00f3r\u00e1nak \u00e9s percnek kifejezhetetlen \u00e9rt\u00e9k\u00e9t!\u201d (Paul Althaus \u2013 1888 \u2013 1966 \u2013 n\u00e9met evang\u00e9likus teol\u00f3gus) Kegyelemteljes nagyb\u00f6jti napokat, j\u00f3 munk\u00e1t, tartalmas besz\u00e9lget\u00e9seket \u00e9s \u00f6r\u00f6mteli tal\u00e1lkoz\u00e1sokat k\u00edv\u00e1nunk minden Kedves H\u00edv\u00fcnknek!"}

Programelőzetes március 20 és 26 között - Stuttgarti Katolikusok

<blockquote class="wp-embedded-content" data-secret="6PWtUsfimz"><a href="https://stuttgarti-katolikusok.de/index.php/programelozetes-marcius-20-es-26-kozott/">Programelőzetes március 20 és 26 között</a></blockquote><iframe sandbox="allow-scripts" security="restricted" src="https://stuttgarti-katolikusok.de/index.php/programelozetes-marcius-20-es-26-kozott/embed/#?secret=6PWtUsfimz" width="600" height="338" title="&#8220;Programelőzetes március 20 és 26 között&#8221; &#8212; Stuttgarti Katolikusok" data-secret="6PWtUsfimz" frameborder="0" marginwidth="0" marginheight="0" scrolling="no" class="wp-embedded-content"></iframe><script type="text/javascript">
/* <![CDATA[ */
/*! This file is auto-generated */
!function(d,l){"use strict";l.querySelector&&d.addEventListener&&"undefined"!=typeof URL&&(d.wp=d.wp||{},d.wp.receiveEmbedMessage||(d.wp.receiveEmbedMessage=function(e){var t=e.data;if((t||t.secret||t.message||t.value)&&!/[^a-zA-Z0-9]/.test(t.secret)){for(var s,r,n,a=l.querySelectorAll('iframe[data-secret="'+t.secret+'"]'),o=l.querySelectorAll('blockquote[data-secret="'+t.secret+'"]'),c=new RegExp("^https?:$","i"),i=0;i<o.length;i++)o[i].style.display="none";for(i=0;i<a.length;i++)s=a[i],e.source===s.contentWindow&&(s.removeAttribute("style"),"height"===t.message?(1e3<(r=parseInt(t.value,10))?r=1e3:~~r<200&&(r=200),s.height=r):"link"===t.message&&(r=new URL(s.getAttribute("src")),n=new URL(t.value),c.test(n.protocol))&&n.host===r.host&&l.activeElement===s&&(d.top.location.href=t.value))}},d.addEventListener("message",d.wp.receiveEmbedMessage,!1),l.addEventListener("DOMContentLoaded",function(){for(var e,t,s=l.querySelectorAll("iframe.wp-embedded-content"),r=0;r<s.length;r++)(t=(e=s[r]).getAttribute("data-secret"))||(t=Math.random().toString(36).substring(2,12),e.src+="#?secret="+t,e.setAttribute("data-secret",t)),e.contentWindow.postMessage({message:"ready",secret:t},"*")},!1)))}(window,document);
//# sourceURL=https://stuttgarti-katolikusok.de/wp-includes/js/wp-embed.min.js
/* ]]> */
</script>

Programelőzetes Március 23-án, csütörtökön, 17.30 órakor Ulmban keresztúti ájtatosság, előtte gyóntatás, szentmise. Utána Beszélgetések a Bibliáról /bűnbánat az Ószövetségben/. * Március 24-én, pénteken, Stuttgartban 16.00 órakor Barátságklub. 18.00 órakor keresztúti ájtatosság, utána szentmise, keretében Pénteki Egyetem. 19.00 órától Sportklub és Kórus. Weingartenben a Marien Kirche-ben, 17.30 keresztúti ájtatosság, előtte gyóntatás, szentmise. Utána Beszélgetések a Bibliáról /bűnbánat az Ószövetségben/. * Március 25-én, szombaton, Heidenheimban 14.30 órakor előadás nagyböjtről, 15.30 órakor szentmise, utána ágápé. 16.30 órakor Reutlingenben szentmise, majd utána ágápé. * Március 26-án, vasárnap, 8.45 órakor Biberachban szentmise, majd ágápé. Keretében előadás a nagyböjtről. 9.30 órakor Böblingenben szentmise, utána ágápé. 12.00 órakor Ulmban szentmise. 15.30 órakor Heilbronnban szentmise, utána ágápé. 15.00 órakor Eislingenben szentmise, majd ágápé. Keretében előadás a nagyböjtről. 19.00 órakor Stuttgartban, a Bruder Klaus templomban Ella István Liszt-díjas orgonaművész és a budapesti Bach Kórus hangverselyt ad Kodály Zoltán műveiből. Minden helyen mindenkit szeretettel vár a közösség, Imre atya és Tibor atya! „Az a tény, hogy az idő visszahozhatatlanul elmúlik, az adja meg a jelen órának és percnek kifejezhetetlen értékét!” (Paul Althaus – 1888 – 1966 – német evangélikus teológus) Kegyelemteljes nagyböjti napokat, jó munkát, tartalmas beszélgetéseket és örömteli találkozásokat kívánunk minden Kedves Hívünknek!
