{"version":"1.0","provider_name":"Stuttgarti Katolikusok","provider_url":"https:\/\/stuttgarti-katolikusok.de","title":"Programel\u0151zetes m\u00e1rcius 2 \u00e9s 8 k\u00f6z\u00f6tt - Stuttgarti Katolikusok","type":"rich","width":600,"height":338,"html":"<blockquote class=\"wp-embedded-content\" data-secret=\"xUTDDnJBoz\"><a href=\"https:\/\/stuttgarti-katolikusok.de\/index.php\/programelozetes-marcius-2-es-8-kozott\/\">Programel\u0151zetes m\u00e1rcius 2 \u00e9s 8 k\u00f6z\u00f6tt<\/a><\/blockquote><iframe sandbox=\"allow-scripts\" security=\"restricted\" src=\"https:\/\/stuttgarti-katolikusok.de\/index.php\/programelozetes-marcius-2-es-8-kozott\/embed\/#?secret=xUTDDnJBoz\" width=\"600\" height=\"338\" title=\"&#8220;Programel\u0151zetes m\u00e1rcius 2 \u00e9s 8 k\u00f6z\u00f6tt&#8221; &#8212; Stuttgarti Katolikusok\" data-secret=\"xUTDDnJBoz\" frameborder=\"0\" marginwidth=\"0\" marginheight=\"0\" scrolling=\"no\" class=\"wp-embedded-content\"><\/iframe><script type=\"text\/javascript\">\n\/* <![CDATA[ *\/\n\/*! This file is auto-generated *\/\n!function(d,l){\"use strict\";l.querySelector&&d.addEventListener&&\"undefined\"!=typeof URL&&(d.wp=d.wp||{},d.wp.receiveEmbedMessage||(d.wp.receiveEmbedMessage=function(e){var t=e.data;if((t||t.secret||t.message||t.value)&&!\/[^a-zA-Z0-9]\/.test(t.secret)){for(var s,r,n,a=l.querySelectorAll('iframe[data-secret=\"'+t.secret+'\"]'),o=l.querySelectorAll('blockquote[data-secret=\"'+t.secret+'\"]'),c=new RegExp(\"^https?:$\",\"i\"),i=0;i<o.length;i++)o[i].style.display=\"none\";for(i=0;i<a.length;i++)s=a[i],e.source===s.contentWindow&&(s.removeAttribute(\"style\"),\"height\"===t.message?(1e3<(r=parseInt(t.value,10))?r=1e3:~~r<200&&(r=200),s.height=r):\"link\"===t.message&&(r=new URL(s.getAttribute(\"src\")),n=new URL(t.value),c.test(n.protocol))&&n.host===r.host&&l.activeElement===s&&(d.top.location.href=t.value))}},d.addEventListener(\"message\",d.wp.receiveEmbedMessage,!1),l.addEventListener(\"DOMContentLoaded\",function(){for(var e,t,s=l.querySelectorAll(\"iframe.wp-embedded-content\"),r=0;r<s.length;r++)(t=(e=s[r]).getAttribute(\"data-secret\"))||(t=Math.random().toString(36).substring(2,12),e.src+=\"#?secret=\"+t,e.setAttribute(\"data-secret\",t)),e.contentWindow.postMessage({message:\"ready\",secret:t},\"*\")},!1)))}(window,document);\n\/\/# sourceURL=https:\/\/stuttgarti-katolikusok.de\/wp-includes\/js\/wp-embed.min.js\n\/* ]]> *\/\n<\/script>\n","description":"Programel\u0151zetes M\u00e1rcius 4-\u00e9n, szerd\u00e1n, \u00a0\u00a0\u00a0\u00a0\u00a0\u00a0\u00a0\u00a0\u00a0\u00a0\u00a0 Stuttgartban 10.15 \u00f3rakor n\u00e9met nyelv\u0171 szentmise. * M\u00e1rcius 5-\u00e9n, cs\u00fct\u00f6rt\u00f6k\u00f6n, \u00a0\u00a0\u00a0\u00a0\u00a0\u00a0\u00a0\u00a0\u00a0\u00a0\u00a0 Ulmi d\u00e9lut\u00e1n, 17.30 \u00f3rakor kereszt\u00fat, ut\u00e1na szentmise. Keret\u00e9ben: Besz\u00e9lget\u00e9sek a Katekizmusr\u00f3l. * M\u00e1rcius 6-\u00e1n, p\u00e9nteken, \u00a0\u00a0\u00a0\u00a0\u00a0\u00a0\u00a0\u00a0\u00a0\u00a0\u00a0 Stuttgartban 16.00 \u00f3rakor a Bar\u00e1ts\u00e1gklub. 18.00 \u00f3rakor r\u00f3zsaf\u00fcz\u00e9r \u00e1jtatoss\u00e1g, ut\u00e1na szentmise, keret\u00e9ben a Stuttgarti Csendes Napok kezdete. Moder\u00e1tora Ft. T\u00edm\u00e1r Asztrik ferences atya. Ut\u00e1na k\u00f6z\u00f6s vacsora a magunkkal hozottakb\u00f3l. \u00a0\u00a0\u00a0\u00a0\u00a0\u00a0\u00a0\u00a0\u00a0\u00a0\u00a0 Weingarteni d\u00e9lut\u00e1n, a Marien-Kirche-ben: 17.30 \u00f3rakor kereszt\u00fat, ut\u00e1na szentmise. Keret\u00e9ben besz\u00e9lget\u00e9sek a Katekizmusr\u00f3l. * M\u00e1rcius 7-\u00e9n, szombaton, \u00a0 \u00a0 \u00a0 \u00a0 \u00a0 \u00a0 Stuttgartban Stuttgarti Csendes Napok. \u00a0 \u00a0 \u00a0 \u00a0 \u00a0 \u00a0 Balingenben 17.00 \u00f3rakor szentmise, ut\u00e1na \u00e1g\u00e1p\u00e9. * M\u00e1rcius 8-\u00e1n, nagyb\u00f6jt 2. vas\u00e1rnapj\u00e1n, \u00a0 \u00a0 \u00a0 \u00a0 \u00a0 \u00a0 Weingartenben 10.00 \u00f3rakor szentmise a 14 Nothelfer Kapelle-ben, ut\u00e1na \u00e1g\u00e1p\u00e9. \u00a0 \u00a0 \u00a0 \u00a0 \u00a0 \u00a0 Stuttgartban 12.00 \u00f3rakor lelkigyakorlatos z\u00e1r\u00f3szentmise. \u00a0 \u00a0 \u00a0 \u00a0 \u00a0 \u00a0 Fellbachban 15.00 \u00f3rakor \u00f6kumenikus istentisztelet \u00e9s m\u00e1rcius 15-i megeml\u00e9kez\u00e9s az ottani Lutherkirche-ben (Kirchplatz 1, az 1-es villamos v\u00e9g\u00e1llom\u00e1s\u00e1n\u00e1l), ill. a Paul-Gerhardt-gy\u00fclekezeti h\u00e1zban (August-Br\u00e4ndle-Str.19). \u00a0\u00a0\u00a0\u00a0\u00a0\u00a0\u00a0\u00a0\u00a0\u00a0\u00a0 Ulmban 15.00 \u00f3rakor szentmise, ut\u00e1na \u00e1g\u00e1p\u00e9.\u00a0\u00a0\u00a0\u00a0\u00a0\u00a0\u00a0\u00a0\u00a0\u00a0\u00a0 * Minden helyen mindenkit szeretettel v\u00e1r a k\u00f6z\u00f6ss\u00e9g, Imre atya \u00e9s Tibor atya! \u00a0 \u201eA hit azt jelenti, hogy az ember elhiszi, amit m\u00e9g nem l\u00e1t. Ennek a hitnek pedig az a jutalma, hogy l\u00e1tni fogja azt, amiben hisz.\u201d (Szent \u00c1goston \u2013 354-430 \u2013 egyh\u00e1zatya, teol\u00f3gus, p\u00fcsp\u00f6k) \u00a0 Bens\u0151s\u00e9ges nagyb\u00f6jti napokat, j\u00f3 munk\u00e1t, tartalmas besz\u00e9lget\u00e9seket \u00e9s \u00f6r\u00f6mteli tal\u00e1lkoz\u00e1sokat k\u00edv\u00e1nunk minden Kedves H\u00edv\u00fcnknek! \u00a0 A Stuttgarti Csendes Napok programja P \u00c9 N T E K 18.00 \u00a0\u00a0\u00a0\u00a0\u00a0\u00a0\u00a0\u00a0\u00a0 Szentmise \u00e9s bevezet\u0151 elm\u00e9lked\u00e9s (ut\u00e1na besz\u00e9lget\u00e9s, ismerked\u00e9s, k\u00f6z\u00f6s vacsora Asztrik aty\u00e1val) S Z O M B A T 9.00\u00a0 \u00a0\u00a0\u00a0\u00a0\u00a0\u00a0\u00a0\u00a0\u00a0 Gy\u00fclekez\u0151 \u00e9s k\u00f6z\u00f6s reggeli 10.00 \u00a0\u00a0\u00a0\u00a0\u00a0\u00a0\u00a0\u00a0\u00a0 I. elm\u00e9lked\u00e9s: EGY ISTEN VAN (ut\u00e1na gy\u00f3ntat\u00e1s) 11.00 \u00a0\u00a0\u00a0\u00a0\u00a0\u00a0\u00a0\u00a0\u00a0 II. elm\u00e9lked\u00e9s: T\u00d6R\u0150DIK-E ISTEN A VIL\u00c1GGAL? (ut\u00e1na gy\u00f3ntat\u00e1s) 12.15 K\u00d6Z\u00d6S EB\u00c9D 13.30 \u00a0\u00a0\u00a0\u00a0\u00a0\u00a0\u00a0\u00a0\u00a0 Kereszt\u00fati \u00e1jtatoss\u00e1g\u00a0 (alatta gy\u00f3ntat\u00e1s) 14.30 \u00a0\u00a0\u00a0\u00a0\u00a0\u00a0\u00a0\u00a0\u00a0... R\u00e9szletek"}

Programelőzetes március 2 és 8 között - Stuttgarti Katolikusok

<blockquote class="wp-embedded-content" data-secret="xUTDDnJBoz"><a href="https://stuttgarti-katolikusok.de/index.php/programelozetes-marcius-2-es-8-kozott/">Programelőzetes március 2 és 8 között</a></blockquote><iframe sandbox="allow-scripts" security="restricted" src="https://stuttgarti-katolikusok.de/index.php/programelozetes-marcius-2-es-8-kozott/embed/#?secret=xUTDDnJBoz" width="600" height="338" title="&#8220;Programelőzetes március 2 és 8 között&#8221; &#8212; Stuttgarti Katolikusok" data-secret="xUTDDnJBoz" frameborder="0" marginwidth="0" marginheight="0" scrolling="no" class="wp-embedded-content"></iframe><script type="text/javascript">
/* <![CDATA[ */
/*! This file is auto-generated */
!function(d,l){"use strict";l.querySelector&&d.addEventListener&&"undefined"!=typeof URL&&(d.wp=d.wp||{},d.wp.receiveEmbedMessage||(d.wp.receiveEmbedMessage=function(e){var t=e.data;if((t||t.secret||t.message||t.value)&&!/[^a-zA-Z0-9]/.test(t.secret)){for(var s,r,n,a=l.querySelectorAll('iframe[data-secret="'+t.secret+'"]'),o=l.querySelectorAll('blockquote[data-secret="'+t.secret+'"]'),c=new RegExp("^https?:$","i"),i=0;i<o.length;i++)o[i].style.display="none";for(i=0;i<a.length;i++)s=a[i],e.source===s.contentWindow&&(s.removeAttribute("style"),"height"===t.message?(1e3<(r=parseInt(t.value,10))?r=1e3:~~r<200&&(r=200),s.height=r):"link"===t.message&&(r=new URL(s.getAttribute("src")),n=new URL(t.value),c.test(n.protocol))&&n.host===r.host&&l.activeElement===s&&(d.top.location.href=t.value))}},d.addEventListener("message",d.wp.receiveEmbedMessage,!1),l.addEventListener("DOMContentLoaded",function(){for(var e,t,s=l.querySelectorAll("iframe.wp-embedded-content"),r=0;r<s.length;r++)(t=(e=s[r]).getAttribute("data-secret"))||(t=Math.random().toString(36).substring(2,12),e.src+="#?secret="+t,e.setAttribute("data-secret",t)),e.contentWindow.postMessage({message:"ready",secret:t},"*")},!1)))}(window,document);
//# sourceURL=https://stuttgarti-katolikusok.de/wp-includes/js/wp-embed.min.js
/* ]]> */
</script>

Programelőzetes Március 4-én, szerdán,             Stuttgartban 10.15 órakor német nyelvű szentmise. * Március 5-én, csütörtökön,             Ulmi délután, 17.30 órakor keresztút, utána szentmise. Keretében: Beszélgetések a Katekizmusról. * Március 6-án, pénteken,             Stuttgartban 16.00 órakor a Barátságklub. 18.00 órakor rózsafüzér ájtatosság, utána szentmise, keretében a Stuttgarti Csendes Napok kezdete. Moderátora Ft. Tímár Asztrik ferences atya. Utána közös vacsora a magunkkal hozottakból.             Weingarteni délután, a Marien-Kirche-ben: 17.30 órakor keresztút, utána szentmise. Keretében beszélgetések a Katekizmusról. * Március 7-én, szombaton,             Stuttgartban Stuttgarti Csendes Napok.             Balingenben 17.00 órakor szentmise, utána ágápé. * Március 8-án, nagyböjt 2. vasárnapján,             Weingartenben 10.00 órakor szentmise a 14 Nothelfer Kapelle-ben, utána ágápé.             Stuttgartban 12.00 órakor lelkigyakorlatos zárószentmise.             Fellbachban 15.00 órakor ökumenikus istentisztelet és március 15-i megemlékezés az ottani Lutherkirche-ben (Kirchplatz 1, az 1-es villamos végállomásánál), ill. a Paul-Gerhardt-gyülekezeti házban (August-Brändle-Str.19).             Ulmban 15.00 órakor szentmise, utána ágápé.            * Minden helyen mindenkit szeretettel vár a közösség, Imre atya és Tibor atya!   „A hit azt jelenti, hogy az ember elhiszi, amit még nem lát. Ennek a hitnek pedig az a jutalma, hogy látni fogja azt, amiben hisz.” (Szent Ágoston – 354-430 – egyházatya, teológus, püspök)   Bensőséges nagyböjti napokat, jó munkát, tartalmas beszélgetéseket és örömteli találkozásokat kívánunk minden Kedves Hívünknek!   A Stuttgarti Csendes Napok programja P É N T E K 18.00           Szentmise és bevezető elmélkedés (utána beszélgetés, ismerkedés, közös vacsora Asztrik atyával) S Z O M B A T 9.00            Gyülekező és közös reggeli 10.00           I. elmélkedés: EGY ISTEN VAN (utána gyóntatás) 11.00           II. elmélkedés: TÖRŐDIK-E ISTEN A VILÁGGAL? (utána gyóntatás) 12.15 KÖZÖS EBÉD 13.30           Keresztúti ájtatosság  (alatta gyóntatás) 14.30          ... Részletek
