{"version":"1.0","provider_name":"Stuttgarti Katolikusok","provider_url":"https:\/\/stuttgarti-katolikusok.de","title":"Programel\u0151zetes m\u00e1jus 6 \u00e9s 12 k\u00f6z\u00f6tt - Stuttgarti Katolikusok","type":"rich","width":600,"height":338,"html":"<blockquote class=\"wp-embedded-content\" data-secret=\"8yON2nfHu3\"><a href=\"https:\/\/stuttgarti-katolikusok.de\/index.php\/programelozetes-majus-6-es-12-kozott\/\">Programel\u0151zetes m\u00e1jus 6 \u00e9s 12 k\u00f6z\u00f6tt<\/a><\/blockquote><iframe sandbox=\"allow-scripts\" security=\"restricted\" src=\"https:\/\/stuttgarti-katolikusok.de\/index.php\/programelozetes-majus-6-es-12-kozott\/embed\/#?secret=8yON2nfHu3\" width=\"600\" height=\"338\" title=\"&#8220;Programel\u0151zetes m\u00e1jus 6 \u00e9s 12 k\u00f6z\u00f6tt&#8221; &#8212; Stuttgarti Katolikusok\" data-secret=\"8yON2nfHu3\" frameborder=\"0\" marginwidth=\"0\" marginheight=\"0\" scrolling=\"no\" class=\"wp-embedded-content\"><\/iframe><script type=\"text\/javascript\">\n\/* <![CDATA[ *\/\n\/*! This file is auto-generated *\/\n!function(d,l){\"use strict\";l.querySelector&&d.addEventListener&&\"undefined\"!=typeof URL&&(d.wp=d.wp||{},d.wp.receiveEmbedMessage||(d.wp.receiveEmbedMessage=function(e){var t=e.data;if((t||t.secret||t.message||t.value)&&!\/[^a-zA-Z0-9]\/.test(t.secret)){for(var s,r,n,a=l.querySelectorAll('iframe[data-secret=\"'+t.secret+'\"]'),o=l.querySelectorAll('blockquote[data-secret=\"'+t.secret+'\"]'),c=new RegExp(\"^https?:$\",\"i\"),i=0;i<o.length;i++)o[i].style.display=\"none\";for(i=0;i<a.length;i++)s=a[i],e.source===s.contentWindow&&(s.removeAttribute(\"style\"),\"height\"===t.message?(1e3<(r=parseInt(t.value,10))?r=1e3:~~r<200&&(r=200),s.height=r):\"link\"===t.message&&(r=new URL(s.getAttribute(\"src\")),n=new URL(t.value),c.test(n.protocol))&&n.host===r.host&&l.activeElement===s&&(d.top.location.href=t.value))}},d.addEventListener(\"message\",d.wp.receiveEmbedMessage,!1),l.addEventListener(\"DOMContentLoaded\",function(){for(var e,t,s=l.querySelectorAll(\"iframe.wp-embedded-content\"),r=0;r<s.length;r++)(t=(e=s[r]).getAttribute(\"data-secret\"))||(t=Math.random().toString(36).substring(2,12),e.src+=\"#?secret=\"+t,e.setAttribute(\"data-secret\",t)),e.contentWindow.postMessage({message:\"ready\",secret:t},\"*\")},!1)))}(window,document);\n\/\/# sourceURL=https:\/\/stuttgarti-katolikusok.de\/wp-includes\/js\/wp-embed.min.js\n\/* ]]> *\/\n<\/script>\n","description":"Programel\u0151zetes M\u00e1jus 7-\u00e9n, kedden, d\u00e9lut\u00e1n megl\u00e1togat benn\u00fcnket egyh\u00e1zmegy\u00e9nk p\u00fcsp\u00f6ke, Dr. Gebhard F\u00fcrst. 17.15 \u00f3rakor a Bruder-Klaus-templomban gy\u0171l\u00fcnk \u00f6ssze, hogy egy ima ut\u00e1n Bad Cannstattba menj\u00fcnk, ahol a Martinus templomban, a francia \u00e9s a n\u00e9metajk\u00fa h\u00edvekkel egy\u00fctt egy liturgi\u00e1val fejezz\u00fck be Szent M\u00e1rton zar\u00e1ndoklatunkat. J\u00f6jjetek el min\u00e9l t\u00f6bben! * M\u00e1jus 8-\u00e1n, szerd\u00e1n, Stuttgartban 10.15 \u00f3rakor n\u00e9met nyelv\u0171 szentmise. * M\u00e1jus 9-\u00e9n, cs\u00fct\u00f6rt\u00f6k\u00f6n, Ulmi d\u00e9lut\u00e1n, 18.30 \u00f3rakor r\u00f3zsaf\u00fcz\u00e9r im\u00e1ds\u00e1g, ut\u00e1na szentmise. * M\u00e1jus 10-\u00e9n, p\u00e9nteken, Stuttgartban 16.00 \u00f3rakor Bar\u00e1ts\u00e1gklub. Benedek Annik\u00f3 No\u00e9mi tart el\u0151ad\u00e1st! 18.00 \u00f3rakor m\u00e1jusi \u00e1jtatoss\u00e1g. Majd szentmise, keret\u00e9ben Besz\u00e9lget\u00e9sek a Katekizmusr\u00f3l. 19.00 \u00f3rakor Sportklub. Weingartenben, a 14 Nothelhelfer Kapelle-ben 18.30 \u00f3rakor r\u00f3zsaf\u00fcz\u00e9r im\u00e1ds\u00e1g, ut\u00e1na szentmise. * M\u00e1jus 11-\u00e9n, szombaton, Friedrichshafenben 17.00 \u00f3rakor szentmise. Ut\u00e1na \u00e1g\u00e1p\u00e9. * M\u00e1jus 12-\u00e9n, H\u00fasv\u00e9t 4. vas\u00e1rnapj\u00e1n, Weingartenben a 14 Nothelfer Kapelle-ben 10.00 \u00f3rakor szentmise, ut\u00e1na Imre atya k\u00f6nyvbemutat\u00f3ja, majd \u00e1g\u00e1p\u00e9. Ulmban 15.00 \u00f3rakor szentmise. Ut\u00e1na Imre atya k\u00f6nyvbemutat\u00f3ja, majd \u00e1g\u00e1p\u00e9. * Minden helyen mindenkit szeretettel v\u00e1r a k\u00f6z\u00f6ss\u00e9g Tibor atya \u00e9s Imre atya! &nbsp; \u201eMindenki csak azt l\u00e1tja, aminek l\u00e1tszol. De csak kevesen \u00e9rzik meg azt, ki is vagy val\u00f3j\u00e1ban.\u201d (Niccolo Machiavelli \u2013 1469-1527 \u2013 olasz politikus, k\u00f6lt\u0151, filoz\u00f3fus) \u00a0 Kegyelemteljes h\u00fasv\u00e9ti napokat \u00e9s \u00f6r\u00f6mteli tal\u00e1lkoz\u00e1sokat k\u00edv\u00e1nunk minden Kedves H\u00edv\u00fcnknek!"}

Programelőzetes május 6 és 12 között - Stuttgarti Katolikusok

<blockquote class="wp-embedded-content" data-secret="8yON2nfHu3"><a href="https://stuttgarti-katolikusok.de/index.php/programelozetes-majus-6-es-12-kozott/">Programelőzetes május 6 és 12 között</a></blockquote><iframe sandbox="allow-scripts" security="restricted" src="https://stuttgarti-katolikusok.de/index.php/programelozetes-majus-6-es-12-kozott/embed/#?secret=8yON2nfHu3" width="600" height="338" title="&#8220;Programelőzetes május 6 és 12 között&#8221; &#8212; Stuttgarti Katolikusok" data-secret="8yON2nfHu3" frameborder="0" marginwidth="0" marginheight="0" scrolling="no" class="wp-embedded-content"></iframe><script type="text/javascript">
/* <![CDATA[ */
/*! This file is auto-generated */
!function(d,l){"use strict";l.querySelector&&d.addEventListener&&"undefined"!=typeof URL&&(d.wp=d.wp||{},d.wp.receiveEmbedMessage||(d.wp.receiveEmbedMessage=function(e){var t=e.data;if((t||t.secret||t.message||t.value)&&!/[^a-zA-Z0-9]/.test(t.secret)){for(var s,r,n,a=l.querySelectorAll('iframe[data-secret="'+t.secret+'"]'),o=l.querySelectorAll('blockquote[data-secret="'+t.secret+'"]'),c=new RegExp("^https?:$","i"),i=0;i<o.length;i++)o[i].style.display="none";for(i=0;i<a.length;i++)s=a[i],e.source===s.contentWindow&&(s.removeAttribute("style"),"height"===t.message?(1e3<(r=parseInt(t.value,10))?r=1e3:~~r<200&&(r=200),s.height=r):"link"===t.message&&(r=new URL(s.getAttribute("src")),n=new URL(t.value),c.test(n.protocol))&&n.host===r.host&&l.activeElement===s&&(d.top.location.href=t.value))}},d.addEventListener("message",d.wp.receiveEmbedMessage,!1),l.addEventListener("DOMContentLoaded",function(){for(var e,t,s=l.querySelectorAll("iframe.wp-embedded-content"),r=0;r<s.length;r++)(t=(e=s[r]).getAttribute("data-secret"))||(t=Math.random().toString(36).substring(2,12),e.src+="#?secret="+t,e.setAttribute("data-secret",t)),e.contentWindow.postMessage({message:"ready",secret:t},"*")},!1)))}(window,document);
//# sourceURL=https://stuttgarti-katolikusok.de/wp-includes/js/wp-embed.min.js
/* ]]> */
</script>

Programelőzetes Május 7-én, kedden, délután meglátogat bennünket egyházmegyénk püspöke, Dr. Gebhard Fürst. 17.15 órakor a Bruder-Klaus-templomban gyűlünk össze, hogy egy ima után Bad Cannstattba menjünk, ahol a Martinus templomban, a francia és a németajkú hívekkel együtt egy liturgiával fejezzük be Szent Márton zarándoklatunkat. Jöjjetek el minél többen! * Május 8-án, szerdán, Stuttgartban 10.15 órakor német nyelvű szentmise. * Május 9-én, csütörtökön, Ulmi délután, 18.30 órakor rózsafüzér imádság, utána szentmise. * Május 10-én, pénteken, Stuttgartban 16.00 órakor Barátságklub. Benedek Annikó Noémi tart előadást! 18.00 órakor májusi ájtatosság. Majd szentmise, keretében Beszélgetések a Katekizmusról. 19.00 órakor Sportklub. Weingartenben, a 14 Nothelhelfer Kapelle-ben 18.30 órakor rózsafüzér imádság, utána szentmise. * Május 11-én, szombaton, Friedrichshafenben 17.00 órakor szentmise. Utána ágápé. * Május 12-én, Húsvét 4. vasárnapján, Weingartenben a 14 Nothelfer Kapelle-ben 10.00 órakor szentmise, utána Imre atya könyvbemutatója, majd ágápé. Ulmban 15.00 órakor szentmise. Utána Imre atya könyvbemutatója, majd ágápé. * Minden helyen mindenkit szeretettel vár a közösség Tibor atya és Imre atya! &nbsp; „Mindenki csak azt látja, aminek látszol. De csak kevesen érzik meg azt, ki is vagy valójában.” (Niccolo Machiavelli – 1469-1527 – olasz politikus, költő, filozófus)   Kegyelemteljes húsvéti napokat és örömteli találkozásokat kívánunk minden Kedves Hívünknek!
