{"version":"1.0","provider_name":"Stuttgarti Katolikusok","provider_url":"https:\/\/stuttgarti-katolikusok.de","title":"Programel\u0151zetes m\u00e1jus 28 \u00e9s j\u00fanius 3 k\u00f6z\u00f6tt - Stuttgarti Katolikusok","type":"rich","width":600,"height":338,"html":"<blockquote class=\"wp-embedded-content\" data-secret=\"fTKAliMISZ\"><a href=\"https:\/\/stuttgarti-katolikusok.de\/index.php\/programelozetes-majus-28-es-junius-3-kozott\/\">Programel\u0151zetes m\u00e1jus 28 \u00e9s j\u00fanius 3 k\u00f6z\u00f6tt<\/a><\/blockquote><iframe sandbox=\"allow-scripts\" security=\"restricted\" src=\"https:\/\/stuttgarti-katolikusok.de\/index.php\/programelozetes-majus-28-es-junius-3-kozott\/embed\/#?secret=fTKAliMISZ\" width=\"600\" height=\"338\" title=\"&#8220;Programel\u0151zetes m\u00e1jus 28 \u00e9s j\u00fanius 3 k\u00f6z\u00f6tt&#8221; &#8212; Stuttgarti Katolikusok\" data-secret=\"fTKAliMISZ\" frameborder=\"0\" marginwidth=\"0\" marginheight=\"0\" scrolling=\"no\" class=\"wp-embedded-content\"><\/iframe><script type=\"text\/javascript\">\n\/* <![CDATA[ *\/\n\/*! This file is auto-generated *\/\n!function(d,l){\"use strict\";l.querySelector&&d.addEventListener&&\"undefined\"!=typeof URL&&(d.wp=d.wp||{},d.wp.receiveEmbedMessage||(d.wp.receiveEmbedMessage=function(e){var t=e.data;if((t||t.secret||t.message||t.value)&&!\/[^a-zA-Z0-9]\/.test(t.secret)){for(var s,r,n,a=l.querySelectorAll('iframe[data-secret=\"'+t.secret+'\"]'),o=l.querySelectorAll('blockquote[data-secret=\"'+t.secret+'\"]'),c=new RegExp(\"^https?:$\",\"i\"),i=0;i<o.length;i++)o[i].style.display=\"none\";for(i=0;i<a.length;i++)s=a[i],e.source===s.contentWindow&&(s.removeAttribute(\"style\"),\"height\"===t.message?(1e3<(r=parseInt(t.value,10))?r=1e3:~~r<200&&(r=200),s.height=r):\"link\"===t.message&&(r=new URL(s.getAttribute(\"src\")),n=new URL(t.value),c.test(n.protocol))&&n.host===r.host&&l.activeElement===s&&(d.top.location.href=t.value))}},d.addEventListener(\"message\",d.wp.receiveEmbedMessage,!1),l.addEventListener(\"DOMContentLoaded\",function(){for(var e,t,s=l.querySelectorAll(\"iframe.wp-embedded-content\"),r=0;r<s.length;r++)(t=(e=s[r]).getAttribute(\"data-secret\"))||(t=Math.random().toString(36).substring(2,12),e.src+=\"#?secret=\"+t,e.setAttribute(\"data-secret\",t)),e.contentWindow.postMessage({message:\"ready\",secret:t},\"*\")},!1)))}(window,document);\n\/\/# sourceURL=https:\/\/stuttgarti-katolikusok.de\/wp-includes\/js\/wp-embed.min.js\n\/* ]]> *\/\n<\/script>\n","description":"Programel\u0151zetes M\u00e1jus 30-\u00e1n, szerd\u00e1n, Stuttgartban 10.15 \u00f3rakor n\u00e9met nyelv\u0171 szentmise. * M\u00e1jus 31-\u00e9n, cs\u00fct\u00f6rt\u00f6k\u00f6n, \u00darnapj\u00e1n, Bicikli-zar\u00e1ndoklat Stuttgartb\u00f3l \u2013 M\u00fchlackeren kereszt\u00fcl \u2013 Bietigheim-Bissingenbe. \u00datk\u00f6zben szentmise. Aki vel\u00fcnk tartana, jelentkezzen az Irod\u00e1n. Ulmi d\u00e9lut\u00e1n. 17.30 \u00f3rakor szentmise. El\u0151tte gy\u00f3ntat\u00e1s, m\u00e1jusi \u00e1jtatoss\u00e1g, ut\u00e1na Besz\u00e9lget\u00e9sek a Bibli\u00e1r\u00f3l. * J\u00fanius 1-j\u00e9n, p\u00e9nteken, Stuttgartban, 16.00 \u00f3rakor a Bar\u00e1ts\u00e1gklub. 17.50 \u00f3rakor J\u00e9zus-Sz\u00edve-\u00e1jtatoss\u00e1g. 18.00 \u00f3rakor szentmise. Ut\u00e1na Imak\u00f6r. Keret\u00e9ben szents\u00e9gim\u00e1d\u00e1s. Weingartenben, 18.30 \u00f3rakor a Marienkirche-ben J\u00e9zus-Sz\u00edve-\u00e1jtatoss\u00e1g, 19.00 \u00f3rakor szentmise, ut\u00e1na Besz\u00e9lget\u00e9sek a Bibli\u00e1r\u00f3l. * J\u00fanius 2-\u00e1n, szombaton, Balingenben, 17.00 \u00f3rakor szentmise. Ut\u00e1na \u00e1g\u00e1p\u00e9. * J\u00fanius 3-\u00e1n, \u00e9vk\u00f6zi 9. vas\u00e1rnapon, Munderkingenben 9.00 \u00f3rakor szentmise. Schw\u00e4bisch-Gm\u00fcndben 9.30 \u00f3rakor szentmise. Ut\u00e1na \u00e1g\u00e1p\u00e9. Stuttgartban Nemzeti \u00d6sszetartoz\u00e1s Vas\u00e1rnapja, 15.00 \u00f3rakor szentmise. Ut\u00e1na el\u0151ad\u00e1s a sz\u00e9kelyekr\u0151l, majd \u00e1g\u00e1p\u00e9. Megh\u00edvott vend\u00e9g\u00fcnk Ft. Sebesty\u00e9n P\u00e9ter marosv\u00e1s\u00e1rhelyi pl\u00e9b\u00e1nos, egyh\u00e1zi \u00edr\u00f3. * Minden helyen mindenkit szeretettel v\u00e1r a k\u00f6z\u00f6ss\u00e9g, Imre atya \u00e9s Tibor atya! \u201eSokkal fontosabb az, hogy valaki a r\u00f3zsa illat\u00e1nak \u00f6rvend, semmint, hogy gy\u00f6kereit vizsg\u00e1lja mikroszk\u00f3ppal.\u201d (Oscar Wilde \u2013 1854-1900 \u2013 angol \u00edr\u00f3.) Sz\u00e9p napokat, j\u00f3 munk\u00e1t, tartalmas besz\u00e9lget\u00e9seket \u00e9s \u00f6r\u00f6mteli tal\u00e1lkoz\u00e1sokat k\u00edv\u00e1nunk minden Kedves H\u00edv\u00fcnknek!"}

Programelőzetes május 28 és június 3 között - Stuttgarti Katolikusok

<blockquote class="wp-embedded-content" data-secret="fTKAliMISZ"><a href="https://stuttgarti-katolikusok.de/index.php/programelozetes-majus-28-es-junius-3-kozott/">Programelőzetes május 28 és június 3 között</a></blockquote><iframe sandbox="allow-scripts" security="restricted" src="https://stuttgarti-katolikusok.de/index.php/programelozetes-majus-28-es-junius-3-kozott/embed/#?secret=fTKAliMISZ" width="600" height="338" title="&#8220;Programelőzetes május 28 és június 3 között&#8221; &#8212; Stuttgarti Katolikusok" data-secret="fTKAliMISZ" frameborder="0" marginwidth="0" marginheight="0" scrolling="no" class="wp-embedded-content"></iframe><script type="text/javascript">
/* <![CDATA[ */
/*! This file is auto-generated */
!function(d,l){"use strict";l.querySelector&&d.addEventListener&&"undefined"!=typeof URL&&(d.wp=d.wp||{},d.wp.receiveEmbedMessage||(d.wp.receiveEmbedMessage=function(e){var t=e.data;if((t||t.secret||t.message||t.value)&&!/[^a-zA-Z0-9]/.test(t.secret)){for(var s,r,n,a=l.querySelectorAll('iframe[data-secret="'+t.secret+'"]'),o=l.querySelectorAll('blockquote[data-secret="'+t.secret+'"]'),c=new RegExp("^https?:$","i"),i=0;i<o.length;i++)o[i].style.display="none";for(i=0;i<a.length;i++)s=a[i],e.source===s.contentWindow&&(s.removeAttribute("style"),"height"===t.message?(1e3<(r=parseInt(t.value,10))?r=1e3:~~r<200&&(r=200),s.height=r):"link"===t.message&&(r=new URL(s.getAttribute("src")),n=new URL(t.value),c.test(n.protocol))&&n.host===r.host&&l.activeElement===s&&(d.top.location.href=t.value))}},d.addEventListener("message",d.wp.receiveEmbedMessage,!1),l.addEventListener("DOMContentLoaded",function(){for(var e,t,s=l.querySelectorAll("iframe.wp-embedded-content"),r=0;r<s.length;r++)(t=(e=s[r]).getAttribute("data-secret"))||(t=Math.random().toString(36).substring(2,12),e.src+="#?secret="+t,e.setAttribute("data-secret",t)),e.contentWindow.postMessage({message:"ready",secret:t},"*")},!1)))}(window,document);
//# sourceURL=https://stuttgarti-katolikusok.de/wp-includes/js/wp-embed.min.js
/* ]]> */
</script>

Programelőzetes Május 30-án, szerdán, Stuttgartban 10.15 órakor német nyelvű szentmise. * Május 31-én, csütörtökön, Úrnapján, Bicikli-zarándoklat Stuttgartból – Mühlackeren keresztül – Bietigheim-Bissingenbe. Útközben szentmise. Aki velünk tartana, jelentkezzen az Irodán. Ulmi délután. 17.30 órakor szentmise. Előtte gyóntatás, májusi ájtatosság, utána Beszélgetések a Bibliáról. * Június 1-jén, pénteken, Stuttgartban, 16.00 órakor a Barátságklub. 17.50 órakor Jézus-Szíve-ájtatosság. 18.00 órakor szentmise. Utána Imakör. Keretében szentségimádás. Weingartenben, 18.30 órakor a Marienkirche-ben Jézus-Szíve-ájtatosság, 19.00 órakor szentmise, utána Beszélgetések a Bibliáról. * Június 2-án, szombaton, Balingenben, 17.00 órakor szentmise. Utána ágápé. * Június 3-án, évközi 9. vasárnapon, Munderkingenben 9.00 órakor szentmise. Schwäbisch-Gmündben 9.30 órakor szentmise. Utána ágápé. Stuttgartban Nemzeti Összetartozás Vasárnapja, 15.00 órakor szentmise. Utána előadás a székelyekről, majd ágápé. Meghívott vendégünk Ft. Sebestyén Péter marosvásárhelyi plébános, egyházi író. * Minden helyen mindenkit szeretettel vár a közösség, Imre atya és Tibor atya! „Sokkal fontosabb az, hogy valaki a rózsa illatának örvend, semmint, hogy gyökereit vizsgálja mikroszkóppal.” (Oscar Wilde – 1854-1900 – angol író.) Szép napokat, jó munkát, tartalmas beszélgetéseket és örömteli találkozásokat kívánunk minden Kedves Hívünknek!
