{"version":"1.0","provider_name":"Stuttgarti Katolikusok","provider_url":"https:\/\/stuttgarti-katolikusok.de","title":"Programel\u0151zetes m\u00e1jus 22 \u00e9s j\u00fanius 4 k\u00f6z\u00f6tt - Stuttgarti Katolikusok","type":"rich","width":600,"height":338,"html":"<blockquote class=\"wp-embedded-content\" data-secret=\"AxoCpt3bbs\"><a href=\"https:\/\/stuttgarti-katolikusok.de\/index.php\/programelozetes-majus-22-es-junius-4-kozott\/\">Programel\u0151zetes m\u00e1jus 22 \u00e9s j\u00fanius 4 k\u00f6z\u00f6tt<\/a><\/blockquote><iframe sandbox=\"allow-scripts\" security=\"restricted\" src=\"https:\/\/stuttgarti-katolikusok.de\/index.php\/programelozetes-majus-22-es-junius-4-kozott\/embed\/#?secret=AxoCpt3bbs\" width=\"600\" height=\"338\" title=\"&#8220;Programel\u0151zetes m\u00e1jus 22 \u00e9s j\u00fanius 4 k\u00f6z\u00f6tt&#8221; &#8212; Stuttgarti Katolikusok\" data-secret=\"AxoCpt3bbs\" frameborder=\"0\" marginwidth=\"0\" marginheight=\"0\" scrolling=\"no\" class=\"wp-embedded-content\"><\/iframe><script type=\"text\/javascript\">\n\/* <![CDATA[ *\/\n\/*! This file is auto-generated *\/\n!function(d,l){\"use strict\";l.querySelector&&d.addEventListener&&\"undefined\"!=typeof URL&&(d.wp=d.wp||{},d.wp.receiveEmbedMessage||(d.wp.receiveEmbedMessage=function(e){var t=e.data;if((t||t.secret||t.message||t.value)&&!\/[^a-zA-Z0-9]\/.test(t.secret)){for(var s,r,n,a=l.querySelectorAll('iframe[data-secret=\"'+t.secret+'\"]'),o=l.querySelectorAll('blockquote[data-secret=\"'+t.secret+'\"]'),c=new RegExp(\"^https?:$\",\"i\"),i=0;i<o.length;i++)o[i].style.display=\"none\";for(i=0;i<a.length;i++)s=a[i],e.source===s.contentWindow&&(s.removeAttribute(\"style\"),\"height\"===t.message?(1e3<(r=parseInt(t.value,10))?r=1e3:~~r<200&&(r=200),s.height=r):\"link\"===t.message&&(r=new URL(s.getAttribute(\"src\")),n=new URL(t.value),c.test(n.protocol))&&n.host===r.host&&l.activeElement===s&&(d.top.location.href=t.value))}},d.addEventListener(\"message\",d.wp.receiveEmbedMessage,!1),l.addEventListener(\"DOMContentLoaded\",function(){for(var e,t,s=l.querySelectorAll(\"iframe.wp-embedded-content\"),r=0;r<s.length;r++)(t=(e=s[r]).getAttribute(\"data-secret\"))||(t=Math.random().toString(36).substring(2,12),e.src+=\"#?secret=\"+t,e.setAttribute(\"data-secret\",t)),e.contentWindow.postMessage({message:\"ready\",secret:t},\"*\")},!1)))}(window,document);\n\/\/# sourceURL=https:\/\/stuttgarti-katolikusok.de\/wp-includes\/js\/wp-embed.min.js\n\/* ]]> *\/\n<\/script>\n","thumbnail_url":"https:\/\/stuttgarti-katolikusok.de\/wp-content\/uploads\/2017\/05\/boldogsag1.jpg","thumbnail_width":2434,"thumbnail_height":1825,"description":"Programel\u0151zetes \u00a0 J\u00fanius 1-j\u00e9n, cs\u00fct\u00f6rt\u00f6k\u00f6n 17.30 \u00f3r\u00e1t\u00f3l Ulmban r\u00f3zsaf\u00fcz\u00e9r \u00e1jtatoss\u00e1g, el\u0151tte gy\u00f3ntat\u00e1s, ut\u00e1na szentmise. Annak befejezt\u00e9vel: J\u00e9zus Sz\u00edve tisztelete az Egyh\u00e1zban (el\u0151ad\u00e1s). * J\u00fanius 2-\u00e1n, p\u00e9nteken, 16.00 \u00f3rakor Stuttgartban Bar\u00e1ts\u00e1gklub. 17.50 \u00f3rakor r\u00f3zsaf\u00fcz\u00e9r \u00e1jtatoss\u00e1g. Ut\u00e1na szentmise, keret\u00e9ben P\u00e9nteki Egyetem (Besz\u00e9lget\u00e9sek a Katekizmusr\u00f3l). Majd Imak\u00f6r \u2013 szents\u00e9gim\u00e1d\u00e1s \u2013 k\u00e9r\u00e9seink felaj\u00e1nl\u00e1sa az Olt\u00e1riszents\u00e9gben jelenl\u00e9v\u0151 Krisztusnak. \u00a0\u00a0\u00a0\u00a0\u00a0\u00a0\u00a0\u00a0\u00a0\u00a0\u00a0 Weingarteni d\u00e9lut\u00e1n a Marien Kirche-ben. 18.30-kor r\u00f3zsaf\u00fcz\u00e9r im\u00e1ds\u00e1g, J\u00e9zus Sz\u00edve \u00e1jtatoss\u00e1g, 19.00 \u00f3rakor szentmise, azt k\u00f6vet\u0151en pedig el\u0151ad\u00e1s: J\u00e9zus Sz\u00edve tisztelete az Egyh\u00e1zban. * J\u00fanius 3-\u00e1n, szombaton, Balingenben 17.00 \u00f3rakor szentmise. El\u0151tte gy\u00f3ntat\u00e1s, ut\u00e1na \u00e1g\u00e1p\u00e9. Keret\u00e9ben el\u0151ad\u00e1s (J\u00e9zus Sz\u00edve tisztelete az Egyh\u00e1zban). * J\u00fanius 4-\u00e9n, vas\u00e1rnap Munderkingenben \u00a09.00 \u00f3rakor szentmise. El\u0151tte gy\u00f3ntat\u00e1s. Schw\u00e4bisch-Gm\u00fcndben 9.30 \u00f3rakor szentmise \u2013 keret\u00e9ben Sim\u00f3 Levente els\u0151\u00e1ldoz\u00e1sa. El\u0151tte gy\u00f3ntat\u00e1s, ut\u00e1na \u00e1g\u00e1p\u00e9. \u00a0\u00a0\u00a0\u00a0\u00a0\u00a0\u00a0\u00a0\u00a0\u00a0\u00a0 Stuttgartban Nemzeti \u00d6sszetartoz\u00e1s Vas\u00e1rnapja. 15.00 \u00f3rakor szentmise. Vend\u00e9gpapunk \u00e9s d\u00edszvend\u00e9g\u00fcnk Ft. Istv\u00e1nka Vincze attalai pl\u00e9b\u00e1nos, Cs\u00e1ng\u00f3f\u00f6ld sz\u00fcl\u00f6tte, aki a szentmis\u00e9t \u00e9s ut\u00e1na pedig n\u00e9p\u00e9t mutatja be majd nek\u00fcnk. A napot \u00e1g\u00e1p\u00e9val z\u00e1rjuk. Minden helyen mindenkit szeretettel v\u00e1r a k\u00f6z\u00f6ss\u00e9g, Imre atya \u00e9s Tibor atya! \u201eA boldogs\u00e1g mindig kicsi dolgokb\u00f3l tev\u0151dik \u00f6ssze. A boldogtalans\u00e1g pedig legt\u00f6bbsz\u00f6r a kicsi dolgok elhanyagol\u00e1s\u00e1b\u00f3l sz\u00e1rmazik\u201d. (K\u00ednai k\u00f6zmond\u00e1s) \u00a0Kegyelemteljes p\u00fcnk\u00f6sdi napokat, j\u00f3 munk\u00e1t, tartalmas besz\u00e9lget\u00e9seket \u00e9s \u00f6r\u00f6mteli tal\u00e1lkoz\u00e1sokat k\u00edv\u00e1nunk minden Kedves H\u00edv\u00fcnknek! \u00a0 &nbsp; \u00a0"}

Programelőzetes május 22 és június 4 között - Stuttgarti Katolikusok

<blockquote class="wp-embedded-content" data-secret="AxoCpt3bbs"><a href="https://stuttgarti-katolikusok.de/index.php/programelozetes-majus-22-es-junius-4-kozott/">Programelőzetes május 22 és június 4 között</a></blockquote><iframe sandbox="allow-scripts" security="restricted" src="https://stuttgarti-katolikusok.de/index.php/programelozetes-majus-22-es-junius-4-kozott/embed/#?secret=AxoCpt3bbs" width="600" height="338" title="&#8220;Programelőzetes május 22 és június 4 között&#8221; &#8212; Stuttgarti Katolikusok" data-secret="AxoCpt3bbs" frameborder="0" marginwidth="0" marginheight="0" scrolling="no" class="wp-embedded-content"></iframe><script type="text/javascript">
/* <![CDATA[ */
/*! This file is auto-generated */
!function(d,l){"use strict";l.querySelector&&d.addEventListener&&"undefined"!=typeof URL&&(d.wp=d.wp||{},d.wp.receiveEmbedMessage||(d.wp.receiveEmbedMessage=function(e){var t=e.data;if((t||t.secret||t.message||t.value)&&!/[^a-zA-Z0-9]/.test(t.secret)){for(var s,r,n,a=l.querySelectorAll('iframe[data-secret="'+t.secret+'"]'),o=l.querySelectorAll('blockquote[data-secret="'+t.secret+'"]'),c=new RegExp("^https?:$","i"),i=0;i<o.length;i++)o[i].style.display="none";for(i=0;i<a.length;i++)s=a[i],e.source===s.contentWindow&&(s.removeAttribute("style"),"height"===t.message?(1e3<(r=parseInt(t.value,10))?r=1e3:~~r<200&&(r=200),s.height=r):"link"===t.message&&(r=new URL(s.getAttribute("src")),n=new URL(t.value),c.test(n.protocol))&&n.host===r.host&&l.activeElement===s&&(d.top.location.href=t.value))}},d.addEventListener("message",d.wp.receiveEmbedMessage,!1),l.addEventListener("DOMContentLoaded",function(){for(var e,t,s=l.querySelectorAll("iframe.wp-embedded-content"),r=0;r<s.length;r++)(t=(e=s[r]).getAttribute("data-secret"))||(t=Math.random().toString(36).substring(2,12),e.src+="#?secret="+t,e.setAttribute("data-secret",t)),e.contentWindow.postMessage({message:"ready",secret:t},"*")},!1)))}(window,document);
//# sourceURL=https://stuttgarti-katolikusok.de/wp-includes/js/wp-embed.min.js
/* ]]> */
</script>

Programelőzetes   Június 1-jén, csütörtökön 17.30 órától Ulmban rózsafüzér ájtatosság, előtte gyóntatás, utána szentmise. Annak befejeztével: Jézus Szíve tisztelete az Egyházban (előadás). * Június 2-án, pénteken, 16.00 órakor Stuttgartban Barátságklub. 17.50 órakor rózsafüzér ájtatosság. Utána szentmise, keretében Pénteki Egyetem (Beszélgetések a Katekizmusról). Majd Imakör – szentségimádás – kéréseink felajánlása az Oltáriszentségben jelenlévő Krisztusnak.             Weingarteni délután a Marien Kirche-ben. 18.30-kor rózsafüzér imádság, Jézus Szíve ájtatosság, 19.00 órakor szentmise, azt követően pedig előadás: Jézus Szíve tisztelete az Egyházban. * Június 3-án, szombaton, Balingenben 17.00 órakor szentmise. Előtte gyóntatás, utána ágápé. Keretében előadás (Jézus Szíve tisztelete az Egyházban). * Június 4-én, vasárnap Munderkingenben  9.00 órakor szentmise. Előtte gyóntatás. Schwäbisch-Gmündben 9.30 órakor szentmise – keretében Simó Levente elsőáldozása. Előtte gyóntatás, utána ágápé.             Stuttgartban Nemzeti Összetartozás Vasárnapja. 15.00 órakor szentmise. Vendégpapunk és díszvendégünk Ft. Istvánka Vincze attalai plébános, Csángóföld szülötte, aki a szentmisét és utána pedig népét mutatja be majd nekünk. A napot ágápéval zárjuk. Minden helyen mindenkit szeretettel vár a közösség, Imre atya és Tibor atya! „A boldogság mindig kicsi dolgokból tevődik össze. A boldogtalanság pedig legtöbbször a kicsi dolgok elhanyagolásából származik”. (Kínai közmondás)  Kegyelemteljes pünkösdi napokat, jó munkát, tartalmas beszélgetéseket és örömteli találkozásokat kívánunk minden Kedves Hívünknek!   &nbsp;
