{"version":"1.0","provider_name":"Stuttgarti Katolikusok","provider_url":"https:\/\/stuttgarti-katolikusok.de","title":"Programel\u0151zetes m\u00e1jus 2 \u00e9s 7 k\u00f6z\u00f6tt - Stuttgarti Katolikusok","type":"rich","width":600,"height":338,"html":"<blockquote class=\"wp-embedded-content\" data-secret=\"P6swViDKc2\"><a href=\"https:\/\/stuttgarti-katolikusok.de\/index.php\/programelozetes-majus-2-es-7-kozott\/\">Programel\u0151zetes m\u00e1jus 2 \u00e9s 7 k\u00f6z\u00f6tt<\/a><\/blockquote><iframe sandbox=\"allow-scripts\" security=\"restricted\" src=\"https:\/\/stuttgarti-katolikusok.de\/index.php\/programelozetes-majus-2-es-7-kozott\/embed\/#?secret=P6swViDKc2\" width=\"600\" height=\"338\" title=\"&#8220;Programel\u0151zetes m\u00e1jus 2 \u00e9s 7 k\u00f6z\u00f6tt&#8221; &#8212; Stuttgarti Katolikusok\" data-secret=\"P6swViDKc2\" frameborder=\"0\" marginwidth=\"0\" marginheight=\"0\" scrolling=\"no\" class=\"wp-embedded-content\"><\/iframe><script type=\"text\/javascript\">\n\/* <![CDATA[ *\/\n\/*! This file is auto-generated *\/\n!function(d,l){\"use strict\";l.querySelector&&d.addEventListener&&\"undefined\"!=typeof URL&&(d.wp=d.wp||{},d.wp.receiveEmbedMessage||(d.wp.receiveEmbedMessage=function(e){var t=e.data;if((t||t.secret||t.message||t.value)&&!\/[^a-zA-Z0-9]\/.test(t.secret)){for(var s,r,n,a=l.querySelectorAll('iframe[data-secret=\"'+t.secret+'\"]'),o=l.querySelectorAll('blockquote[data-secret=\"'+t.secret+'\"]'),c=new RegExp(\"^https?:$\",\"i\"),i=0;i<o.length;i++)o[i].style.display=\"none\";for(i=0;i<a.length;i++)s=a[i],e.source===s.contentWindow&&(s.removeAttribute(\"style\"),\"height\"===t.message?(1e3<(r=parseInt(t.value,10))?r=1e3:~~r<200&&(r=200),s.height=r):\"link\"===t.message&&(r=new URL(s.getAttribute(\"src\")),n=new URL(t.value),c.test(n.protocol))&&n.host===r.host&&l.activeElement===s&&(d.top.location.href=t.value))}},d.addEventListener(\"message\",d.wp.receiveEmbedMessage,!1),l.addEventListener(\"DOMContentLoaded\",function(){for(var e,t,s=l.querySelectorAll(\"iframe.wp-embedded-content\"),r=0;r<s.length;r++)(t=(e=s[r]).getAttribute(\"data-secret\"))||(t=Math.random().toString(36).substring(2,12),e.src+=\"#?secret=\"+t,e.setAttribute(\"data-secret\",t)),e.contentWindow.postMessage({message:\"ready\",secret:t},\"*\")},!1)))}(window,document);\n\/\/# sourceURL=https:\/\/stuttgarti-katolikusok.de\/wp-includes\/js\/wp-embed.min.js\n\/* ]]> *\/\n<\/script>\n","thumbnail_url":"https:\/\/stuttgarti-katolikusok.de\/wp-content\/uploads\/2017\/05\/anyaiszeretet-1.jpg","thumbnail_width":521,"thumbnail_height":520,"description":"Programel\u0151zetes \u00a0M\u00e1jus 4-\u00e9n, cs\u00fct\u00f6rt\u00f6k\u00f6n,17.30 \u00f3rakor, Ulmi d\u00e9lut\u00e1n. Szentmise el\u0151tt gy\u00f3ntat\u00e1s, szentmise ut\u00e1n M\u00e1riatisztelet az Egyh\u00e1zban \u2013 el\u0151ad\u00e1s. * M\u00e1jus 5-\u00e9n, p\u00e9nteken, Stuttgartban 16.00 \u00f3rakor Bar\u00e1ts\u00e1gklub.\u00a0 17.50 \u00f3rakor m\u00e1jusi \u00e1jtatoss\u00e1g, majd szentmise, keret\u00e9ben P\u00e9nteki Egyetem: Besz\u00e9lget\u00e9sek a Katekizmusr\u00f3l. Ut\u00e1na Imak\u00f6r: szents\u00e9gim\u00e1d\u00e1s. 19.00 \u00f3rakor Weingarteni d\u00e9lut\u00e1n a Marien Kirche-ben. 18.30-kor r\u00f3zsaf\u00fcz\u00e9r im\u00e1ds\u00e1g, m\u00e1jusi \u00e1jtatoss\u00e1g, 19.00 \u00f3rakor szentmise, azt k\u00f6vet\u0151en pedig el\u0151ad\u00e1s: M\u00e1riatisztelet az Egyh\u00e1zban. * M\u00e1jus 6-\u00e1n, szombaton, 17.00 \u00f3rakor Balingenben szentmise. Ut\u00e1na \u00e1g\u00e1p\u00e9. Any\u00e1k Napja! * M\u00e1jus 7-\u00e9n, vas\u00e1rnap, 9.00 \u00f3rakor Munderkingenben \u00a0szentmise. Any\u00e1k Napja! Schw\u00e4bisch-Gm\u00fcndben templomb\u00facs\u00fa: Boldog Gizella \u00fcnnepe. 9.30 \u00f3rakor szentmise, ut\u00e1na \u00e1g\u00e1p\u00e9. Any\u00e1k Napja! 15.00 \u00f3rakor Stuttgartban szentmise. Ut\u00e1na \u00e1g\u00e1p\u00e9. Ezalatt a \u00a0Kisk\u00f6nyvt\u00e1rban els\u0151\u00e1ldoz\u00f3k el\u0151k\u00e9sz\u00edt\u0151je. Any\u00e1k Napja! Minden helyen mindenkit szeretettel v\u00e1r a k\u00f6z\u00f6ss\u00e9g, Imre atya \u00e9s Tibor atya! * \u201e.Az anyai szeretet soha nem \u00f6regszik\u201d (Ismeretlen) Kegyelemteljes h\u00fasv\u00e9ti napokat, j\u00f3 munk\u00e1t, tartalmas besz\u00e9lget\u00e9seket \u00e9s \u00f6r\u00f6mteli tal\u00e1lkoz\u00e1sokat k\u00edv\u00e1nunk minden Kedves H\u00edv\u00fcnknek! \u00a0"}

Programelőzetes május 2 és 7 között - Stuttgarti Katolikusok

<blockquote class="wp-embedded-content" data-secret="P6swViDKc2"><a href="https://stuttgarti-katolikusok.de/index.php/programelozetes-majus-2-es-7-kozott/">Programelőzetes május 2 és 7 között</a></blockquote><iframe sandbox="allow-scripts" security="restricted" src="https://stuttgarti-katolikusok.de/index.php/programelozetes-majus-2-es-7-kozott/embed/#?secret=P6swViDKc2" width="600" height="338" title="&#8220;Programelőzetes május 2 és 7 között&#8221; &#8212; Stuttgarti Katolikusok" data-secret="P6swViDKc2" frameborder="0" marginwidth="0" marginheight="0" scrolling="no" class="wp-embedded-content"></iframe><script type="text/javascript">
/* <![CDATA[ */
/*! This file is auto-generated */
!function(d,l){"use strict";l.querySelector&&d.addEventListener&&"undefined"!=typeof URL&&(d.wp=d.wp||{},d.wp.receiveEmbedMessage||(d.wp.receiveEmbedMessage=function(e){var t=e.data;if((t||t.secret||t.message||t.value)&&!/[^a-zA-Z0-9]/.test(t.secret)){for(var s,r,n,a=l.querySelectorAll('iframe[data-secret="'+t.secret+'"]'),o=l.querySelectorAll('blockquote[data-secret="'+t.secret+'"]'),c=new RegExp("^https?:$","i"),i=0;i<o.length;i++)o[i].style.display="none";for(i=0;i<a.length;i++)s=a[i],e.source===s.contentWindow&&(s.removeAttribute("style"),"height"===t.message?(1e3<(r=parseInt(t.value,10))?r=1e3:~~r<200&&(r=200),s.height=r):"link"===t.message&&(r=new URL(s.getAttribute("src")),n=new URL(t.value),c.test(n.protocol))&&n.host===r.host&&l.activeElement===s&&(d.top.location.href=t.value))}},d.addEventListener("message",d.wp.receiveEmbedMessage,!1),l.addEventListener("DOMContentLoaded",function(){for(var e,t,s=l.querySelectorAll("iframe.wp-embedded-content"),r=0;r<s.length;r++)(t=(e=s[r]).getAttribute("data-secret"))||(t=Math.random().toString(36).substring(2,12),e.src+="#?secret="+t,e.setAttribute("data-secret",t)),e.contentWindow.postMessage({message:"ready",secret:t},"*")},!1)))}(window,document);
//# sourceURL=https://stuttgarti-katolikusok.de/wp-includes/js/wp-embed.min.js
/* ]]> */
</script>

Programelőzetes  Május 4-én, csütörtökön,17.30 órakor, Ulmi délután. Szentmise előtt gyóntatás, szentmise után Máriatisztelet az Egyházban – előadás. * Május 5-én, pénteken, Stuttgartban 16.00 órakor Barátságklub.  17.50 órakor májusi ájtatosság, majd szentmise, keretében Pénteki Egyetem: Beszélgetések a Katekizmusról. Utána Imakör: szentségimádás. 19.00 órakor Weingarteni délután a Marien Kirche-ben. 18.30-kor rózsafüzér imádság, májusi ájtatosság, 19.00 órakor szentmise, azt követően pedig előadás: Máriatisztelet az Egyházban. * Május 6-án, szombaton, 17.00 órakor Balingenben szentmise. Utána ágápé. Anyák Napja! * Május 7-én, vasárnap, 9.00 órakor Munderkingenben  szentmise. Anyák Napja! Schwäbisch-Gmündben templombúcsú: Boldog Gizella ünnepe. 9.30 órakor szentmise, utána ágápé. Anyák Napja! 15.00 órakor Stuttgartban szentmise. Utána ágápé. Ezalatt a  Kiskönyvtárban elsőáldozók előkészítője. Anyák Napja! Minden helyen mindenkit szeretettel vár a közösség, Imre atya és Tibor atya! * „.Az anyai szeretet soha nem öregszik” (Ismeretlen) Kegyelemteljes húsvéti napokat, jó munkát, tartalmas beszélgetéseket és örömteli találkozásokat kívánunk minden Kedves Hívünknek!
